70°F
Crown Heights Area, Poughkeepsie, NY, USA
UpdatedOct-24-2017 01:35 
 

NOAA-Style Climate Reports

Select a Year or Month report
2017: Jan Feb Mar Apr May Jun Jul Aug Sep Oct Nov Dec
2016: Jan Feb Mar Apr May Jun Jul Aug Sep Oct Nov Dec
2015: Jan Feb Mar Apr May Jun Jul Aug Sep Oct Nov Dec
2014: Jan Feb Mar Apr May Jun Jul Aug Sep Oct Nov Dec
2013: Jan Feb Mar Apr May Jun Jul Aug Sep Oct Nov Dec
2012: Jan Feb Mar Apr May Jun Jul Aug Sep Oct Nov Dec
2011: Jan Feb Mar Apr May Jun Jul Aug Sep Oct Nov Dec
2010: Jan Feb Mar Apr May Jun Jul Aug Sep Oct Nov Dec
2009: Jan Feb Mar Apr May Jun Jul Aug Sep Oct Nov Dec
2008: Jan Feb Mar Apr May Jun Jul Aug Sep Oct Nov Dec
2007: Jan Feb Mar Apr May Jun Jul Aug Sep Oct Nov Dec
2006: Jan Feb Mar Apr May Jun Jul Aug Sep Oct Nov Dec

Report for 2015 December
                   Monthly Climatological Summary for Dec 2015

Name: AR573   City: Poughkeepsie   State: New York
Elevation: 308 ft  Lat: N 41° 37' 04"   Lon: W 073° 55' 28"

                  Temperature (°F), Rain (in), Wind Speed (mph)

                                      Heat  Cool        Avg
    Mean                              Deg   Deg         Wind                 Dom
Day Temp  High   Time   Low    Time   Days  Days  Rain  Speed High   Time    Dir
----------------------------------------------------------------------------------
 1  38.4  41.8   17:39  34.4   00:00  21.6   0.0  0.27   1.3   7.2   18:45    NW
 2  44.0  48.8   23:48  39.9   00:05  16.0   0.0  0.56   0.2  13.2   16:46    SE
 3  44.0  49.1   13:23  39.1   20:44  16.0   0.0  0.00   1.6  20.4   15:14    SW
 4  42.0  50.5   12:41  31.5   07:23  18.0   0.0  0.00   0.9  16.8   13:48     W
 5  40.0  48.3   15:01  31.8   07:23  20.0   0.0  0.00   0.5   8.4   11:43   NNW
 6  32.7  40.1   15:33  26.5   06:02  27.3   0.0  0.00   0.1   4.8   16:20     N
 7  36.1  45.5   14:57  28.5   08:27  23.9   0.0  0.01   1.7  12.0   20:11   NNW
 8  37.8  42.6   14:00  33.3   23:57  22.2   0.0  0.00   2.2  15.6   03:36     N
 9  40.0  49.7   23:39  30.1   03:34  20.0   0.0  0.00   0.4  10.8   21:53    SE
10  50.9  58.5   12:24  45.8   23:16   9.1   0.0  0.00   0.3   9.6   09:19    SW
11  50.3  58.8   12:55  43.0   06:04   9.6   0.0  0.00   0.2   7.2   13:05     S
12  54.4  60.4   11:49  47.1   07:31   5.6   0.0  0.00   0.1   6.0   05:18   SSE
13  51.4  55.5   03:13  49.2   09:01   8.6   0.0  0.00   2.1  12.0   08:30   NNW
14  54.2  59.5   23:59  49.3   07:36   5.8   0.0  0.23   0.5   7.2   19:37    SE
15  54.3  60.3   00:28  46.8   23:58   5.7   0.0  0.05   2.7  24.0   12:04   WSW
16  44.8  50.3   12:54  40.7   03:27  15.3   0.0  0.00   1.9  13.2   06:42   NNE
17  47.8  51.2   14:19  42.3   00:00  12.2   0.0  0.80   0.4   7.2   15:55    NW
18  42.5  50.4   03:08  32.3   23:54  17.5   0.0  0.01   2.1  14.4   04:08     N
19  33.6  37.6   11:23  30.6   07:27  26.4   0.0  0.00   2.9  28.8   09:48    SW
20  34.3  40.7   12:47  29.7   07:33  25.7   0.0  0.00   0.9  13.2   01:06    SW
21  39.7  48.4   23:52  30.5   05:39  20.3   0.0  0.00   0.1   7.2   11:31   SSE
22  50.3  54.2   14:24  45.9   06:51   9.7   0.0  0.26   0.0   8.4   15:11     S
23  50.0  56.8   23:43  45.9   07:26  10.0   0.0  1.05   0.5   9.6   17:05   ENE
24  60.1  69.2   14:17  52.6   23:49   2.1   0.0  0.02   0.6  16.8   14:01    SW
25  52.0  57.3   13:00  43.8   08:08   8.0   0.0  0.00   1.2  20.4   23:38     N
26  47.0  52.9   00:00  43.2   08:09  13.0   0.0  0.00   2.8  19.2   02:27   NNE
27  47.6  55.1   16:33  39.4   23:59  12.4   0.0  0.21   1.1  19.2   17:55     N
28  32.7  39.4   00:00  28.0   23:50  27.3   0.0  0.00   4.7  19.2   09:09   NNE
29  30.8  34.2   20:18  26.0   02:53  29.2   0.0  0.06   2.2  13.2   01:19     N
30  35.9  38.6   23:11  33.6   00:39  24.1   0.0  0.69   0.3   7.2   20:23   ESE
31  39.3  44.3   13:50  36.4   06:16  20.7   0.0  0.06   0.5  13.2   20:08   WSW
----------------------------------------------------------------------------------
    43.8  69.2    24    26.0    29   503.3   0.0  4.28   1.2  28.8    19     NNW

Max >=  80.0:  0
Max <=  32.0:  0
Min <=  32.0: 10
Min <=   0.0:  0
Max Rain: 1.05 on day 23
Days of Rain: 14 (>= 0.01 in)  8 (>= 0.10 in)  1 (>= 1.00 in)
Heat Base: 60.0  Cool Base: 80.0  Method: Integration