27°F
Crown Heights Area, Poughkeepsie, NY, USA
UpdatedDec-16-2017 23:16 
 

NOAA-Style Climate Reports

Select a Year or Month report
2017: Jan Feb Mar Apr May Jun Jul Aug Sep Oct Nov Dec
2016: Jan Feb Mar Apr May Jun Jul Aug Sep Oct Nov Dec
2015: Jan Feb Mar Apr May Jun Jul Aug Sep Oct Nov Dec
2014: Jan Feb Mar Apr May Jun Jul Aug Sep Oct Nov Dec
2013: Jan Feb Mar Apr May Jun Jul Aug Sep Oct Nov Dec
2012: Jan Feb Mar Apr May Jun Jul Aug Sep Oct Nov Dec
2011: Jan Feb Mar Apr May Jun Jul Aug Sep Oct Nov Dec
2010: Jan Feb Mar Apr May Jun Jul Aug Sep Oct Nov Dec
2009: Jan Feb Mar Apr May Jun Jul Aug Sep Oct Nov Dec
2008: Jan Feb Mar Apr May Jun Jul Aug Sep Oct Nov Dec
2007: Jan Feb Mar Apr May Jun Jul Aug Sep Oct Nov Dec
2006: Jan Feb Mar Apr May Jun Jul Aug Sep Oct Nov Dec

Report for 2016 January
                   Monthly Climatological Summary for Jan 2016

Name: AR573   City: Poughkeepsie   State: New York
Elevation: 308 ft  Lat: N 41° 37' 04"   Lon: W 073° 55' 28"

                  Temperature (°F), Rain (in), Wind Speed (mph)

                                      Heat  Cool        Avg
    Mean                              Deg   Deg         Wind                 Dom
Day Temp  High   Time   Low    Time   Days  Days  Rain  Speed High   Time    Dir
----------------------------------------------------------------------------------
 1  35.8  38.4   10:43  31.5   23:22  24.2   0.0  0.00   1.6  15.6   14:12    SW
 2  32.2  37.7   11:53  27.5   06:26  27.8   0.0  0.00   1.7  18.0   09:08    SW
 3  34.9  40.9   14:09  28.9   00:20  25.1   0.0  0.00   1.3  15.6   13:55    SW
 4  20.8  35.2   00:00   7.5   23:55  39.2   0.0  0.00   7.6  27.6   16:15     N
 5  12.9  21.2   15:47   6.1   06:12  47.1   0.0  0.00   4.1  24.0   01:50     N
 6  23.7  39.5   14:18   7.7   04:54  36.3   0.0  0.00   0.2   8.4   11:09   SSE
 7  28.2  37.7   14:19  19.9   07:55  31.8   0.0  0.00   0.3  10.8   00:46   NNW
 8  30.7  40.1   15:06  18.2   07:20  29.3   0.0  0.00   0.8   8.4   03:08     N
 9  38.7  42.5   12:48  35.9   06:03  21.3   0.0  0.00   1.1   9.6   12:45   NNW
10  47.3  58.8   15:09  38.8   23:52  12.7   0.0  0.94   3.7  29.9   15:39    SE
11  29.4  38.8   00:00  20.1   23:58  30.6   0.0  0.00   2.9  25.2   09:31    SW
12  27.0  36.7   15:10  17.8   06:21  33.0   0.0  0.00   1.1  34.7   23:17     S
13  23.1  28.5   14:09  19.4   23:57  36.9   0.0  0.00   3.4  24.0   02:52    SW
14  25.3  31.5   18:26  17.5   06:09  34.7   0.0  0.00   0.7  12.0   05:16   SSW
15  37.3  44.3   14:11  28.6   02:33  22.7   0.0  0.02   0.4   7.2   19:07    SE
16  40.6  47.3   14:08  36.6   06:25  19.4   0.0  0.38   1.9  16.8   16:51     W
17  31.0  38.8   00:00  25.8   23:04  29.0   0.0  0.00   1.3  14.4   10:51     N
18  22.8  27.8   02:02  17.4   23:54  37.2   0.0  0.00   3.5  27.6   14:13   WSW
19  22.1  27.1   21:54  16.0   07:19  37.9   0.0  0.00   4.0  26.4   14:28   WSW
20  28.8  36.7   12:43  22.8   07:10  31.2   0.0  0.00   1.5  16.8   00:52   NNW
21  26.3  34.2   12:31  20.4   07:04  33.7   0.0  0.00   2.3  19.2   14:55   NNW
22  22.5  27.1   12:54  15.1   07:09  37.4   0.0  0.00   4.2  22.8   10:41     N
23  24.1  25.8   12:55  21.9   09:56  35.9   0.0  0.00   9.1  28.8   23:52     N
24  23.9  32.3   15:39  14.2   07:15  36.1   0.0  0.00   3.9  29.9   00:35     N
25  29.9  38.1   13:02  20.4   07:30  30.1   0.0  0.00   0.3   6.0   00:12   WNW
26  36.3  44.3   14:55  27.0   05:11  23.7   0.0  0.00   0.3   9.6   18:20     S
27  38.6  44.9   11:30  29.0   23:59  21.4   0.0  0.00   1.5  20.4   15:22   WSW
28  32.6  42.9   13:44  23.1   05:32  27.4   0.0  0.00   0.5  14.4   13:22   SSE
29  31.9  36.8   16:17  25.8   23:57  28.1   0.0  0.00   0.7  13.2   18:35   WSW
30  30.7  41.2   15:13  20.3   06:54  29.3   0.0  0.00   0.5  10.8   15:14   SSE
31  42.8  58.8   13:42  30.4   02:59  17.2   0.0  0.00   0.4   8.4   09:37   SSE
----------------------------------------------------------------------------------
    30.1  58.8    10     6.1     5   927.7   0.0  1.34   2.2  34.7    12      NW

Max >=  80.0:  0
Max <=  32.0:  7
Min <=  32.0: 28
Min <=   0.0:  0
Max Rain: 0.94 on day 10
Days of Rain: 3 (>= 0.01 in)  2 (>= 0.10 in)  0 (>= 1.00 in)
Heat Base: 60.0  Cool Base: 80.0  Method: Integration