70°F
Crown Heights Area, Poughkeepsie, NY, USA
UpdatedOct-24-2017 01:39 
 

NOAA-Style Climate Reports

Select a Year or Month report
2017: Jan Feb Mar Apr May Jun Jul Aug Sep Oct Nov Dec
2016: Jan Feb Mar Apr May Jun Jul Aug Sep Oct Nov Dec
2015: Jan Feb Mar Apr May Jun Jul Aug Sep Oct Nov Dec
2014: Jan Feb Mar Apr May Jun Jul Aug Sep Oct Nov Dec
2013: Jan Feb Mar Apr May Jun Jul Aug Sep Oct Nov Dec
2012: Jan Feb Mar Apr May Jun Jul Aug Sep Oct Nov Dec
2011: Jan Feb Mar Apr May Jun Jul Aug Sep Oct Nov Dec
2010: Jan Feb Mar Apr May Jun Jul Aug Sep Oct Nov Dec
2009: Jan Feb Mar Apr May Jun Jul Aug Sep Oct Nov Dec
2008: Jan Feb Mar Apr May Jun Jul Aug Sep Oct Nov Dec
2007: Jan Feb Mar Apr May Jun Jul Aug Sep Oct Nov Dec
2006: Jan Feb Mar Apr May Jun Jul Aug Sep Oct Nov Dec

Report for 2016 February
                   Monthly Climatological Summary for Feb 2016

Name: AR573   City: Poughkeepsie   State: New York
Elevation: 308 ft  Lat: N 41° 37' 04"   Lon: W 073° 55' 28"

                  Temperature (°F), Rain (in), Wind Speed (mph)

                                      Heat  Cool        Avg
    Mean                              Deg   Deg         Wind                 Dom
Day Temp  High   Time   Low    Time   Days  Days  Rain  Speed High   Time    Dir
----------------------------------------------------------------------------------
 1  46.4  57.3   12:10  38.2   23:54  13.6   0.0  0.00   1.4  18.0   12:13   NNW
 2  38.0  48.3   15:25  26.8   06:02  22.0   0.0  0.00   0.5   7.2   10:52   NNE
 3  47.3  60.0   18:35  34.2   00:00  12.6   0.0  0.77   1.6  20.4   17:40    SE
 4  47.7  56.4   03:03  39.2   23:44  12.3   0.0  0.02   2.1  15.6   06:59     N
 5  34.6  40.4   14:07  28.7   21:57  25.4   0.0  0.00   5.2  35.9   06:20     N
 6  32.1  42.9   13:40  23.3   04:37  27.9   0.0  0.00   0.6  15.6   14:09   SSE
 7  36.1  47.1   15:22  24.4   07:32  23.9   0.0  0.00   0.8   7.2   23:40    NE
 8  30.4  34.3   07:05  24.1   23:38  29.6   0.0  0.00   4.4  19.2   07:49   NNE
 9  26.4  32.1   14:01  19.7   06:54  33.6   0.0  0.05   0.3   8.4   11:25    NE
10  32.3  39.4   12:31  28.2   01:30  27.7   0.0  0.06   1.0  16.8   14:54    SW
11  20.4  29.9   00:00  12.9   23:54  39.7   0.0  0.00   4.0  32.3   12:35   WSW
12  18.2  26.9   13:37   9.9   06:40  41.8   0.0  0.00   1.3  14.4   15:56   SSW
13  11.4  19.0   09:04  -1.6   23:57  48.2   0.0  0.00   3.6  29.9   17:30     W
14   2.5  13.5   15:42  -9.4   07:28  57.5   0.0  0.00   2.7  13.2   02:16   NNW
15  10.4  23.7   23:44   0.6   03:09  49.6   0.0  0.00   1.2   9.6   21:06    NW
16  41.2  54.9   14:53  23.7   00:00  18.7   0.0  1.11   3.0  28.8   12:54    SE
17  33.7  35.9   13:55  29.9   22:42  26.3   0.0  0.00   0.7   9.6   14:55   WSW
18  27.4  31.6   01:04  21.4   23:56  32.6   0.0  0.00   4.0  19.2   12:57     N
19  27.3  38.0   14:57  15.1   05:39  32.7   0.0  0.00   1.7  14.4   19:49   ESE
20  48.5  60.6   15:30  35.9   00:00  11.5   0.0  0.00   1.7  26.4   12:11     S
21  46.8  54.1   15:29  39.1   23:54  13.2   0.0  0.00   2.2  15.6   11:30   NNW
22  38.1  46.1   14:51  29.5   23:56  21.9   0.0  0.00   2.5  16.8   19:25     N
23  29.4  36.7   13:36  24.1   07:07  30.6   0.0  0.00   2.8  13.2   13:43     N
24  39.3  61.5   22:32  31.8   00:00  20.8   0.0  2.33   2.8  32.3   23:09   WNW
25  48.3  59.0   09:14  35.6   23:55  11.7   0.0  0.18   3.0  22.8   13:39     S
26  30.0  35.9   12:41  21.9   23:29  30.0   0.0  0.00   3.5  25.2   12:13   WSW
27  31.1  40.7   15:25  20.1   06:33  28.9   0.0  0.00   1.3  15.6   13:23   SSW
28  46.7  61.5   15:31  33.9   05:23  13.4   0.0  0.00   1.6  16.8   13:04   SSW
29  47.5  55.2   14:24  41.0   04:47  12.5   0.0  0.08   1.5  28.8   14:39    SW
----------------------------------------------------------------------------------
    33.4  61.5    24    -9.4    14   770.2   0.0  4.60   2.2  35.9     5      NW

Max >=  80.0:  0
Max <=  32.0:  6
Min <=  32.0: 21
Min <=   0.0:  2
Max Rain: 2.33 on day 24
Days of Rain: 8 (>= 0.01 in)  4 (>= 0.10 in)  2 (>= 1.00 in)
Heat Base: 60.0  Cool Base: 80.0  Method: Integration