27°F
Crown Heights Area, Poughkeepsie, NY, USA
UpdatedDec-16-2017 23:18 
 

NOAA-Style Climate Reports

Select a Year or Month report
2017: Jan Feb Mar Apr May Jun Jul Aug Sep Oct Nov Dec
2016: Jan Feb Mar Apr May Jun Jul Aug Sep Oct Nov Dec
2015: Jan Feb Mar Apr May Jun Jul Aug Sep Oct Nov Dec
2014: Jan Feb Mar Apr May Jun Jul Aug Sep Oct Nov Dec
2013: Jan Feb Mar Apr May Jun Jul Aug Sep Oct Nov Dec
2012: Jan Feb Mar Apr May Jun Jul Aug Sep Oct Nov Dec
2011: Jan Feb Mar Apr May Jun Jul Aug Sep Oct Nov Dec
2010: Jan Feb Mar Apr May Jun Jul Aug Sep Oct Nov Dec
2009: Jan Feb Mar Apr May Jun Jul Aug Sep Oct Nov Dec
2008: Jan Feb Mar Apr May Jun Jul Aug Sep Oct Nov Dec
2007: Jan Feb Mar Apr May Jun Jul Aug Sep Oct Nov Dec
2006: Jan Feb Mar Apr May Jun Jul Aug Sep Oct Nov Dec

Report for 2016 April
                   Monthly Climatological Summary for Apr 2016

Name: AR573   City: Poughkeepsie   State: New York
Elevation: 308 ft  Lat: N 41° 37' 04"   Lon: W 073° 55' 28"

                  Temperature (°F), Rain (in), Wind Speed (mph)

                                      Heat  Cool        Avg
    Mean                              Deg   Deg         Wind                 Dom
Day Temp  High   Time   Low    Time   Days  Days  Rain  Speed High   Time    Dir
----------------------------------------------------------------------------------
 1  66.9  77.4   14:14  53.4   23:58   0.5   0.0  0.00   2.3  27.6   21:06     S
 2  48.4  57.3   15:37  39.8   23:57  11.6   0.0  0.24   1.2  19.2   23:46    NE
 3  32.8  39.8   00:00  29.5   09:00  27.2   0.0  0.09   3.1  29.9   12:02    NW
 4  27.3  29.9   00:00  23.3   23:55  32.5   0.0  0.00   2.2  18.0   21:08   NNE
 5  28.0  37.2   16:46  19.4   06:22  32.0   0.0  0.01   4.9  24.0   09:53     N
 6  35.3  46.0   15:08  21.6   06:05  24.7   0.0  0.00   2.4  21.6   15:18    SE
 7  50.8  62.2   11:51  42.5   00:00   9.3   0.0  0.21   3.0  25.2   15:43    SE
 8  41.9  47.7   00:42  33.5   23:59  18.1   0.0  0.00   2.6  25.2   14:42    SW
 9  37.3  44.0   15:59  27.5   05:41  22.7   0.0  0.00   3.2  25.2   21:42     N
10  39.6  50.1   16:50  29.1   05:22  20.4   0.0  0.00   2.2  19.2   00:13    NW
11  46.9  55.9   14:35  40.2   07:46  13.1   0.0  0.12   1.1  13.2   10:41   SSE
12  49.2  56.1   15:18  41.1   23:56  10.8   0.0  0.43   2.0  20.4   19:04   NNW
13  44.4  54.7   17:18  30.9   06:21  15.6   0.0  0.00   2.9  18.0   10:42     N
14  48.2  58.6   16:27  36.6   06:23  11.8   0.0  0.00   3.6  14.4   04:22     N
15  50.6  62.7   17:48  36.4   06:15   9.7   0.0  0.00   2.7  14.4   14:55     N
16  54.4  65.1   16:31  42.3   06:12   6.5   0.0  0.00   2.9  16.8   16:07     N
17  58.2  75.1   17:33  39.7   06:16   6.2   0.0  0.00   0.8  10.8   13:14     N
18  64.2  78.4   16:28  47.2   06:20   2.9   0.0  0.00   1.1  10.8   14:12   NNW
19  59.2  65.7   16:34  51.7   23:59   1.6   0.0  0.00   4.7  26.4   10:56     N
20  54.1  62.5   17:32  46.6   03:34   6.2   0.0  0.00   3.9  21.6   11:45   NNE
21  60.8  76.7   15:17  41.0   05:36   5.3   0.0  0.00   0.9  14.4   11:30     S
22  68.5  81.2   13:22  59.2   06:41   0.0   0.0  0.12   0.9  13.2   13:27   SSW
23  59.2  63.0   00:00  50.7   23:59   1.5   0.0  0.04   4.8  22.8   15:09     N
24  52.6  62.9   16:36  41.8   06:05   7.7   0.0  0.00   3.1  16.8   00:34   NNE
25  56.5  67.5   16:32  49.5   06:56   4.7   0.0  0.00   1.4  10.8   20:08     N
26  46.5  53.1   00:00  42.5   23:55  13.5   0.0  0.41   2.0  14.4   18:41   NNW
27  51.0  63.2   17:34  39.7   06:36   9.3   0.0  0.00   1.4  12.0   09:03     N
28  50.2  59.5   14:42  40.7   05:30   9.8   0.0  0.01   1.1  13.2   08:25     N
29  50.0  57.9   15:45  42.4   23:59  10.0   0.0  0.35   0.9  12.0   10:50   ESE
30  52.6  63.7   14:21  42.4   00:00   8.0   0.0  0.02  ----  10.8   13:56     W
----------------------------------------------------------------------------------
    49.5  81.2    22    19.4     5   353.2   0.0  2.05   2.4  29.9     3       N

Max >=  80.0:  1
Max <=  32.0:  1
Min <=  32.0:  7
Min <=   0.0:  0
Max Rain: 0.43 on day 12
Days of Rain: 12 (>= 0.01 in)  7 (>= 0.10 in)  0 (>= 1.00 in)
Heat Base: 60.0  Cool Base: 80.0  Method: Integration