78°F
Crown Heights Area, Poughkeepsie, NY, USA
UpdatedOct-21-2017 15:13 
 

NOAA-Style Climate Reports

Select a Year or Month report
2017: Jan Feb Mar Apr May Jun Jul Aug Sep Oct Nov Dec
2016: Jan Feb Mar Apr May Jun Jul Aug Sep Oct Nov Dec
2015: Jan Feb Mar Apr May Jun Jul Aug Sep Oct Nov Dec
2014: Jan Feb Mar Apr May Jun Jul Aug Sep Oct Nov Dec
2013: Jan Feb Mar Apr May Jun Jul Aug Sep Oct Nov Dec
2012: Jan Feb Mar Apr May Jun Jul Aug Sep Oct Nov Dec
2011: Jan Feb Mar Apr May Jun Jul Aug Sep Oct Nov Dec
2010: Jan Feb Mar Apr May Jun Jul Aug Sep Oct Nov Dec
2009: Jan Feb Mar Apr May Jun Jul Aug Sep Oct Nov Dec
2008: Jan Feb Mar Apr May Jun Jul Aug Sep Oct Nov Dec
2007: Jan Feb Mar Apr May Jun Jul Aug Sep Oct Nov Dec
2006: Jan Feb Mar Apr May Jun Jul Aug Sep Oct Nov Dec

Report for 2016 July
                   Monthly Climatological Summary for Jul 2016

Name: AR573   City: Poughkeepsie   State: New York
Elevation: 308 ft  Lat: N 41° 37' 04"   Lon: W 073° 55' 28"

                  Temperature (°F), Rain (in), Wind Speed (mph)

                                      Heat  Cool        Avg
    Mean                              Deg   Deg         Wind                 Dom
Day Temp  High   Time   Low    Time   Days  Days  Rain  Speed High   Time    Dir
----------------------------------------------------------------------------------
 1  70.3  81.2   10:29  62.8   05:34   0.0   0.0  1.92   0.4  29.9   15:40     E
 2  69.0  77.4   16:58  58.8   06:01   0.0   0.0  0.24   0.6  15.6   18:07    NW
 3  70.3  81.4   12:43  56.4   05:43   0.3   0.1  0.00   0.6  13.2   15:33    SW
 4  74.2  86.3   15:43  60.5   04:51   0.0   1.3  0.01   0.5   9.6   15:59   SSW
 5  75.9  87.9   17:04  67.3   03:27   0.0   1.6  0.16   0.2   7.2   12:52   WSW
 6  81.1  92.1   16:43  67.4   05:32   0.0   4.2  0.00   0.4  12.0   14:04   WSW
 7  76.8  89.6   10:53  69.8   05:35   0.0   1.1  0.16   0.2  13.2   14:21   SSE
 8  75.6  87.5   13:04  67.8   23:58   0.0   1.1  0.08   0.7  12.0   18:13     E
 9  66.3  69.9   13:49  64.1   07:15   0.0   0.0  0.12   0.5   8.4   00:27   ESE
10  71.1  80.8   13:43  64.1   02:33   0.0   0.0  0.00   0.4  10.8   10:31    NW
11  69.0  77.2   15:07  60.9   05:37   0.0   0.0  0.00   0.5  10.8   09:55   NNE
12  72.1  88.0   15:08  56.9   05:26   0.4   1.1  0.00   0.4  10.8   13:58     S
13  76.6  89.0   14:57  65.7   06:03   0.0   1.8  0.00   0.6  18.0   15:19    SE
14  77.9  88.1   15:32  71.8   04:26   0.0   1.1  0.06   0.3  13.2   16:01     S
15  81.8  91.1   13:18  72.9   03:28   0.0   3.7  0.00   0.3  15.6   13:41    SW
16  79.0  91.6   14:33  67.5   06:11   0.0   2.6  0.00   0.2   7.2   13:36   WSW
17  78.3  89.6   15:26  68.1   06:26   0.0   2.3  0.00   0.5  12.0   17:11   WSW
18  75.8  93.0   13:07  65.9   05:08   0.0   2.1  0.73   0.5  16.8   14:39    SW
19  73.1  82.3   15:56  62.5   05:48   0.0   0.1  0.01   0.7  14.4   15:15    NW
20  70.6  83.5   16:40  54.9   05:29   0.6   0.4  0.00   0.2   7.2   12:21     W
21  75.8  90.4   15:27  58.9   05:08   0.1   2.8  0.00   0.4  12.0   16:24    SW
22  82.5  95.8   14:38  70.4   05:39   0.0   5.4  0.12   1.0  18.0   21:35    SW
23  82.8  93.8   16:21  72.4   06:06   0.0   4.7  0.00   1.1  16.8   16:32    SW
24  79.1  92.5   15:17  63.9   05:58   0.0   3.4  0.00   0.3   7.2   14:13   NNW
25  77.5  95.5   13:39  69.3   23:55   0.0   2.5  0.45   0.4  16.8   14:08   SSW
26  78.2  89.1   14:35  67.8   05:09   0.0   2.5  0.01   0.7  14.4   10:59   WSW
27  78.1  90.0   15:13  63.1   05:58   0.0   2.9  0.00   0.3   8.4   18:38   WSW
28  78.4  93.4   15:12  64.5   05:15   0.0   3.7  0.01   0.3  14.4   19:08    SW
29  77.2  89.0   16:01  67.8   07:36   0.0   1.6  0.23   0.4   9.6   13:39     N
30  73.4  84.2   13:22  66.9   06:20   0.0   0.4  0.16   0.4   7.2   07:54   NNE
31  68.8  72.9   14:52  65.8   23:57   0.0   0.0  2.70   0.3   6.0   07:15   NNW
----------------------------------------------------------------------------------
    75.4  95.8    22    54.9    20     1.4  54.5  7.17   0.5  29.9     1      SW

Max >=  80.0: 27
Max <=  32.0:  0
Min <=  32.0:  0
Min <=   0.0:  0
Max Rain: 2.70 on day 31
Days of Rain: 17 (>= 0.01 in)  11 (>= 0.10 in)  2 (>= 1.00 in)
Heat Base: 60.0  Cool Base: 80.0  Method: Integration