78°F
Crown Heights Area, Poughkeepsie, NY, USA
UpdatedOct-21-2017 15:12 
 

NOAA-Style Climate Reports

Select a Year or Month report
2017: Jan Feb Mar Apr May Jun Jul Aug Sep Oct Nov Dec
2016: Jan Feb Mar Apr May Jun Jul Aug Sep Oct Nov Dec
2015: Jan Feb Mar Apr May Jun Jul Aug Sep Oct Nov Dec
2014: Jan Feb Mar Apr May Jun Jul Aug Sep Oct Nov Dec
2013: Jan Feb Mar Apr May Jun Jul Aug Sep Oct Nov Dec
2012: Jan Feb Mar Apr May Jun Jul Aug Sep Oct Nov Dec
2011: Jan Feb Mar Apr May Jun Jul Aug Sep Oct Nov Dec
2010: Jan Feb Mar Apr May Jun Jul Aug Sep Oct Nov Dec
2009: Jan Feb Mar Apr May Jun Jul Aug Sep Oct Nov Dec
2008: Jan Feb Mar Apr May Jun Jul Aug Sep Oct Nov Dec
2007: Jan Feb Mar Apr May Jun Jul Aug Sep Oct Nov Dec
2006: Jan Feb Mar Apr May Jun Jul Aug Sep Oct Nov Dec

Report for 2016 August
                   Monthly Climatological Summary for Aug 2016

Name: AR573   City: Poughkeepsie   State: New York
Elevation: 308 ft  Lat: N 41° 37' 04"   Lon: W 073° 55' 28"

                  Temperature (°F), Rain (in), Wind Speed (mph)

                                      Heat  Cool        Avg
    Mean                              Deg   Deg         Wind                 Dom
Day Temp  High   Time   Low    Time   Days  Days  Rain  Speed High   Time    Dir
----------------------------------------------------------------------------------
 1  70.6  78.1   15:38  65.5   01:41   0.0   0.0  0.03   0.0   4.8   06:45   ---
 2  68.9  75.9   15:19  62.8   06:48   0.0   0.0  0.69   0.4   9.6   12:09     E
 3  69.6  83.4   15:53  58.0   05:52   0.2   0.2  0.00   0.1   8.4   12:50   ESE
 4  72.3  84.6   16:52  58.3   06:06   0.1   0.8  0.00   0.3   7.2   10:59    SW
 5  74.5  86.5   14:30  62.2   05:56   0.0   1.2  0.00   0.7  10.8   14:35    SW
 6  78.4  90.4   16:34  69.6   05:36   0.0   2.5  0.00   0.5  10.8   12:44   WSW
 7  75.8  87.5   15:04  61.0   06:02   0.0   1.7  0.00   0.4  12.0   11:50    SW
 8  74.4  85.8   15:23  60.5   05:46   0.0   1.3  0.00   0.2   7.2   15:43     W
 9  74.2  87.6   16:26  58.4   05:43   0.1   1.7  0.00   0.3   9.6   14:18    SW
10  77.2  85.6   16:12  71.4   01:19   0.0   0.9  0.51   0.1   8.4   17:49    SW
11  80.4  92.5   14:47  73.1   22:52   0.0   3.0  0.11   0.2   7.2   09:35   WSW
12  81.5  93.4   14:11  70.8   03:40   0.0   4.4  0.02   0.5  10.8   14:17    SW
13  83.7  96.4   14:40  72.3   06:18   0.0   6.0  0.09   0.3   8.4   14:17    SW
14  80.2  93.0   15:26  72.8   05:57   0.0   3.3  0.57   0.6  14.4   17:10    SW
15  79.2  89.4   16:16  71.7   06:02   0.0   2.4  0.01   0.2   6.0   12:12    NW
16  77.9  87.3   16:14  70.3   05:45   0.0   1.5  0.01   0.3  15.6   20:12   SSE
17  77.5  84.9   13:33  69.8   23:53   0.0   0.7  0.00   0.8  14.4   07:54   WSW
18  76.2  87.0   15:50  67.7   06:21   0.0   1.4  0.08   0.3   8.4   13:02    SW
19  76.0  86.8   15:27  67.7   05:08   0.0   1.3  0.00   0.4   8.4   09:57   NNE
20  75.1  88.1   15:10  62.7   06:05   0.0   1.3  0.00   0.4  10.8   14:06   ESE
21  75.7  86.3   14:06  70.0   22:08   0.0   0.9  1.00   0.5  15.6   14:38   ESE
22  69.4  77.4   13:57  60.1   23:42   0.0   0.0  0.01   0.7  14.4   09:21     N
23  67.3  80.3   16:26  50.9   06:16   1.8   0.0  0.00   0.2   8.4   13:55    SW
24  72.6  85.9   16:59  57.5   06:47   0.2   1.3  0.00   0.2   8.4   14:18   SSE
25  73.9  86.4   13:55  63.3   06:06   0.0   0.6  0.01   0.4  10.8   14:20     S
26  79.3  90.0   16:21  70.5   05:56   0.0   3.0  0.00   0.5   9.6   14:54    NW
27  76.2  88.5   16:16  63.4   05:50   0.0   2.0  0.00   0.2   8.4   14:57   WSW
28  76.4  87.9   15:40  63.6   06:51   0.0   1.9  0.00   0.3  10.8   15:26    SE
29  77.3  87.5   14:57  67.3   23:50   0.0   1.9  0.00   0.6  13.2   17:51     N
30  72.2  84.0   15:56  58.8   06:20   0.0   0.6  0.00   0.4   9.6   16:41     W
31  72.0  81.7   14:32  63.8   05:21   0.0   0.1  0.00   0.1   7.2   14:08     W
----------------------------------------------------------------------------------
    75.4  96.4    13    50.9    23     2.4  47.9  3.14   0.4  15.6    16      SW

Max >=  80.0: 28
Max <=  32.0:  0
Min <=  32.0:  0
Min <=   0.0:  0
Max Rain: 1.00 on day 21
Days of Rain: 13 (>= 0.01 in)  5 (>= 0.10 in)  1 (>= 1.00 in)
Heat Base: 60.0  Cool Base: 80.0  Method: Integration