27°F
Crown Heights Area, Poughkeepsie, NY, USA
UpdatedDec-16-2017 23:15 
 

NOAA-Style Climate Reports

Select a Year or Month report
2017: Jan Feb Mar Apr May Jun Jul Aug Sep Oct Nov Dec
2016: Jan Feb Mar Apr May Jun Jul Aug Sep Oct Nov Dec
2015: Jan Feb Mar Apr May Jun Jul Aug Sep Oct Nov Dec
2014: Jan Feb Mar Apr May Jun Jul Aug Sep Oct Nov Dec
2013: Jan Feb Mar Apr May Jun Jul Aug Sep Oct Nov Dec
2012: Jan Feb Mar Apr May Jun Jul Aug Sep Oct Nov Dec
2011: Jan Feb Mar Apr May Jun Jul Aug Sep Oct Nov Dec
2010: Jan Feb Mar Apr May Jun Jul Aug Sep Oct Nov Dec
2009: Jan Feb Mar Apr May Jun Jul Aug Sep Oct Nov Dec
2008: Jan Feb Mar Apr May Jun Jul Aug Sep Oct Nov Dec
2007: Jan Feb Mar Apr May Jun Jul Aug Sep Oct Nov Dec
2006: Jan Feb Mar Apr May Jun Jul Aug Sep Oct Nov Dec

Report for 2016 November
                   Monthly Climatological Summary for Nov 2016

Name: AR573   City: Poughkeepsie   State: New York
Elevation: 308 ft  Lat: N 41° 37' 04"   Lon: W 073° 55' 28"

                  Temperature (°F), Rain (in), Wind Speed (mph)

                                      Heat  Cool        Avg
    Mean                              Deg   Deg         Wind                 Dom
Day Temp  High   Time   Low    Time   Days  Days  Rain  Speed High   Time    Dir
----------------------------------------------------------------------------------
 1  44.1  57.5   14:43  28.0   07:21  15.9   0.0  0.00   0.4  10.8   15:08    SE
 2  59.0  71.2   15:48  47.8   07:16   3.6   0.0  0.00   0.5  14.4   09:28   SSW
 3  58.7  70.3   15:37  52.6   06:33   3.0   0.0  0.01   1.2  21.6   17:31    NW
 4  50.8  57.5   13:48  41.2   23:46   9.2   0.0  0.00   1.2  12.0   02:46     N
 5  48.3  61.0   14:11  35.3   02:10  11.7   0.0  0.00   0.9  15.6   14:16   WSW
 6  47.9  53.5   08:44  39.9   23:53  12.6   0.0  0.00   2.7  21.6   13:32     N
 7  42.4  52.1   15:00  33.1   06:33  17.6   0.0  0.00   1.2  13.2   12:03   NNW
 8  45.3  63.0   14:50  28.9   05:57  14.8   0.0  0.00   0.1   4.8   10:49   ENE
 9  44.9  48.6   14:49  41.3   23:57  15.1   0.0  0.05   1.1  15.6   19:39     N
10  45.3  54.5   13:41  33.6   06:22  14.7   0.0  0.00   1.3  18.0   23:33   WNW
11  47.9  59.9   10:21  37.7   23:56  12.1   0.0  0.00   3.8  24.0   12:22    NW
12  40.3  49.7   15:04  31.5   04:04  19.7   0.0  0.00   1.0  15.6   23:44   WNW
13  48.1  60.4   14:46  36.6   05:48  11.9   0.0  0.00   1.4  18.0   12:39    SW
14  50.8  61.0   14:05  39.8   06:54   9.2   0.0  0.00   0.5  18.0   02:41   SSW
15  43.2  50.2   00:10  37.7   10:05  16.8   0.0  2.00   2.8  20.4   14:01     N
16  49.7  59.7   13:54  40.3   23:49  10.3   0.0  0.03   0.7  12.0   12:14    SW
17  47.4  58.7   13:56  36.4   06:48  12.6   0.0  0.00   1.9  18.0   14:58     N
18  47.1  58.1   15:11  39.6   07:09  12.9   0.0  0.00   2.0  13.2   09:08   NNW
19  48.0  63.5   12:47  33.9   07:13  12.4   0.0  0.04   0.7   8.4   13:03   SSW
20  35.2  44.1   00:00  32.5   03:23  24.8   0.0  1.03   3.1  29.9   17:54    SW
21  33.3  35.7   12:13  30.9   08:06  26.7   0.0  0.00   4.4  29.9   01:44    SW
22  34.8  39.9   14:02  31.2   20:25  25.2   0.0  0.01   2.3  21.6   03:14   WSW
23  34.5  41.6   13:51  28.9   05:40  25.5   0.0  0.00   1.7  10.8   13:47     N
24  35.7  40.0   12:01  32.0   06:53  24.3   0.0  0.17   0.7   7.2   14:55   NNW
25  42.4  47.4   12:56  36.8   01:27  17.5   0.0  0.00   0.0   6.0   10:39   SSW
26  40.9  46.8   14:00  36.2   22:53  19.1   0.0  0.05   0.5   9.6   14:40   NNW
27  38.2  46.7   13:17  31.4   06:23  21.8   0.0  0.01   0.6  13.2   13:12     W
28  38.0  48.9   13:55  27.2   06:33  22.0   0.0  0.00   0.2   7.2   13:30   ESE
29  50.5  55.7   20:54  41.3   00:00   9.5   0.0  1.28   0.5  10.8   12:39    SE
30  49.9  53.2   00:00  47.3   23:34  10.1   0.0  0.90   0.8  12.0   20:59    NE
----------------------------------------------------------------------------------
    44.8  71.2     2    27.2    28   462.6   0.0  5.58   1.3  29.9    20     WNW

Max >=  80.0:  0
Max <=  32.0:  0
Min <=  32.0:  9
Min <=   0.0:  0
Max Rain: 2.00 on day 15
Days of Rain: 12 (>= 0.01 in)  5 (>= 0.10 in)  3 (>= 1.00 in)
Heat Base: 60.0  Cool Base: 80.0  Method: Integration