70°F
Crown Heights Area, Poughkeepsie, NY, USA
UpdatedOct-24-2017 01:35 
 

NOAA-Style Climate Reports

Select a Year or Month report
2017: Jan Feb Mar Apr May Jun Jul Aug Sep Oct Nov Dec
2016: Jan Feb Mar Apr May Jun Jul Aug Sep Oct Nov Dec
2015: Jan Feb Mar Apr May Jun Jul Aug Sep Oct Nov Dec
2014: Jan Feb Mar Apr May Jun Jul Aug Sep Oct Nov Dec
2013: Jan Feb Mar Apr May Jun Jul Aug Sep Oct Nov Dec
2012: Jan Feb Mar Apr May Jun Jul Aug Sep Oct Nov Dec
2011: Jan Feb Mar Apr May Jun Jul Aug Sep Oct Nov Dec
2010: Jan Feb Mar Apr May Jun Jul Aug Sep Oct Nov Dec
2009: Jan Feb Mar Apr May Jun Jul Aug Sep Oct Nov Dec
2008: Jan Feb Mar Apr May Jun Jul Aug Sep Oct Nov Dec
2007: Jan Feb Mar Apr May Jun Jul Aug Sep Oct Nov Dec
2006: Jan Feb Mar Apr May Jun Jul Aug Sep Oct Nov Dec

Report for 2017 July
                   Monthly Climatological Summary for Jul 2017

Name: AR573   City: Poughkeepsie   State: New York
Elevation: 308 ft  Lat: N 41 37 04   Lon: W 073 55 27

                  Temperature (°F), Rain (in), Wind Speed (mph)

                                      Heat  Cool        Avg
    Mean                              Deg   Deg         Wind                 Dom
Day Temp  High   Time   Low    Time   Days  Days  Rain  Speed High   Time    Dir
----------------------------------------------------------------------------------
01  75.6  85.9   12:47  68.3   04:49   0.0   0.7  0.01   0.4  10.8   15:30    SE
02  77.7  88.9   16:40  67.9   06:21   0.0   2.4  0.07   0.6  16.8   13:42   WSW
03  75.5  86.1   16:07  65.0   05:31   0.0   1.3  0.00   0.6  12.0   14:41    SW
04  74.0  84.7   16:41  62.2   04:26   0.0   0.8  0.00   0.3   9.6   13:14    SW
05  73.5  86.1   16:01  60.1   04:58   0.0   1.1  0.00   0.2   7.2   10:11   ESE
06  71.1  81.7   14:04  64.1   05:14   0.0   0.1  0.00   0.2   9.6   11:21   ESE
07  69.6  81.3   16:35  63.1   08:42   0.0   0.1  0.64   0.1   6.0   14:43   WSW
08  72.5  85.8   14:41  65.6   23:30   0.0   0.8  0.07   0.5  18.0   17:00    SW
09  71.4  81.9   16:11  57.9   05:48   0.1   0.1  0.00   0.3   9.6   15:22    SW
10  73.0  84.4   14:43  59.2   04:41   0.1   0.8  0.00   0.2  10.8   11:39    SW
11  74.4  82.7   13:08  67.3   03:54   0.0   0.2  0.41   0.3   8.4   11:59   WSW
12  76.7  89.0   14:19  69.3   03:15   0.0   2.0  0.51   0.6  12.0   17:23   WSW
13  76.2  87.5   11:55  67.9   23:58   0.0   1.4  0.26   0.3  15.6   15:41   SSW
14  64.4  67.9   00:00  61.5   06:33   0.0   0.0  0.33   0.5   9.6   03:17     E
15  72.6  83.5   13:29  63.6   03:33   0.0   0.4  0.05   0.4  14.4   11:52    SW
16  74.6  86.6   15:10  61.9   05:38   0.0   1.4  0.00   0.1   8.4   13:35   WSW
17  76.7  87.3   12:13  66.6   06:13   0.0   1.7  0.00   0.2  10.8   20:44   ESE
18  79.0  90.3   16:27  68.7   06:07   0.0   2.8  0.00   0.4   9.6   14:21     W
19  81.2  91.8   15:34  70.7   05:55   0.0   3.8  0.00   0.7  12.0   13:43    SW
20  78.4  93.0   15:43  66.4   05:35   0.0   3.7  0.09   0.4  13.2   15:26    SW
21  79.2  90.6   16:09  68.1   05:27   0.0   2.9  0.00   0.5  16.8   16:51    SW
22  76.1  86.3   14:03  67.0   06:29   0.0   1.0  0.00   0.1   6.0   12:53     W
23  73.2  81.0   14:48  68.5   06:45   0.0   0.0  0.00   0.4   8.4   11:10   ENE
24  63.6  69.7   00:03  59.1   10:05   0.0   0.0  1.33   0.8  15.6   10:00     E
25  62.0  66.2   12:41  56.8   05:33   0.7   0.0  0.00   0.1   6.0   00:59     E
26  68.0  79.4   14:41  56.4   06:11   0.3   0.0  0.00   0.2   9.6   13:06    SW
27  68.7  76.5   18:14  61.8   05:11   0.0   0.0  0.00   0.2   7.2   02:47   WSW
28  72.8  82.7   14:07  66.0   03:27   0.0   0.2  0.00   0.4   7.2   16:26   ENE
29  68.0  76.5   15:54  62.3   07:31   0.0   0.0  0.00   1.8  18.0   18:51   NNE
30  68.6  81.4   15:40  54.7   04:50   0.8   0.1  0.00   0.5  10.8   16:35     N
----------------------------------------------------------------------------------
    72.9  93.0    20    54.7    30     2.0  29.8  3.77   0.4  18.0     8      SW

Max >=  80.0 24
Max <=  32.0  0
Min <=  32.0  0
Min <=   0.0  0
Max Rain: 1.33 on day 24
Days of Rain: 11 (>= 0.01 in)  6 (>= 0.10 in)  1 (>= 1.00 in)
Heat Base: 60.0  Cool Base: 80.0  Method: Integration