27°F
Crown Heights Area, Poughkeepsie, NY, USA
UpdatedJan-18-2018 04:50 
 

NOAA-Style Climate Reports

Select a Year or Month report
2018: Jan Feb Mar Apr May Jun Jul Aug Sep Oct Nov Dec
2017: Jan Feb Mar Apr May Jun Jul Aug Sep Oct Nov Dec
2016: Jan Feb Mar Apr May Jun Jul Aug Sep Oct Nov Dec
2015: Jan Feb Mar Apr May Jun Jul Aug Sep Oct Nov Dec
2014: Jan Feb Mar Apr May Jun Jul Aug Sep Oct Nov Dec
2013: Jan Feb Mar Apr May Jun Jul Aug Sep Oct Nov Dec
2012: Jan Feb Mar Apr May Jun Jul Aug Sep Oct Nov Dec
2011: Jan Feb Mar Apr May Jun Jul Aug Sep Oct Nov Dec
2010: Jan Feb Mar Apr May Jun Jul Aug Sep Oct Nov Dec
2009: Jan Feb Mar Apr May Jun Jul Aug Sep Oct Nov Dec
2008: Jan Feb Mar Apr May Jun Jul Aug Sep Oct Nov Dec
2007: Jan Feb Mar Apr May Jun Jul Aug Sep Oct Nov Dec
2006: Jan Feb Mar Apr May Jun Jul Aug Sep Oct Nov Dec

Report for 2017 November
                   Monthly Climatological Summary for Nov 2017

Name: AR573   City: Poughkeepsie   State: New York
Elevation: 308 ft  Lat: N 41 37 04   Lon: W 073 55 27

                  Temperature (°F), Rain (in), Wind Speed (mph)

                                      Heat  Cool        Avg
    Mean                              Deg   Deg         Wind                 Dom
Day Temp  High   Time   Low    Time   Days  Days  Rain  Speed High   Time    Dir
----------------------------------------------------------------------------------
01  41.2  48.3   23:42  35.6   09:10  18.8   0.0  0.00   0.0   6.0   20:21   WNW
02  59.1  70.4   16:12  47.5   01:10   4.3   0.0  0.00   0.2  10.8   16:27   SSE
03  61.9  71.2   14:41  47.0   23:58   1.9   0.0  0.00   1.1  20.4   19:10   NNW
04  46.8  54.7   13:52  40.0   08:24  13.2   0.0  0.00   0.5   8.4   00:16     N
05  51.2  57.3   23:57  44.1   00:09   8.8   0.0  0.02   0.3   7.2   11:29   ESE
06  56.3  65.0   13:22  42.6   23:51   4.5   0.0  0.09   0.7  15.6   19:55     N
07  40.7  45.5   09:48  34.5   22:09  19.3   0.0  0.09   1.6  12.0   09:38   NNE
08  38.3  47.0   14:46  30.3   23:57  21.7   0.0  0.00   1.3  12.0   09:04   NNE
09  41.0  52.0   14:47  28.9   07:32  19.0   0.0  0.03   0.4   9.6   14:03   SSE
10  33.1  46.9   00:00  21.1   22:51  26.9   0.0  0.00   2.7  25.2   10:56   NNW
11  25.4  33.1   15:05  18.4   02:22  34.6   0.0  0.00   1.1  15.6   10:33     N
12  32.9  45.0   14:56  21.7   02:11  25.7   0.0  0.00   0.2   8.4   12:12   SSW
13  35.4  40.5   15:57  31.3   00:26  24.6   0.0  0.03   0.6   7.2   13:50   NNW
14  36.7  41.8   13:45  32.7   02:48  23.3   0.0  0.00   0.9   7.2   11:33   NNW
15  39.6  47.9   12:56  32.9   07:44  20.4   0.0  0.00   0.5   8.4   11:50   ESE
16  45.9  55.9   12:21  41.4   23:34  14.1   0.0  0.03   1.6  26.4   14:19    SW
17  40.3  47.1   12:38  30.4   23:55  19.7   0.0  0.00   2.2  18.0   00:42   WSW
18  36.2  44.7   23:59  26.1   07:56  23.8   0.0  0.22   0.1   7.2   14:01    SE
19  42.5  53.6   08:10  34.8   23:56  16.3   0.0  0.01   2.6  38.3   12:52    SW
20  37.7  43.3   13:54  34.1   02:09  22.3   0.0  0.00   2.2  25.2   11:23    SW
21  44.8  56.8   13:50  35.8   02:11  15.2   0.0  0.00   0.6  15.6   10:39   SSE
22  41.5  45.7   14:38  33.3   23:28  18.5   0.0  0.03   1.6  20.4   19:23   NNW
23  34.2  41.4   14:49  29.2   07:46  25.8   0.0  0.00   0.5   9.6   00:39   NNW
24  38.6  50.2   14:57  30.2   00:33  21.4   0.0  0.00   0.3  10.8   13:02   SSW
25  45.0  57.2   12:50  35.1   07:33  15.0   0.0  0.00   0.3  13.2   12:17     S
26  41.8  47.5   12:43  32.8   22:01  17.3   0.0  0.00   1.7  19.2   15:19   WSW
27  38.2  47.9   11:42  29.2   23:54  21.8   0.0  0.00   1.7  19.2   10:51    SW
28  36.8  46.1   14:59  26.8   07:58  23.2   0.0  0.00   1.1  12.0   13:32     N
29  46.8  61.0   12:46  35.7   23:50  13.2   0.0  0.00   1.7  18.0   13:29    NW
30  38.5  46.5   14:03  28.1   08:00  21.5   0.0  0.11   0.9  12.0   14:43    NE
----------------------------------------------------------------------------------
    41.6  71.2     3    18.4    11   556.1   0.0  0.66   1.0  38.3    19     WNW

Max >=  80.0  0
Max <=  32.0  0
Min <=  32.0 13
Min <=   0.0  0
Max Rain: 0.22 on day 18
Days of Rain: 10 (>= 0.01 in)  2 (>= 0.10 in)  0 (>= 1.00 in)
Heat Base: 60.0  Cool Base: 80.0  Method: Integration