NOAA-Style Climate Reports
Select a Year or Month report
2024: Jan Feb Mar Apr May Jun Jul Aug Sep Oct Nov Dec
2023: Jan Feb Mar Apr May Jun Jul Aug Sep Oct Nov Dec
2022: Jan Feb Mar Apr May Jun Jul Aug Sep Oct Nov Dec
2021: Jan Feb Mar Apr May Jun Jul Aug Sep Oct Nov Dec
2020: Jan Feb Mar Apr May Jun Jul Aug Sep Oct Nov Dec
2019: Jan Feb Mar Apr May Jun Jul Aug Sep Oct Nov Dec
2018: Jan Feb Mar Apr May Jun Jul Aug Sep Oct Nov Dec
2017: Jan Feb Mar Apr May Jun Jul Aug Sep Oct Nov Dec
2016: Jan Feb Mar Apr May Jun Jul Aug Sep Oct Nov Dec
2015: Jan Feb Mar Apr May Jun Jul Aug Sep Oct Nov Dec
2014: Jan Feb Mar Apr May Jun Jul Aug Sep Oct Nov Dec
2013: Jan Feb Mar Apr May Jun Jul Aug Sep Oct Nov Dec
2012: Jan Feb Mar Apr May Jun Jul Aug Sep Oct Nov Dec
2011: Jan Feb Mar Apr May Jun Jul Aug Sep Oct Nov Dec
2010: Jan Feb Mar Apr May Jun Jul Aug Sep Oct Nov Dec
2009: Jan Feb Mar Apr May Jun Jul Aug Sep Oct Nov Dec
2008: Jan Feb Mar Apr May Jun Jul Aug Sep Oct Nov Dec
2007: Jan Feb Mar Apr May Jun Jul Aug Sep Oct Nov Dec
2006: Jan Feb Mar Apr May Jun Jul Aug Sep Oct Nov Dec
2024: Jan Feb Mar Apr May Jun Jul Aug Sep Oct Nov Dec
2023: Jan Feb Mar Apr May Jun Jul Aug Sep Oct Nov Dec
2022: Jan Feb Mar Apr May Jun Jul Aug Sep Oct Nov Dec
2021: Jan Feb Mar Apr May Jun Jul Aug Sep Oct Nov Dec
2020: Jan Feb Mar Apr May Jun Jul Aug Sep Oct Nov Dec
2019: Jan Feb Mar Apr May Jun Jul Aug Sep Oct Nov Dec
2018: Jan Feb Mar Apr May Jun Jul Aug Sep Oct Nov Dec
2017: Jan Feb Mar Apr May Jun Jul Aug Sep Oct Nov Dec
2016: Jan Feb Mar Apr May Jun Jul Aug Sep Oct Nov Dec
2015: Jan Feb Mar Apr May Jun Jul Aug Sep Oct Nov Dec
2014: Jan Feb Mar Apr May Jun Jul Aug Sep Oct Nov Dec
2013: Jan Feb Mar Apr May Jun Jul Aug Sep Oct Nov Dec
2012: Jan Feb Mar Apr May Jun Jul Aug Sep Oct Nov Dec
2011: Jan Feb Mar Apr May Jun Jul Aug Sep Oct Nov Dec
2010: Jan Feb Mar Apr May Jun Jul Aug Sep Oct Nov Dec
2009: Jan Feb Mar Apr May Jun Jul Aug Sep Oct Nov Dec
2008: Jan Feb Mar Apr May Jun Jul Aug Sep Oct Nov Dec
2007: Jan Feb Mar Apr May Jun Jul Aug Sep Oct Nov Dec
2006: Jan Feb Mar Apr May Jun Jul Aug Sep Oct Nov Dec
Report for 2018 May
Monthly Climatological Summary for May 2018 Name: AR573 City: Poughkeepsie State: New York Elevation: 308 ft Lat: N 41 37 04 Lon: W 073 55 27 Temperature (°F), Rain (in), Wind Speed (mph) Heat Cool Avg Mean Deg Deg Wind Dom Day Temp High Time Low Time Days Days Rain Speed High Time Dir ---------------------------------------------------------------------------------- 01 60.7 78.3 18:08 40.9 01:58 6.1 0.0 0.00 0.8 10.8 16:25 WNW 02 75.9 90.1 15:51 60.5 06:03 0.0 2.5 0.00 1.7 20.4 15:38 SSW 03 76.2 90.9 13:12 66.8 23:02 0.0 2.4 0.28 1.1 19.2 13:30 SSW 04 73.3 83.9 15:16 65.9 04:02 0.0 0.3 0.03 1.6 27.6 23:36 SSW 05 66.6 76.6 17:31 56.1 06:24 0.4 0.0 0.00 1.2 20.4 00:19 WSW 06 58.2 64.5 00:16 53.1 23:25 2.0 0.0 0.05 1.6 14.4 16:15 NNW 07 59.3 69.5 16:52 49.3 04:02 3.5 0.0 0.01 1.4 18.0 13:17 NNW 08 62.9 76.4 15:30 47.9 06:02 2.7 0.0 0.00 0.8 12.0 14:00 WSW 09 65.6 82.1 15:35 48.4 05:55 2.4 0.1 0.00 0.7 12.0 13:49 SSE 10 61.3 71.8 16:56 48.7 05:42 2.5 0.0 0.53 0.7 13.2 16:00 S 11 60.6 69.9 15:42 52.6 06:55 2.0 0.0 0.01 0.8 13.2 08:49 NNW 12 49.5 54.6 00:00 46.8 23:02 10.5 0.0 0.23 0.3 7.2 03:02 NNW 13 50.7 54.9 14:50 46.5 00:28 9.2 0.0 0.11 0.2 7.2 07:09 N 14 61.4 75.8 17:16 49.8 04:20 3.5 0.0 0.00 0.3 9.6 15:32 S 15 67.6 89.9 15:00 57.6 23:44 0.4 1.3 0.99 0.7 26.4 16:24 SSW 16 58.9 65.5 12:28 55.0 06:30 2.1 0.0 0.04 0.3 9.6 18:40 ESE 17 62.9 74.6 16:48 55.3 05:09 1.5 0.0 0.11 0.0 7.2 13:50 SW 18 62.2 72.0 13:59 52.2 23:58 1.3 0.0 0.00 1.3 13.2 03:41 NNE 19 51.4 55.1 17:32 45.6 09:43 8.6 0.0 0.74 0.1 7.2 08:19 N 20 66.3 78.4 16:53 54.2 00:00 1.4 0.0 0.04 0.9 15.6 15:06 SW 21 66.4 79.3 16:28 52.7 06:00 1.1 0.0 0.00 0.4 10.8 11:28 NW 22 59.6 64.9 12:21 55.6 05:59 1.5 0.0 0.09 0.0 6.0 09:22 SSW 23 68.0 82.5 16:55 56.6 05:08 0.9 0.2 0.10 0.5 18.0 11:13 NNW 24 70.6 83.6 16:22 55.4 05:29 0.4 0.5 0.00 0.4 12.0 11:22 NNW 25 73.5 89.1 15:13 55.4 04:15 0.7 2.1 0.00 0.8 13.2 14:37 SW 26 79.1 90.2 13:31 67.7 05:19 0.0 3.0 0.00 0.6 14.4 12:40 SW 27 63.2 74.0 00:08 53.9 23:45 0.9 0.0 0.07 0.9 10.8 05:06 E 28 61.5 71.8 17:36 52.3 03:57 2.6 0.0 0.00 0.2 9.6 22:57 SW 29 77.6 91.0 16:28 65.8 05:13 0.0 2.8 0.00 0.3 8.4 02:32 WNW 30 72.5 84.1 15:14 61.2 23:52 0.0 0.5 0.00 0.6 12.0 12:45 SSE 31 67.1 73.8 12:04 59.7 00:33 0.0 0.0 0.01 0.1 6.0 11:29 SW ---------------------------------------------------------------------------------- 64.9 91.0 29 40.9 1 68.2 15.7 3.44 0.7 27.6 4 WSW Max >= 80.0 11 Max <= 32.0 0 Min <= 32.0 0 Min <= 0.0 0 Max Rain: 0.99 on day 15 Days of Rain: 17 (>= 0.01 in) 8 (>= 0.10 in) 0 (>= 1.00 in) Heat Base: 60.0 Cool Base: 80.0 Method: Integration