NOAA-Style Climate Reports
Select a Year or Month report
2024: Jan Feb Mar Apr May Jun Jul Aug Sep Oct Nov Dec
2023: Jan Feb Mar Apr May Jun Jul Aug Sep Oct Nov Dec
2022: Jan Feb Mar Apr May Jun Jul Aug Sep Oct Nov Dec
2021: Jan Feb Mar Apr May Jun Jul Aug Sep Oct Nov Dec
2020: Jan Feb Mar Apr May Jun Jul Aug Sep Oct Nov Dec
2019: Jan Feb Mar Apr May Jun Jul Aug Sep Oct Nov Dec
2018: Jan Feb Mar Apr May Jun Jul Aug Sep Oct Nov Dec
2017: Jan Feb Mar Apr May Jun Jul Aug Sep Oct Nov Dec
2016: Jan Feb Mar Apr May Jun Jul Aug Sep Oct Nov Dec
2015: Jan Feb Mar Apr May Jun Jul Aug Sep Oct Nov Dec
2014: Jan Feb Mar Apr May Jun Jul Aug Sep Oct Nov Dec
2013: Jan Feb Mar Apr May Jun Jul Aug Sep Oct Nov Dec
2012: Jan Feb Mar Apr May Jun Jul Aug Sep Oct Nov Dec
2011: Jan Feb Mar Apr May Jun Jul Aug Sep Oct Nov Dec
2010: Jan Feb Mar Apr May Jun Jul Aug Sep Oct Nov Dec
2009: Jan Feb Mar Apr May Jun Jul Aug Sep Oct Nov Dec
2008: Jan Feb Mar Apr May Jun Jul Aug Sep Oct Nov Dec
2007: Jan Feb Mar Apr May Jun Jul Aug Sep Oct Nov Dec
2006: Jan Feb Mar Apr May Jun Jul Aug Sep Oct Nov Dec
2024: Jan Feb Mar Apr May Jun Jul Aug Sep Oct Nov Dec
2023: Jan Feb Mar Apr May Jun Jul Aug Sep Oct Nov Dec
2022: Jan Feb Mar Apr May Jun Jul Aug Sep Oct Nov Dec
2021: Jan Feb Mar Apr May Jun Jul Aug Sep Oct Nov Dec
2020: Jan Feb Mar Apr May Jun Jul Aug Sep Oct Nov Dec
2019: Jan Feb Mar Apr May Jun Jul Aug Sep Oct Nov Dec
2018: Jan Feb Mar Apr May Jun Jul Aug Sep Oct Nov Dec
2017: Jan Feb Mar Apr May Jun Jul Aug Sep Oct Nov Dec
2016: Jan Feb Mar Apr May Jun Jul Aug Sep Oct Nov Dec
2015: Jan Feb Mar Apr May Jun Jul Aug Sep Oct Nov Dec
2014: Jan Feb Mar Apr May Jun Jul Aug Sep Oct Nov Dec
2013: Jan Feb Mar Apr May Jun Jul Aug Sep Oct Nov Dec
2012: Jan Feb Mar Apr May Jun Jul Aug Sep Oct Nov Dec
2011: Jan Feb Mar Apr May Jun Jul Aug Sep Oct Nov Dec
2010: Jan Feb Mar Apr May Jun Jul Aug Sep Oct Nov Dec
2009: Jan Feb Mar Apr May Jun Jul Aug Sep Oct Nov Dec
2008: Jan Feb Mar Apr May Jun Jul Aug Sep Oct Nov Dec
2007: Jan Feb Mar Apr May Jun Jul Aug Sep Oct Nov Dec
2006: Jan Feb Mar Apr May Jun Jul Aug Sep Oct Nov Dec
Report for 2019 July
Monthly Climatological Summary for Jul 2019 Name: AR573 City: Poughkeepsie State: New York Elevation: 308 ft Lat: N 41 37 04 Lon: W 073 55 27 Temperature (°F), Rain (in), Wind Speed (mph) Heat Cool Avg Mean Deg Deg Wind Dom Day Temp High Time Low Time Days Days Rain Speed High Time Dir ---------------------------------------------------------------------------------- 01 72.9 87.7 16:34 58.9 06:16 0.1 1.4 0.00 0.2 10.8 09:19 W 02 73.9 84.8 15:43 63.1 05:20 0.0 0.4 0.00 0.1 12.0 17:09 SW 03 78.4 90.6 14:50 66.5 05:14 0.0 2.8 0.00 0.2 7.2 12:34 SW 04 79.4 94.1 15:25 65.2 05:30 0.0 4.0 0.00 0.2 6.0 11:53 SW 05 76.8 89.2 13:32 64.2 05:31 0.0 2.0 0.00 0.1 6.0 16:27 E 06 78.7 92.2 13:32 71.7 23:46 0.0 2.6 0.44 0.3 14.4 14:15 WSW 07 75.5 86.3 15:08 66.2 06:24 0.0 1.1 0.00 0.1 10.8 15:56 NW 08 71.7 83.3 14:59 62.6 06:12 0.0 0.4 0.00 0.1 7.2 13:13 SW 09 75.7 90.1 16:36 64.3 05:02 0.0 2.0 0.00 0.1 8.4 00:21 SW 10 76.0 91.1 14:06 59.9 05:30 0.0 2.8 0.00 0.0 4.8 14:07 WSW 11 76.7 87.6 12:55 71.2 20:15 0.0 1.1 0.04 0.3 9.6 11:30 SE 12 76.7 88.1 14:48 69.8 23:12 0.0 1.2 0.00 0.4 12.0 15:16 SW 13 76.1 88.0 16:07 62.6 05:06 0.0 1.8 0.00 0.2 10.8 15:21 SW 14 79.0 89.6 15:32 70.0 05:15 0.0 2.9 0.00 0.5 13.2 12:15 SW 15 76.2 90.3 16:10 62.1 05:33 0.0 2.3 0.00 0.2 7.2 07:27 SW 16 77.6 93.1 15:38 59.9 06:11 0.0 3.9 0.03 0.4 12.0 12:53 SW 17 79.1 95.4 15:03 72.8 23:45 0.0 2.7 0.50 0.2 15.6 15:30 SW 18 72.4 75.1 14:19 68.6 23:50 0.0 0.0 0.31 0.0 8.4 15:48 E 19 80.4 94.3 16:48 67.5 05:13 0.0 4.6 0.00 0.3 9.6 14:29 WSW 20 85.3 95.6 15:55 76.4 05:23 0.0 6.1 0.00 0.5 13.2 20:16 SW 21 84.3 96.5 17:02 73.7 05:22 0.0 5.6 0.00 0.7 15.6 15:15 SW 22 72.5 84.0 12:28 64.6 23:46 0.0 0.3 1.54 0.3 14.4 13:41 NNE 23 68.1 76.8 16:44 63.4 07:02 0.0 0.0 0.16 0.1 9.6 11:55 N 24 72.8 84.1 17:13 62.5 05:46 0.0 0.7 0.00 0.2 8.4 13:29 NNW 25 72.3 86.3 15:00 57.8 05:02 0.2 1.2 0.00 0.2 8.4 12:45 SW 26 74.9 90.1 16:38 60.2 05:15 0.0 2.2 0.00 0.1 7.2 14:42 WSW 27 76.7 90.7 14:30 63.8 05:14 0.0 2.7 0.00 0.1 8.4 16:22 SW 28 79.0 91.1 16:07 65.4 05:01 0.0 3.4 0.00 0.3 9.6 11:58 SW 29 78.5 92.8 14:25 68.3 06:37 0.0 3.1 0.00 0.3 14.4 14:51 SW 30 81.8 96.3 13:30 68.5 05:36 0.0 5.2 0.00 0.2 12.0 16:56 SW 31 73.7 86.1 11:24 67.2 23:56 0.0 0.4 0.03 0.1 9.6 12:37 WNW ---------------------------------------------------------------------------------- 76.6 96.5 21 57.8 25 0.3 70.9 3.05 0.2 15.6 17 SW Max >= 80.0 29 Max <= 32.0 0 Min <= 32.0 0 Min <= 0.0 0 Max Rain: 1.54 on day 22 Days of Rain: 8 (>= 0.01 in) 5 (>= 0.10 in) 1 (>= 1.00 in) Heat Base: 60.0 Cool Base: 80.0 Method: Integration