NOAA-Style Climate Reports
Select a Year or Month report
2024: Jan Feb Mar Apr May Jun Jul Aug Sep Oct Nov Dec
2023: Jan Feb Mar Apr May Jun Jul Aug Sep Oct Nov Dec
2022: Jan Feb Mar Apr May Jun Jul Aug Sep Oct Nov Dec
2021: Jan Feb Mar Apr May Jun Jul Aug Sep Oct Nov Dec
2020: Jan Feb Mar Apr May Jun Jul Aug Sep Oct Nov Dec
2019: Jan Feb Mar Apr May Jun Jul Aug Sep Oct Nov Dec
2018: Jan Feb Mar Apr May Jun Jul Aug Sep Oct Nov Dec
2017: Jan Feb Mar Apr May Jun Jul Aug Sep Oct Nov Dec
2016: Jan Feb Mar Apr May Jun Jul Aug Sep Oct Nov Dec
2015: Jan Feb Mar Apr May Jun Jul Aug Sep Oct Nov Dec
2014: Jan Feb Mar Apr May Jun Jul Aug Sep Oct Nov Dec
2013: Jan Feb Mar Apr May Jun Jul Aug Sep Oct Nov Dec
2012: Jan Feb Mar Apr May Jun Jul Aug Sep Oct Nov Dec
2011: Jan Feb Mar Apr May Jun Jul Aug Sep Oct Nov Dec
2010: Jan Feb Mar Apr May Jun Jul Aug Sep Oct Nov Dec
2009: Jan Feb Mar Apr May Jun Jul Aug Sep Oct Nov Dec
2008: Jan Feb Mar Apr May Jun Jul Aug Sep Oct Nov Dec
2007: Jan Feb Mar Apr May Jun Jul Aug Sep Oct Nov Dec
2006: Jan Feb Mar Apr May Jun Jul Aug Sep Oct Nov Dec
2024: Jan Feb Mar Apr May Jun Jul Aug Sep Oct Nov Dec
2023: Jan Feb Mar Apr May Jun Jul Aug Sep Oct Nov Dec
2022: Jan Feb Mar Apr May Jun Jul Aug Sep Oct Nov Dec
2021: Jan Feb Mar Apr May Jun Jul Aug Sep Oct Nov Dec
2020: Jan Feb Mar Apr May Jun Jul Aug Sep Oct Nov Dec
2019: Jan Feb Mar Apr May Jun Jul Aug Sep Oct Nov Dec
2018: Jan Feb Mar Apr May Jun Jul Aug Sep Oct Nov Dec
2017: Jan Feb Mar Apr May Jun Jul Aug Sep Oct Nov Dec
2016: Jan Feb Mar Apr May Jun Jul Aug Sep Oct Nov Dec
2015: Jan Feb Mar Apr May Jun Jul Aug Sep Oct Nov Dec
2014: Jan Feb Mar Apr May Jun Jul Aug Sep Oct Nov Dec
2013: Jan Feb Mar Apr May Jun Jul Aug Sep Oct Nov Dec
2012: Jan Feb Mar Apr May Jun Jul Aug Sep Oct Nov Dec
2011: Jan Feb Mar Apr May Jun Jul Aug Sep Oct Nov Dec
2010: Jan Feb Mar Apr May Jun Jul Aug Sep Oct Nov Dec
2009: Jan Feb Mar Apr May Jun Jul Aug Sep Oct Nov Dec
2008: Jan Feb Mar Apr May Jun Jul Aug Sep Oct Nov Dec
2007: Jan Feb Mar Apr May Jun Jul Aug Sep Oct Nov Dec
2006: Jan Feb Mar Apr May Jun Jul Aug Sep Oct Nov Dec
Report for 2019 December
Monthly Climatological Summary for Dec 2019 Name: AR573 City: Poughkeepsie State: New York Elevation: 308 ft Lat: N 41 37 04 Lon: W 073 55 27 Temperature (°F), Rain (in), Wind Speed (mph) Heat Cool Avg Mean Deg Deg Wind Dom Day Temp High Time Low Time Days Days Rain Speed High Time Dir ---------------------------------------------------------------------------------- 01 23.2 27.4 23:54 19.2 08:13 36.8 0.0 0.00 3.9 18.0 21:42 N 02 28.9 31.3 12:09 27.0 00:54 31.1 0.0 0.00 6.9 20.4 22:34 N 03 29.4 36.4 14:29 25.6 07:53 30.6 0.0 0.02 3.5 20.4 00:11 NNW 04 31.6 36.6 12:58 26.1 02:09 28.4 0.0 0.05 0.6 12.0 08:48 WNW 05 34.5 40.3 11:27 31.2 02:14 25.5 0.0 0.14 1.6 24.0 13:08 SW 06 35.1 40.8 15:25 29.4 02:21 24.9 0.0 0.13 1.5 18.0 19:39 SW 07 29.1 36.3 14:35 21.9 23:46 30.9 0.0 0.00 0.4 10.8 14:30 NNW 08 27.2 36.4 14:24 17.9 08:18 32.8 0.0 0.00 0.3 9.6 14:46 SSE 09 38.5 48.1 21:32 33.2 01:06 21.5 0.0 0.49 0.3 14.4 21:05 NW 10 47.0 50.7 13:47 43.0 18:31 13.0 0.0 0.13 0.5 18.0 16:51 NNW 11 35.2 43.0 00:00 26.5 23:41 24.8 0.0 0.03 0.9 15.6 21:04 NW 12 25.7 31.6 14:41 21.5 07:52 34.3 0.0 0.00 0.3 14.4 00:04 WSW 13 30.9 37.3 22:47 24.3 00:55 29.1 0.0 0.59 1.5 14.4 22:45 NW 14 41.1 46.5 17:35 36.4 00:11 18.9 0.0 0.07 2.4 20.4 22:22 WNW 15 38.5 42.6 09:54 30.4 23:43 21.5 0.0 0.00 3.4 31.1 13:52 WSW 16 29.7 31.7 14:24 28.0 08:11 30.3 0.0 0.00 0.2 12.0 00:49 SW 17 27.8 30.0 09:59 26.5 01:54 32.2 0.0 0.00 1.4 9.6 15:52 N 18 26.9 32.7 12:00 16.7 23:58 33.1 0.0 0.01 1.8 20.4 23:50 W 19 17.5 24.7 14:33 13.7 02:26 42.5 0.0 0.00 2.0 16.8 01:09 W 20 19.5 27.1 14:29 15.9 01:58 40.5 0.0 0.00 2.0 13.2 11:30 NNW 21 19.8 26.5 13:58 12.8 08:06 40.2 0.0 0.00 1.0 8.4 01:33 NNE 22 32.5 44.6 14:40 20.4 00:58 27.5 0.0 0.05 0.6 13.2 19:19 SSW 23 43.2 53.5 14:37 34.6 01:24 16.8 0.0 0.28 0.6 13.2 13:55 SSW 24 38.6 47.9 00:00 29.1 23:54 21.4 0.0 0.00 4.1 20.4 10:07 N 25 31.6 40.8 14:43 26.3 08:12 28.4 0.0 0.00 0.9 7.2 02:01 NW 26 34.0 39.6 22:13 27.4 02:52 26.0 0.0 0.00 0.6 9.6 17:59 NNE 27 42.9 47.8 18:43 38.7 02:15 17.1 0.0 0.00 0.3 12.0 20:03 SSW 28 41.0 47.5 14:46 32.4 23:58 19.0 0.0 0.00 1.0 8.4 00:04 WNW 29 33.9 39.1 12:19 29.5 02:23 26.1 0.0 0.42 0.1 6.0 08:14 NW 30 34.3 36.7 13:07 32.7 17:32 25.7 0.0 0.37 2.4 19.2 14:05 NNE 31 35.9 40.0 15:14 33.0 00:00 24.1 0.0 0.02 1.5 13.2 21:18 N ---------------------------------------------------------------------------------- 32.4 53.5 23 12.8 21 855.0 0.0 2.80 1.6 31.1 15 NNW Max >= 80.0 0 Max <= 32.0 8 Min <= 32.0 23 Min <= 0.0 0 Max Rain: 0.59 on day 13 Days of Rain: 15 (>= 0.01 in) 8 (>= 0.10 in) 0 (>= 1.00 in) Heat Base: 60.0 Cool Base: 80.0 Method: Integration