NOAA-Style Climate Reports
Select a Year or Month report
2024: Jan Feb Mar Apr May Jun Jul Aug Sep Oct Nov Dec
2023: Jan Feb Mar Apr May Jun Jul Aug Sep Oct Nov Dec
2022: Jan Feb Mar Apr May Jun Jul Aug Sep Oct Nov Dec
2021: Jan Feb Mar Apr May Jun Jul Aug Sep Oct Nov Dec
2020: Jan Feb Mar Apr May Jun Jul Aug Sep Oct Nov Dec
2019: Jan Feb Mar Apr May Jun Jul Aug Sep Oct Nov Dec
2018: Jan Feb Mar Apr May Jun Jul Aug Sep Oct Nov Dec
2017: Jan Feb Mar Apr May Jun Jul Aug Sep Oct Nov Dec
2016: Jan Feb Mar Apr May Jun Jul Aug Sep Oct Nov Dec
2015: Jan Feb Mar Apr May Jun Jul Aug Sep Oct Nov Dec
2014: Jan Feb Mar Apr May Jun Jul Aug Sep Oct Nov Dec
2013: Jan Feb Mar Apr May Jun Jul Aug Sep Oct Nov Dec
2012: Jan Feb Mar Apr May Jun Jul Aug Sep Oct Nov Dec
2011: Jan Feb Mar Apr May Jun Jul Aug Sep Oct Nov Dec
2010: Jan Feb Mar Apr May Jun Jul Aug Sep Oct Nov Dec
2009: Jan Feb Mar Apr May Jun Jul Aug Sep Oct Nov Dec
2008: Jan Feb Mar Apr May Jun Jul Aug Sep Oct Nov Dec
2007: Jan Feb Mar Apr May Jun Jul Aug Sep Oct Nov Dec
2006: Jan Feb Mar Apr May Jun Jul Aug Sep Oct Nov Dec
2024: Jan Feb Mar Apr May Jun Jul Aug Sep Oct Nov Dec
2023: Jan Feb Mar Apr May Jun Jul Aug Sep Oct Nov Dec
2022: Jan Feb Mar Apr May Jun Jul Aug Sep Oct Nov Dec
2021: Jan Feb Mar Apr May Jun Jul Aug Sep Oct Nov Dec
2020: Jan Feb Mar Apr May Jun Jul Aug Sep Oct Nov Dec
2019: Jan Feb Mar Apr May Jun Jul Aug Sep Oct Nov Dec
2018: Jan Feb Mar Apr May Jun Jul Aug Sep Oct Nov Dec
2017: Jan Feb Mar Apr May Jun Jul Aug Sep Oct Nov Dec
2016: Jan Feb Mar Apr May Jun Jul Aug Sep Oct Nov Dec
2015: Jan Feb Mar Apr May Jun Jul Aug Sep Oct Nov Dec
2014: Jan Feb Mar Apr May Jun Jul Aug Sep Oct Nov Dec
2013: Jan Feb Mar Apr May Jun Jul Aug Sep Oct Nov Dec
2012: Jan Feb Mar Apr May Jun Jul Aug Sep Oct Nov Dec
2011: Jan Feb Mar Apr May Jun Jul Aug Sep Oct Nov Dec
2010: Jan Feb Mar Apr May Jun Jul Aug Sep Oct Nov Dec
2009: Jan Feb Mar Apr May Jun Jul Aug Sep Oct Nov Dec
2008: Jan Feb Mar Apr May Jun Jul Aug Sep Oct Nov Dec
2007: Jan Feb Mar Apr May Jun Jul Aug Sep Oct Nov Dec
2006: Jan Feb Mar Apr May Jun Jul Aug Sep Oct Nov Dec
Report for 2020 January
Monthly Climatological Summary for Jan 2020 Name: AR573 City: Poughkeepsie State: New York Elevation: 308 ft Lat: N 41 37 04 Lon: W 073 55 27 Temperature (°F), Rain (in), Wind Speed (mph) Heat Cool Avg Mean Deg Deg Wind Dom Day Temp High Time Low Time Days Days Rain Speed High Time Dir ---------------------------------------------------------------------------------- 01 34.6 36.8 15:25 30.9 23:42 25.4 0.0 0.00 2.0 19.2 12:42 SW 02 37.7 47.3 12:56 29.1 02:32 22.3 0.0 0.00 1.2 18.0 12:33 SSW 03 43.2 45.5 12:55 39.9 08:35 16.8 0.0 0.00 0.0 8.4 15:48 SSW 04 42.5 45.8 14:11 37.5 23:41 17.5 0.0 0.14 0.7 14.4 18:32 NNW 05 35.6 40.3 10:45 28.4 21:24 24.4 0.0 0.00 2.0 20.4 12:11 WNW 06 33.7 44.4 14:18 28.7 02:28 26.3 0.0 0.01 0.9 28.8 14:21 SW 07 36.3 40.7 12:24 32.2 08:37 23.7 0.0 0.00 0.6 9.6 00:13 W 08 31.6 39.4 13:30 24.9 23:56 28.4 0.0 0.00 2.5 26.4 18:34 WSW 09 24.7 29.8 14:38 20.5 08:03 31.0 0.0 0.00 1.0 19.2 00:06 N 10 35.9 45.7 16:43 24.5 00:00 24.1 0.0 0.00 0.5 12.0 02:01 NNE 11 56.0 66.7 13:48 43.3 01:39 6.3 0.0 0.00 1.6 21.6 12:20 S 12 55.8 66.2 11:59 32.1 23:58 6.3 0.0 0.00 3.7 32.3 11:00 S 13 32.6 35.5 14:11 29.6 02:06 27.4 0.0 0.00 1.1 9.6 00:51 N 14 35.9 40.1 15:34 31.6 00:48 24.1 0.0 0.00 0.5 7.2 12:58 W 15 41.0 50.1 15:10 34.5 23:46 19.0 0.0 0.00 0.6 13.2 15:29 NW 16 36.6 45.9 11:37 29.3 23:59 23.4 0.0 0.06 4.3 35.9 23:30 WNW 17 20.6 29.4 00:00 12.8 23:46 39.4 0.0 0.00 4.7 29.9 00:58 N 18 17.6 24.7 23:59 11.7 01:58 41.8 0.0 0.00 1.2 8.4 14:35 ENE 19 30.6 41.6 12:43 22.9 23:57 29.4 0.0 0.17 2.0 26.4 12:59 W 20 20.6 27.7 14:54 15.4 23:59 39.4 0.0 0.00 3.3 16.8 01:25 NNW 21 20.0 28.0 15:23 14.1 00:44 39.9 0.0 0.00 0.3 7.2 10:01 NNW 22 23.0 36.6 14:39 12.2 07:58 37.0 0.0 0.00 0.1 4.8 11:21 ESE 23 30.8 42.4 15:07 21.9 02:17 29.2 0.0 0.03 0.0 6.0 11:45 WSW 24 36.8 47.9 14:14 26.1 07:54 23.2 0.0 0.02 0.4 4.8 08:20 WNW 25 37.7 42.0 15:46 33.0 08:35 22.3 0.0 0.63 3.6 24.0 11:49 ENE 26 38.7 44.6 11:46 34.2 07:58 21.3 0.0 0.00 1.0 21.6 11:56 SW 27 38.1 43.1 15:04 34.7 02:46 21.9 0.0 0.00 1.8 16.8 10:55 SSW 28 35.5 38.6 13:07 31.7 23:59 24.5 0.0 0.00 1.9 16.8 15:34 NNW 29 30.3 36.3 15:21 24.9 23:57 29.7 0.0 0.00 3.8 16.8 11:01 N 30 25.7 33.2 14:34 17.8 07:51 34.3 0.0 0.00 2.2 15.6 01:03 N 31 29.8 35.8 15:52 23.7 02:47 30.2 0.0 0.00 0.0 3.6 16:09 SE ---------------------------------------------------------------------------------- 33.9 66.7 11 11.7 18 809.9 0.0 1.06 1.6 35.9 16 NW Max >= 80.0 0 Max <= 32.0 5 Min <= 32.0 22 Min <= 0.0 0 Max Rain: 0.63 on day 25 Days of Rain: 7 (>= 0.01 in) 3 (>= 0.10 in) 0 (>= 1.00 in) Heat Base: 60.0 Cool Base: 80.0 Method: Integration