NOAA-Style Climate Reports
Select a Year or Month report
2024: Jan Feb Mar Apr May Jun Jul Aug Sep Oct Nov Dec
2023: Jan Feb Mar Apr May Jun Jul Aug Sep Oct Nov Dec
2022: Jan Feb Mar Apr May Jun Jul Aug Sep Oct Nov Dec
2021: Jan Feb Mar Apr May Jun Jul Aug Sep Oct Nov Dec
2020: Jan Feb Mar Apr May Jun Jul Aug Sep Oct Nov Dec
2019: Jan Feb Mar Apr May Jun Jul Aug Sep Oct Nov Dec
2018: Jan Feb Mar Apr May Jun Jul Aug Sep Oct Nov Dec
2017: Jan Feb Mar Apr May Jun Jul Aug Sep Oct Nov Dec
2016: Jan Feb Mar Apr May Jun Jul Aug Sep Oct Nov Dec
2015: Jan Feb Mar Apr May Jun Jul Aug Sep Oct Nov Dec
2014: Jan Feb Mar Apr May Jun Jul Aug Sep Oct Nov Dec
2013: Jan Feb Mar Apr May Jun Jul Aug Sep Oct Nov Dec
2012: Jan Feb Mar Apr May Jun Jul Aug Sep Oct Nov Dec
2011: Jan Feb Mar Apr May Jun Jul Aug Sep Oct Nov Dec
2010: Jan Feb Mar Apr May Jun Jul Aug Sep Oct Nov Dec
2009: Jan Feb Mar Apr May Jun Jul Aug Sep Oct Nov Dec
2008: Jan Feb Mar Apr May Jun Jul Aug Sep Oct Nov Dec
2007: Jan Feb Mar Apr May Jun Jul Aug Sep Oct Nov Dec
2006: Jan Feb Mar Apr May Jun Jul Aug Sep Oct Nov Dec
2024: Jan Feb Mar Apr May Jun Jul Aug Sep Oct Nov Dec
2023: Jan Feb Mar Apr May Jun Jul Aug Sep Oct Nov Dec
2022: Jan Feb Mar Apr May Jun Jul Aug Sep Oct Nov Dec
2021: Jan Feb Mar Apr May Jun Jul Aug Sep Oct Nov Dec
2020: Jan Feb Mar Apr May Jun Jul Aug Sep Oct Nov Dec
2019: Jan Feb Mar Apr May Jun Jul Aug Sep Oct Nov Dec
2018: Jan Feb Mar Apr May Jun Jul Aug Sep Oct Nov Dec
2017: Jan Feb Mar Apr May Jun Jul Aug Sep Oct Nov Dec
2016: Jan Feb Mar Apr May Jun Jul Aug Sep Oct Nov Dec
2015: Jan Feb Mar Apr May Jun Jul Aug Sep Oct Nov Dec
2014: Jan Feb Mar Apr May Jun Jul Aug Sep Oct Nov Dec
2013: Jan Feb Mar Apr May Jun Jul Aug Sep Oct Nov Dec
2012: Jan Feb Mar Apr May Jun Jul Aug Sep Oct Nov Dec
2011: Jan Feb Mar Apr May Jun Jul Aug Sep Oct Nov Dec
2010: Jan Feb Mar Apr May Jun Jul Aug Sep Oct Nov Dec
2009: Jan Feb Mar Apr May Jun Jul Aug Sep Oct Nov Dec
2008: Jan Feb Mar Apr May Jun Jul Aug Sep Oct Nov Dec
2007: Jan Feb Mar Apr May Jun Jul Aug Sep Oct Nov Dec
2006: Jan Feb Mar Apr May Jun Jul Aug Sep Oct Nov Dec
Report for 2020 March
Monthly Climatological Summary for Mar 2020 Name: AR573 City: Poughkeepsie State: New York Elevation: 308 ft Lat: N 41 37 04 Lon: W 073 55 27 Temperature (°F), Rain (in), Wind Speed (mph) Heat Cool Avg Mean Deg Deg Wind Dom Day Temp High Time Low Time Days Days Rain Speed High Time Dir ---------------------------------------------------------------------------------- 01 29.6 40.8 14:48 18.5 00:49 30.4 0.0 0.00 1.1 13.2 13:29 WNW 02 43.7 60.8 14:26 28.0 03:34 16.3 0.0 0.00 1.0 14.4 14:01 SE 03 52.1 61.6 10:54 46.8 21:22 7.9 0.0 0.22 1.0 15.6 12:25 SSE 04 45.2 53.3 14:27 37.0 23:59 14.8 0.0 0.00 3.5 43.1 09:49 SSW 05 41.8 51.0 16:06 36.4 03:30 18.2 0.0 0.00 1.4 14.4 01:58 W 06 38.2 45.4 11:19 32.1 03:28 21.8 0.0 0.03 2.1 19.2 20:38 NNE 07 35.8 42.9 15:56 30.8 07:22 24.2 0.0 0.00 6.3 29.9 10:39 N 08 43.3 60.5 16:50 26.6 04:32 16.0 0.0 0.00 0.9 18.0 17:05 SSW 09 57.5 72.2 16:15 44.7 05:02 5.8 0.0 0.00 1.2 18.0 15:14 SSW 10 57.5 64.7 14:24 50.5 08:25 3.2 0.0 0.04 1.4 27.6 16:04 SSW 11 45.4 52.3 00:00 38.4 07:55 14.6 0.0 0.00 2.9 14.4 02:19 N 12 42.0 48.1 16:09 34.8 04:19 18.0 0.0 0.10 1.4 12.0 19:18 ESE 13 50.2 67.2 16:16 41.7 00:32 10.6 0.0 0.03 1.5 22.8 15:22 WSW 14 44.0 50.8 15:12 39.2 04:58 16.0 0.0 0.00 2.1 18.0 12:34 WSW 15 41.4 48.7 15:31 34.8 23:59 18.6 0.0 0.00 3.3 20.4 23:16 N 16 34.8 46.1 15:08 24.5 04:59 25.2 0.0 0.00 3.5 18.0 02:07 NE 17 40.3 50.2 17:11 32.2 04:43 19.7 0.0 0.01 0.7 9.6 19:22 SSW 18 45.2 54.7 16:33 37.4 07:39 14.8 0.0 0.00 1.1 9.6 14:24 ESE 19 41.9 47.8 17:12 35.8 04:58 18.1 0.0 0.54 1.2 10.8 12:22 N 20 54.4 70.2 17:05 43.0 04:10 7.5 0.0 0.08 1.2 21.6 17:05 SSW 21 42.8 58.5 00:00 34.6 00:00 15.2 0.0 0.00 4.8 22.8 10:35 NNE 22 35.2 43.5 17:10 25.2 07:50 21.9 0.0 0.00 3.9 16.8 00:20 NE 23 32.6 33.8 00:00 30.8 08:40 23.7 0.0 0.28 3.8 15.6 18:30 ENE 24 39.2 47.2 16:00 30.9 03:50 17.7 0.0 0.34 2.5 13.2 01:10 NNE 25 37.9 44.9 15:22 32.0 04:28 22.1 0.0 0.00 2.4 15.6 18:16 NNE 26 45.2 60.1 16:21 29.3 05:00 14.8 0.0 0.00 0.7 12.0 14:12 SSW 27 53.4 62.3 16:52 46.4 01:27 6.8 0.0 0.00 2.4 20.4 14:51 N 28 42.7 49.5 12:35 38.4 07:35 17.3 0.0 0.57 1.4 9.6 23:20 NNW 29 44.9 48.8 13:17 40.9 00:00 15.1 0.0 0.17 2.0 16.8 11:48 ENE 30 43.9 48.5 16:22 40.1 07:42 16.1 0.0 0.07 0.9 7.2 00:12 E 31 42.5 50.2 15:51 37.1 05:04 17.5 0.0 0.04 1.5 9.6 16:50 NE ---------------------------------------------------------------------------------- 43.4 72.2 9 18.5 1 509.9 0.0 2.52 2.1 43.1 4 NNE Max >= 80.0 0 Max <= 32.0 0 Min <= 32.0 10 Min <= 0.0 0 Max Rain: 0.57 on day 28 Days of Rain: 14 (>= 0.01 in) 7 (>= 0.10 in) 0 (>= 1.00 in) Heat Base: 60.0 Cool Base: 80.0 Method: Integration