NOAA-Style Climate Reports
Select a Year or Month report
2024: Jan Feb Mar Apr May Jun Jul Aug Sep Oct Nov Dec
2023: Jan Feb Mar Apr May Jun Jul Aug Sep Oct Nov Dec
2022: Jan Feb Mar Apr May Jun Jul Aug Sep Oct Nov Dec
2021: Jan Feb Mar Apr May Jun Jul Aug Sep Oct Nov Dec
2020: Jan Feb Mar Apr May Jun Jul Aug Sep Oct Nov Dec
2019: Jan Feb Mar Apr May Jun Jul Aug Sep Oct Nov Dec
2018: Jan Feb Mar Apr May Jun Jul Aug Sep Oct Nov Dec
2017: Jan Feb Mar Apr May Jun Jul Aug Sep Oct Nov Dec
2016: Jan Feb Mar Apr May Jun Jul Aug Sep Oct Nov Dec
2015: Jan Feb Mar Apr May Jun Jul Aug Sep Oct Nov Dec
2014: Jan Feb Mar Apr May Jun Jul Aug Sep Oct Nov Dec
2013: Jan Feb Mar Apr May Jun Jul Aug Sep Oct Nov Dec
2012: Jan Feb Mar Apr May Jun Jul Aug Sep Oct Nov Dec
2011: Jan Feb Mar Apr May Jun Jul Aug Sep Oct Nov Dec
2010: Jan Feb Mar Apr May Jun Jul Aug Sep Oct Nov Dec
2009: Jan Feb Mar Apr May Jun Jul Aug Sep Oct Nov Dec
2008: Jan Feb Mar Apr May Jun Jul Aug Sep Oct Nov Dec
2007: Jan Feb Mar Apr May Jun Jul Aug Sep Oct Nov Dec
2006: Jan Feb Mar Apr May Jun Jul Aug Sep Oct Nov Dec
2024: Jan Feb Mar Apr May Jun Jul Aug Sep Oct Nov Dec
2023: Jan Feb Mar Apr May Jun Jul Aug Sep Oct Nov Dec
2022: Jan Feb Mar Apr May Jun Jul Aug Sep Oct Nov Dec
2021: Jan Feb Mar Apr May Jun Jul Aug Sep Oct Nov Dec
2020: Jan Feb Mar Apr May Jun Jul Aug Sep Oct Nov Dec
2019: Jan Feb Mar Apr May Jun Jul Aug Sep Oct Nov Dec
2018: Jan Feb Mar Apr May Jun Jul Aug Sep Oct Nov Dec
2017: Jan Feb Mar Apr May Jun Jul Aug Sep Oct Nov Dec
2016: Jan Feb Mar Apr May Jun Jul Aug Sep Oct Nov Dec
2015: Jan Feb Mar Apr May Jun Jul Aug Sep Oct Nov Dec
2014: Jan Feb Mar Apr May Jun Jul Aug Sep Oct Nov Dec
2013: Jan Feb Mar Apr May Jun Jul Aug Sep Oct Nov Dec
2012: Jan Feb Mar Apr May Jun Jul Aug Sep Oct Nov Dec
2011: Jan Feb Mar Apr May Jun Jul Aug Sep Oct Nov Dec
2010: Jan Feb Mar Apr May Jun Jul Aug Sep Oct Nov Dec
2009: Jan Feb Mar Apr May Jun Jul Aug Sep Oct Nov Dec
2008: Jan Feb Mar Apr May Jun Jul Aug Sep Oct Nov Dec
2007: Jan Feb Mar Apr May Jun Jul Aug Sep Oct Nov Dec
2006: Jan Feb Mar Apr May Jun Jul Aug Sep Oct Nov Dec
Report for 2021 March
Monthly Climatological Summary for Mar 2021 Name: ar573 City: Wappingers Falls State: NY Elevation: 330 ft Lat: N 41° 37' 04" Lon: W 073° 55' 27" Temperature (°F), Rain (in), Wind Speed (mph) Heat Cool Avg Mean Deg Deg Wind Dom Day Temp High Time Low Time Days Days Rain Speed High Time Dir ---------------------------------------------------------------------------------- 01 36.3 44.6 13:55 23.5 23:59 0.0 18.0 0.19 1.8 24.0 21:19 W 02 23.2 30.9 15:49 17.4 03:47 0.1 5.0 0.00 2.3 28.0 00:03 W 03 36.6 49.5 14:11 23.5 00:01 0.0 18.3 0.00 1.0 15.0 14:21 SW 04 33.9 40.6 11:33 23.5 23:41 0.0 15.6 0.00 1.8 19.0 11:08 NW 05 27.9 35.0 13:29 21.1 07:17 0.0 9.6 0.00 1.5 20.0 14:41 W 06 26.4 30.5 15:58 23.3 07:20 0.0 8.1 0.00 1.2 13.0 13:32 NW 07 29.5 39.5 16:07 22.0 03:31 0.0 11.2 0.00 1.5 11.0 12:06 N 08 30.3 42.5 16:07 19.9 03:26 0.0 12.0 0.00 0.4 10.0 10:56 NNW 09 45.9 60.2 13:10 33.2 01:25 0.0 27.6 0.00 1.1 17.0 11:36 NW 10 43.7 57.9 14:55 31.1 02:45 0.0 25.4 0.00 0.7 12.0 12:52 S 11 53.5 70.7 15:43 39.2 04:00 0.0 35.2 0.00 0.3 13.0 15:43 SSE 12 56.1 62.6 14:55 42.7 23:58 0.0 37.8 0.00 1.8 28.0 23:20 WSW 13 37.6 46.9 14:48 30.4 03:54 0.0 19.3 0.00 1.9 22.0 00:10 NW 14 37.3 48.6 13:14 27.2 23:59 0.0 18.2 0.00 3.2 29.0 14:02 NW 15 25.7 34.0 17:03 19.2 05:13 0.0 7.4 0.00 3.3 23.0 02:53 N 16 26.9 35.8 16:16 20.5 04:21 0.0 8.6 0.00 0.4 7.0 16:25 ENE 17 36.6 44.9 16:29 28.7 03:48 0.0 18.3 0.00 0.1 10.0 23:45 SSE 18 41.5 43.5 09:55 37.9 23:56 0.0 23.2 0.98 2.2 22.0 23:57 N 19 33.4 39.6 17:29 25.0 07:53 0.0 15.1 0.00 5.4 31.0 02:20 NNE 20 42.2 58.9 17:28 27.1 04:44 0.0 23.9 0.00 0.5 7.0 01:32 NW 21 46.8 63.8 17:07 30.1 05:15 0.0 28.5 0.00 0.4 7.0 14:19 WNW 22 49.4 65.1 14:35 35.5 07:46 0.0 31.1 0.00 0.3 10.0 16:44 SW 23 50.7 68.5 16:03 33.7 07:34 0.0 32.4 0.00 0.3 8.0 16:22 WSW 24 50.1 57.4 12:08 43.6 05:11 0.0 31.8 0.40 0.5 8.0 12:14 ESE 25 58.4 71.9 16:14 50.3 03:20 0.0 40.1 0.00 0.2 9.0 14:01 S 26 61.8 78.9 14:40 52.6 23:58 0.0 43.5 0.04 2.3 33.0 16:13 SW 27 55.0 64.1 16:00 45.7 05:11 0.0 36.7 0.00 0.8 12.0 15:37 WSW 28 50.3 53.5 19:30 46.8 04:55 0.0 32.0 0.92 0.8 13.0 12:34 SE 29 47.5 52.5 16:45 37.5 23:54 0.0 29.1 0.00 1.5 21.0 09:47 W 30 46.3 61.0 14:47 29.2 05:22 0.0 28.0 0.00 1.8 15.0 18:06 SE 31 52.3 58.1 17:29 44.2 03:21 0.0 34.0 0.01 0.5 10.0 16:28 SE ---------------------------------------------------------------------------------- 41.7 78.9 26 17.4 2 0.1 725.0 2.54 1.3 33.0 26 NW Max >= 27.0 31 Max <= 0.0 0 Min <= 0.0 0 Min <= -18.0 0 Max Rain: 0.98 on day 18 Days of Rain: 3 (>= 0.20 in) 0 (>= 2.00 in) 0 (>= 20.00 in) Heat Base: 18.3 Cool Base: 18.3 Method: Integration