NOAA-Style Climate Reports
Select a Year or Month report
2024: Jan Feb Mar Apr May Jun Jul Aug Sep Oct Nov Dec
2023: Jan Feb Mar Apr May Jun Jul Aug Sep Oct Nov Dec
2022: Jan Feb Mar Apr May Jun Jul Aug Sep Oct Nov Dec
2021: Jan Feb Mar Apr May Jun Jul Aug Sep Oct Nov Dec
2020: Jan Feb Mar Apr May Jun Jul Aug Sep Oct Nov Dec
2019: Jan Feb Mar Apr May Jun Jul Aug Sep Oct Nov Dec
2018: Jan Feb Mar Apr May Jun Jul Aug Sep Oct Nov Dec
2017: Jan Feb Mar Apr May Jun Jul Aug Sep Oct Nov Dec
2016: Jan Feb Mar Apr May Jun Jul Aug Sep Oct Nov Dec
2015: Jan Feb Mar Apr May Jun Jul Aug Sep Oct Nov Dec
2014: Jan Feb Mar Apr May Jun Jul Aug Sep Oct Nov Dec
2013: Jan Feb Mar Apr May Jun Jul Aug Sep Oct Nov Dec
2012: Jan Feb Mar Apr May Jun Jul Aug Sep Oct Nov Dec
2011: Jan Feb Mar Apr May Jun Jul Aug Sep Oct Nov Dec
2010: Jan Feb Mar Apr May Jun Jul Aug Sep Oct Nov Dec
2009: Jan Feb Mar Apr May Jun Jul Aug Sep Oct Nov Dec
2008: Jan Feb Mar Apr May Jun Jul Aug Sep Oct Nov Dec
2007: Jan Feb Mar Apr May Jun Jul Aug Sep Oct Nov Dec
2006: Jan Feb Mar Apr May Jun Jul Aug Sep Oct Nov Dec
2024: Jan Feb Mar Apr May Jun Jul Aug Sep Oct Nov Dec
2023: Jan Feb Mar Apr May Jun Jul Aug Sep Oct Nov Dec
2022: Jan Feb Mar Apr May Jun Jul Aug Sep Oct Nov Dec
2021: Jan Feb Mar Apr May Jun Jul Aug Sep Oct Nov Dec
2020: Jan Feb Mar Apr May Jun Jul Aug Sep Oct Nov Dec
2019: Jan Feb Mar Apr May Jun Jul Aug Sep Oct Nov Dec
2018: Jan Feb Mar Apr May Jun Jul Aug Sep Oct Nov Dec
2017: Jan Feb Mar Apr May Jun Jul Aug Sep Oct Nov Dec
2016: Jan Feb Mar Apr May Jun Jul Aug Sep Oct Nov Dec
2015: Jan Feb Mar Apr May Jun Jul Aug Sep Oct Nov Dec
2014: Jan Feb Mar Apr May Jun Jul Aug Sep Oct Nov Dec
2013: Jan Feb Mar Apr May Jun Jul Aug Sep Oct Nov Dec
2012: Jan Feb Mar Apr May Jun Jul Aug Sep Oct Nov Dec
2011: Jan Feb Mar Apr May Jun Jul Aug Sep Oct Nov Dec
2010: Jan Feb Mar Apr May Jun Jul Aug Sep Oct Nov Dec
2009: Jan Feb Mar Apr May Jun Jul Aug Sep Oct Nov Dec
2008: Jan Feb Mar Apr May Jun Jul Aug Sep Oct Nov Dec
2007: Jan Feb Mar Apr May Jun Jul Aug Sep Oct Nov Dec
2006: Jan Feb Mar Apr May Jun Jul Aug Sep Oct Nov Dec
Report for 2021 August
Monthly Climatological Summary for Aug 2021 Name: AR573 City: Wappingers Falls State: NY Elevation: 330 ft Lat: N 41° 37' 04" Lon: W 073° 55' 27" Temperature (°F), Rain (in), Wind Speed (mph) Heat Cool Avg Mean Deg Deg Wind Dom Day Temp High Time Low Time Days Days Rain Speed High Time Dir ---------------------------------------------------------------------------------- 01 64.1 77.9 10:47 53.2 05:24 3.8 0.3 0.35 0.2 8.0 11:28 SW 02 69.0 84.3 16:14 57.6 06:44 1.6 1.3 0.01 0.1 7.0 11:35 W 03 65.1 77.8 14:21 52.0 05:20 3.6 0.2 0.00 0.0 4.0 16:17 N 04 66.9 77.6 15:27 56.6 05:40 2.2 0.3 0.00 0.0 4.0 13:16 SE 05 71.6 85.8 16:16 61.7 05:41 0.7 2.2 0.00 0.0 6.0 14:08 ESE 06 76.0 91.8 16:03 61.4 05:23 0.4 5.3 0.00 0.1 7.0 16:13 WSW 07 75.1 84.2 13:15 65.4 05:18 0.0 2.6 0.00 0.3 14.0 10:35 SE 08 75.8 86.5 15:54 69.4 06:01 0.0 2.8 0.00 0.3 9.0 16:03 ENE 09 74.5 84.7 14:50 67.8 03:00 0.0 2.2 0.00 0.7 9.0 11:37 NNE 10 74.7 83.3 17:48 67.9 04:23 0.0 2.0 0.00 0.3 10.0 13:39 ESE 11 77.7 93.3 15:20 70.4 06:57 0.0 3.9 0.11 0.6 10.0 13:17 SSE 12 81.6 94.8 15:29 72.6 01:22 0.0 7.1 0.00 1.1 15.0 16:07 SSE 13 83.0 96.5 16:06 71.8 05:48 0.0 8.4 0.00 0.5 9.0 14:13 S 14 76.2 85.8 14:06 65.8 23:59 0.0 2.3 0.04 0.9 14.0 17:09 N 15 69.1 81.2 17:15 59.2 04:46 1.0 0.6 0.00 1.5 18.0 12:36 N 16 71.3 85.6 15:54 61.5 06:40 0.7 1.8 0.00 0.5 7.0 10:36 N 17 72.7 81.1 14:59 67.6 05:05 0.0 0.8 0.02 0.1 7.0 15:33 ESE 18 75.9 83.5 15:33 70.2 05:54 0.0 2.4 0.00 0.4 12.0 19:20 E 19 75.8 83.8 16:46 71.4 23:57 0.0 1.7 1.12 0.7 11.0 14:17 SSE 20 74.3 82.1 15:53 69.7 06:23 0.0 1.5 0.00 0.8 14.0 09:43 N 21 76.0 86.5 14:22 70.3 03:51 0.0 2.7 0.00 0.2 8.0 17:12 E 22 72.1 76.3 11:12 67.8 22:33 0.0 0.0 2.53 1.4 15.0 11:15 N 23 70.9 76.5 11:56 68.0 00:00 0.0 0.1 1.40 0.8 13.0 07:51 N 24 77.3 90.8 15:39 66.6 04:32 0.0 4.9 0.00 0.3 8.0 09:43 SSE 25 77.7 94.1 16:40 65.0 05:49 0.0 5.5 0.00 0.1 5.0 12:49 S 26 81.2 95.1 16:32 69.4 06:17 0.0 7.2 0.00 0.2 7.0 14:26 SSE 27 80.2 91.6 15:44 71.9 07:08 0.0 5.6 0.01 0.6 12.0 21:24 NNW 28 68.1 74.5 00:00 63.1 09:27 0.2 0.0 0.15 1.6 15.0 03:15 N 29 68.4 74.6 15:28 64.4 06:34 0.1 0.0 0.00 0.0 6.0 15:16 ESE 30 75.7 88.7 16:20 70.1 02:39 0.0 2.7 0.12 0.7 12.0 15:41 SSE 31 74.3 84.0 15:32 68.8 06:05 0.0 2.0 0.00 0.3 9.0 13:41 S ---------------------------------------------------------------------------------- 73.9 96.5 13 52.0 3 14.3 80.4 5.86 0.5 18.0 15 NNE Max >= 75.0 29 Max <= 65.0 0 Min <= 65.0 11 Min <= 65.0 11 Max Rain: 2.53 on day 22 Days of Rain: 4 (>= 0.20 in) 1 (>= 2.00 in) 0 (>= 20.00 in) Heat Base: 65.0 Cool Base: 75.0 Method: Integration