NOAA-Style Climate Reports
Select a Year or Month report
2024: Jan Feb Mar Apr May Jun Jul Aug Sep Oct Nov Dec
2023: Jan Feb Mar Apr May Jun Jul Aug Sep Oct Nov Dec
2022: Jan Feb Mar Apr May Jun Jul Aug Sep Oct Nov Dec
2021: Jan Feb Mar Apr May Jun Jul Aug Sep Oct Nov Dec
2020: Jan Feb Mar Apr May Jun Jul Aug Sep Oct Nov Dec
2019: Jan Feb Mar Apr May Jun Jul Aug Sep Oct Nov Dec
2018: Jan Feb Mar Apr May Jun Jul Aug Sep Oct Nov Dec
2017: Jan Feb Mar Apr May Jun Jul Aug Sep Oct Nov Dec
2016: Jan Feb Mar Apr May Jun Jul Aug Sep Oct Nov Dec
2015: Jan Feb Mar Apr May Jun Jul Aug Sep Oct Nov Dec
2014: Jan Feb Mar Apr May Jun Jul Aug Sep Oct Nov Dec
2013: Jan Feb Mar Apr May Jun Jul Aug Sep Oct Nov Dec
2012: Jan Feb Mar Apr May Jun Jul Aug Sep Oct Nov Dec
2011: Jan Feb Mar Apr May Jun Jul Aug Sep Oct Nov Dec
2010: Jan Feb Mar Apr May Jun Jul Aug Sep Oct Nov Dec
2009: Jan Feb Mar Apr May Jun Jul Aug Sep Oct Nov Dec
2008: Jan Feb Mar Apr May Jun Jul Aug Sep Oct Nov Dec
2007: Jan Feb Mar Apr May Jun Jul Aug Sep Oct Nov Dec
2006: Jan Feb Mar Apr May Jun Jul Aug Sep Oct Nov Dec
2024: Jan Feb Mar Apr May Jun Jul Aug Sep Oct Nov Dec
2023: Jan Feb Mar Apr May Jun Jul Aug Sep Oct Nov Dec
2022: Jan Feb Mar Apr May Jun Jul Aug Sep Oct Nov Dec
2021: Jan Feb Mar Apr May Jun Jul Aug Sep Oct Nov Dec
2020: Jan Feb Mar Apr May Jun Jul Aug Sep Oct Nov Dec
2019: Jan Feb Mar Apr May Jun Jul Aug Sep Oct Nov Dec
2018: Jan Feb Mar Apr May Jun Jul Aug Sep Oct Nov Dec
2017: Jan Feb Mar Apr May Jun Jul Aug Sep Oct Nov Dec
2016: Jan Feb Mar Apr May Jun Jul Aug Sep Oct Nov Dec
2015: Jan Feb Mar Apr May Jun Jul Aug Sep Oct Nov Dec
2014: Jan Feb Mar Apr May Jun Jul Aug Sep Oct Nov Dec
2013: Jan Feb Mar Apr May Jun Jul Aug Sep Oct Nov Dec
2012: Jan Feb Mar Apr May Jun Jul Aug Sep Oct Nov Dec
2011: Jan Feb Mar Apr May Jun Jul Aug Sep Oct Nov Dec
2010: Jan Feb Mar Apr May Jun Jul Aug Sep Oct Nov Dec
2009: Jan Feb Mar Apr May Jun Jul Aug Sep Oct Nov Dec
2008: Jan Feb Mar Apr May Jun Jul Aug Sep Oct Nov Dec
2007: Jan Feb Mar Apr May Jun Jul Aug Sep Oct Nov Dec
2006: Jan Feb Mar Apr May Jun Jul Aug Sep Oct Nov Dec
Report for 2021 September
Monthly Climatological Summary for Sep 2021 Name: AR573 City: Wappingers Falls State: NY Elevation: 330 ft Lat: N 41° 37' 04" Lon: W 073° 55' 27" Temperature (°F), Rain (in), Wind Speed (mph) Heat Cool Avg Mean Deg Deg Wind Dom Day Temp High Time Low Time Days Days Rain Speed High Time Dir ---------------------------------------------------------------------------------- 01 64.4 69.2 00:00 59.5 23:50 1.4 0.0 5.89 2.5 20.0 19:54 N 02 63.7 75.2 14:26 55.0 04:12 3.3 0.0 0.40 4.0 29.0 02:52 N 03 62.8 75.8 15:49 52.4 05:06 4.1 0.0 0.00 0.7 13.0 10:25 N 04 65.5 81.2 17:28 52.1 06:14 3.8 0.8 0.00 0.2 6.0 14:18 SE 05 64.7 68.9 12:35 59.3 06:21 1.8 0.0 0.05 0.1 9.0 15:30 SSE 06 70.0 81.6 15:31 63.1 22:56 0.2 0.9 0.02 0.6 11.0 14:42 S 07 67.3 81.3 16:57 57.3 05:39 2.2 0.8 0.00 0.5 8.0 12:15 SSE 08 72.1 83.4 15:27 61.9 06:05 0.6 1.9 0.09 1.1 19.0 12:27 SE 09 67.6 71.8 13:37 64.7 23:57 0.0 0.0 0.24 0.0 3.0 01:43 N 10 64.6 73.5 15:32 57.8 07:14 2.3 0.0 0.01 1.1 17.0 16:12 N 11 64.7 78.7 15:25 51.2 05:58 3.9 0.4 0.00 0.7 10.0 15:53 S 12 70.8 82.5 15:14 61.1 03:39 1.0 1.2 0.00 0.9 13.0 13:52 S 13 73.4 84.6 15:34 64.6 23:34 0.0 1.8 0.00 0.5 13.0 07:28 N 14 69.0 81.1 15:00 60.5 04:43 1.1 0.8 0.05 0.3 9.0 19:46 ESE 15 74.6 86.7 14:37 67.4 23:42 0.0 2.9 0.05 1.0 15.0 15:15 SE 16 68.2 78.9 15:33 61.4 06:21 0.8 0.2 0.55 1.2 13.0 05:32 N 17 69.5 75.2 15:55 65.9 06:22 0.0 0.0 0.00 0.2 6.0 03:23 N 18 72.8 86.0 16:24 64.7 04:31 0.0 2.0 0.00 0.5 13.0 22:44 NNW 19 64.5 74.1 16:33 56.1 23:32 2.5 0.0 0.00 2.0 20.0 12:44 N 20 62.1 78.2 16:35 50.1 06:36 5.8 0.2 0.00 0.4 9.0 17:43 SE 21 64.6 76.3 15:36 54.4 06:51 3.3 0.0 0.00 0.3 9.0 16:14 SE 22 72.4 82.9 14:52 65.5 01:17 0.0 1.2 0.01 0.7 14.0 16:56 E 23 72.5 79.0 13:21 63.1 23:54 0.2 0.6 1.74 1.7 20.0 15:11 ENE 24 62.5 74.0 16:05 54.6 23:59 4.1 0.0 0.90 0.5 11.0 14:10 S 25 60.8 76.6 14:53 51.2 04:14 6.2 0.1 0.00 0.1 7.0 15:47 N 26 61.3 73.0 15:59 52.4 07:07 5.1 0.0 0.01 0.5 10.0 15:06 W 27 65.1 78.0 15:18 55.3 02:27 3.4 0.2 0.00 1.4 19.0 13:41 S 28 62.3 66.5 15:55 53.6 23:57 2.8 0.0 0.82 0.7 12.0 11:11 S 29 56.5 65.5 14:19 47.2 06:34 8.5 0.0 0.00 1.2 14.0 15:56 N 30 55.4 62.1 13:44 48.6 23:55 9.6 0.0 0.00 1.0 13.0 10:54 N ---------------------------------------------------------------------------------- 66.2 86.7 15 47.2 29 78.0 16.0 10.83 0.9 29.0 2 NNE Max >= 75.0 20 Max <= 65.0 1 Min <= 65.0 27 Min <= 65.0 27 Max Rain: 5.89 on day 1 Days of Rain: 7 (>= 0.20 in) 1 (>= 2.00 in) 0 (>= 20.00 in) Heat Base: 65.0 Cool Base: 75.0 Method: Integration