NOAA-Style Climate Reports
Select a Year or Month report
2024: Jan Feb Mar Apr May Jun Jul Aug Sep Oct Nov Dec
2023: Jan Feb Mar Apr May Jun Jul Aug Sep Oct Nov Dec
2022: Jan Feb Mar Apr May Jun Jul Aug Sep Oct Nov Dec
2021: Jan Feb Mar Apr May Jun Jul Aug Sep Oct Nov Dec
2020: Jan Feb Mar Apr May Jun Jul Aug Sep Oct Nov Dec
2019: Jan Feb Mar Apr May Jun Jul Aug Sep Oct Nov Dec
2018: Jan Feb Mar Apr May Jun Jul Aug Sep Oct Nov Dec
2017: Jan Feb Mar Apr May Jun Jul Aug Sep Oct Nov Dec
2016: Jan Feb Mar Apr May Jun Jul Aug Sep Oct Nov Dec
2015: Jan Feb Mar Apr May Jun Jul Aug Sep Oct Nov Dec
2014: Jan Feb Mar Apr May Jun Jul Aug Sep Oct Nov Dec
2013: Jan Feb Mar Apr May Jun Jul Aug Sep Oct Nov Dec
2012: Jan Feb Mar Apr May Jun Jul Aug Sep Oct Nov Dec
2011: Jan Feb Mar Apr May Jun Jul Aug Sep Oct Nov Dec
2010: Jan Feb Mar Apr May Jun Jul Aug Sep Oct Nov Dec
2009: Jan Feb Mar Apr May Jun Jul Aug Sep Oct Nov Dec
2008: Jan Feb Mar Apr May Jun Jul Aug Sep Oct Nov Dec
2007: Jan Feb Mar Apr May Jun Jul Aug Sep Oct Nov Dec
2006: Jan Feb Mar Apr May Jun Jul Aug Sep Oct Nov Dec
2024: Jan Feb Mar Apr May Jun Jul Aug Sep Oct Nov Dec
2023: Jan Feb Mar Apr May Jun Jul Aug Sep Oct Nov Dec
2022: Jan Feb Mar Apr May Jun Jul Aug Sep Oct Nov Dec
2021: Jan Feb Mar Apr May Jun Jul Aug Sep Oct Nov Dec
2020: Jan Feb Mar Apr May Jun Jul Aug Sep Oct Nov Dec
2019: Jan Feb Mar Apr May Jun Jul Aug Sep Oct Nov Dec
2018: Jan Feb Mar Apr May Jun Jul Aug Sep Oct Nov Dec
2017: Jan Feb Mar Apr May Jun Jul Aug Sep Oct Nov Dec
2016: Jan Feb Mar Apr May Jun Jul Aug Sep Oct Nov Dec
2015: Jan Feb Mar Apr May Jun Jul Aug Sep Oct Nov Dec
2014: Jan Feb Mar Apr May Jun Jul Aug Sep Oct Nov Dec
2013: Jan Feb Mar Apr May Jun Jul Aug Sep Oct Nov Dec
2012: Jan Feb Mar Apr May Jun Jul Aug Sep Oct Nov Dec
2011: Jan Feb Mar Apr May Jun Jul Aug Sep Oct Nov Dec
2010: Jan Feb Mar Apr May Jun Jul Aug Sep Oct Nov Dec
2009: Jan Feb Mar Apr May Jun Jul Aug Sep Oct Nov Dec
2008: Jan Feb Mar Apr May Jun Jul Aug Sep Oct Nov Dec
2007: Jan Feb Mar Apr May Jun Jul Aug Sep Oct Nov Dec
2006: Jan Feb Mar Apr May Jun Jul Aug Sep Oct Nov Dec
Report for 2022 January
Monthly Climatological Summary for Jan 2022 Name: AR573 City: Wappingers Falls State: NY Elevation: 330 ft Lat: N 41° 37' 04" Lon: W 073° 55' 27" Temperature (°F), Rain (in), Wind Speed (mph) Heat Cool Avg Mean Deg Deg Wind Dom Day Temp High Time Low Time Days Days Rain Speed High Time Dir ---------------------------------------------------------------------------------- 01 48.7 52.0 15:03 46.3 00:44 16.3 0.0 0.26 0.0 4.0 09:19 SSE 02 39.6 49.1 00:00 30.5 23:55 25.4 0.0 0.08 2.4 13.0 18:29 NNW 03 22.7 30.5 00:00 16.4 23:59 42.3 0.0 0.00 6.8 27.0 17:04 N 04 21.6 32.3 14:22 10.8 07:31 43.4 0.0 0.00 0.6 9.0 12:44 N 05 30.4 36.0 14:42 23.6 04:09 34.6 0.0 0.01 0.1 10.0 02:12 SW 06 32.0 36.2 13:07 28.9 00:46 33.0 0.0 0.00 0.7 11.0 09:18 WSW 07 26.4 32.8 13:44 20.4 23:24 38.6 0.0 0.02 2.5 16.0 13:18 WNW 08 20.1 27.1 14:40 13.2 07:20 44.9 0.0 0.00 1.0 12.0 02:11 NW 09 29.8 34.9 23:59 19.7 00:27 35.2 0.0 0.13 0.9 11.0 22:26 S 10 24.8 35.1 00:12 19.1 19:28 40.2 0.0 0.01 1.7 16.0 08:48 SW 11 12.6 19.1 00:00 7.1 22:32 52.4 0.0 0.00 2.1 16.0 09:25 NW 12 23.3 33.9 13:55 7.5 00:11 41.7 0.0 0.00 0.8 12.0 08:38 S 13 34.0 43.6 14:39 28.2 07:32 31.0 0.0 0.01 0.0 4.0 09:22 SSW 14 27.7 36.1 10:52 11.6 23:58 37.3 0.0 0.00 7.3 29.0 18:06 NNW 15 7.0 11.6 00:00 2.2 07:45 58.0 0.0 0.00 6.7 25.0 09:28 NNW 16 11.2 22.5 23:57 -0.2 07:27 53.8 0.0 0.00 2.4 10.0 01:39 NNW 17 33.1 38.3 11:28 22.5 00:00 31.9 0.0 0.49 3.3 19.0 02:48 SW 18 27.4 33.3 12:50 20.2 23:30 37.7 0.0 0.00 2.4 21.0 11:05 SSE 19 33.3 43.6 13:50 19.5 02:20 31.7 0.0 0.00 ---- 17.0 10:55 N 20 28.8 39.5 01:15 12.9 23:57 34.9 0.0 0.03 ---- 20.0 18:00 NW 21 10.4 15.8 15:33 5.0 07:42 54.6 0.0 0.00 ---- 20.0 01:54 N 22 10.9 24.2 14:48 0.0 07:13 54.1 0.0 0.00 ---- 11.0 05:36 NNW 23 24.5 32.5 14:37 15.3 00:00 40.5 0.0 0.00 ---- 15.0 16:29 SSW 24 24.9 30.9 14:37 20.5 07:49 40.1 0.0 0.00 ---- 16.0 06:00 N 25 29.6 38.6 13:34 21.9 23:48 35.4 0.0 0.03 ---- 12.0 20:30 WNW 26 18.6 24.3 14:14 11.0 23:28 46.4 0.0 0.00 ---- 13.0 15:14 NW 27 17.5 30.0 15:10 2.8 07:18 47.5 0.0 0.00 ---- 16.0 12:40 SSE 28 27.1 30.7 14:54 18.8 23:59 37.9 0.0 0.00 ---- 25.0 22:33 NNW 29 11.4 18.8 00:00 7.5 08:08 53.6 0.0 0.00 ---- 33.0 08:01 NNW 30 15.2 25.7 15:18 6.3 04:04 49.8 0.0 0.00 ---- 9.0 05:30 SW 31 16.7 33.4 15:19 3.2 06:15 48.3 0.0 0.01 ---- 5.0 13:12 SSW ---------------------------------------------------------------------------------- 23.9 52.0 1 -0.2 16 1272.5 0.0 1.08 2.3 33.0 29 NW Max >= 75.0 0 Max <= 65.0 31 Min <= 65.0 31 Min <= 65.0 31 Max Rain: 0.49 on day 17 Days of Rain: 2 (>= 0.20 in) 0 (>= 2.00 in) 0 (>= 20.00 in) Heat Base: 65.0 Cool Base: 75.0 Method: Integration