NOAA-Style Climate Reports
Select a Year or Month report
2024: Jan Feb Mar Apr May Jun Jul Aug Sep Oct Nov Dec
2023: Jan Feb Mar Apr May Jun Jul Aug Sep Oct Nov Dec
2022: Jan Feb Mar Apr May Jun Jul Aug Sep Oct Nov Dec
2021: Jan Feb Mar Apr May Jun Jul Aug Sep Oct Nov Dec
2020: Jan Feb Mar Apr May Jun Jul Aug Sep Oct Nov Dec
2019: Jan Feb Mar Apr May Jun Jul Aug Sep Oct Nov Dec
2018: Jan Feb Mar Apr May Jun Jul Aug Sep Oct Nov Dec
2017: Jan Feb Mar Apr May Jun Jul Aug Sep Oct Nov Dec
2016: Jan Feb Mar Apr May Jun Jul Aug Sep Oct Nov Dec
2015: Jan Feb Mar Apr May Jun Jul Aug Sep Oct Nov Dec
2014: Jan Feb Mar Apr May Jun Jul Aug Sep Oct Nov Dec
2013: Jan Feb Mar Apr May Jun Jul Aug Sep Oct Nov Dec
2012: Jan Feb Mar Apr May Jun Jul Aug Sep Oct Nov Dec
2011: Jan Feb Mar Apr May Jun Jul Aug Sep Oct Nov Dec
2010: Jan Feb Mar Apr May Jun Jul Aug Sep Oct Nov Dec
2009: Jan Feb Mar Apr May Jun Jul Aug Sep Oct Nov Dec
2008: Jan Feb Mar Apr May Jun Jul Aug Sep Oct Nov Dec
2007: Jan Feb Mar Apr May Jun Jul Aug Sep Oct Nov Dec
2006: Jan Feb Mar Apr May Jun Jul Aug Sep Oct Nov Dec
2024: Jan Feb Mar Apr May Jun Jul Aug Sep Oct Nov Dec
2023: Jan Feb Mar Apr May Jun Jul Aug Sep Oct Nov Dec
2022: Jan Feb Mar Apr May Jun Jul Aug Sep Oct Nov Dec
2021: Jan Feb Mar Apr May Jun Jul Aug Sep Oct Nov Dec
2020: Jan Feb Mar Apr May Jun Jul Aug Sep Oct Nov Dec
2019: Jan Feb Mar Apr May Jun Jul Aug Sep Oct Nov Dec
2018: Jan Feb Mar Apr May Jun Jul Aug Sep Oct Nov Dec
2017: Jan Feb Mar Apr May Jun Jul Aug Sep Oct Nov Dec
2016: Jan Feb Mar Apr May Jun Jul Aug Sep Oct Nov Dec
2015: Jan Feb Mar Apr May Jun Jul Aug Sep Oct Nov Dec
2014: Jan Feb Mar Apr May Jun Jul Aug Sep Oct Nov Dec
2013: Jan Feb Mar Apr May Jun Jul Aug Sep Oct Nov Dec
2012: Jan Feb Mar Apr May Jun Jul Aug Sep Oct Nov Dec
2011: Jan Feb Mar Apr May Jun Jul Aug Sep Oct Nov Dec
2010: Jan Feb Mar Apr May Jun Jul Aug Sep Oct Nov Dec
2009: Jan Feb Mar Apr May Jun Jul Aug Sep Oct Nov Dec
2008: Jan Feb Mar Apr May Jun Jul Aug Sep Oct Nov Dec
2007: Jan Feb Mar Apr May Jun Jul Aug Sep Oct Nov Dec
2006: Jan Feb Mar Apr May Jun Jul Aug Sep Oct Nov Dec
Report for 2022 April
Monthly Climatological Summary for Apr 2022 Name: AR573 City: Wappingers Falls State: NY Elevation: 330 ft Lat: N 41° 37' 04" Lon: W 073° 55' 27" Temperature (°F), Rain (in), Wind Speed (mph) Heat Cool Avg Mean Deg Deg Wind Dom Day Temp High Time Low Time Days Days Rain Speed High Time Dir ---------------------------------------------------------------------------------- 01 46.7 54.6 01:02 39.1 23:59 18.3 0.0 0.39 2.2 25.0 04:42 W 02 42.7 53.8 17:16 33.5 06:55 22.3 0.0 0.00 1.7 20.0 00:03 WNW 03 38.8 45.3 10:23 36.1 04:53 26.2 0.0 0.34 0.2 5.0 18:03 NW 04 43.7 54.6 16:45 34.9 06:07 21.3 0.0 0.00 1.5 16.0 11:43 NW 05 46.0 60.8 16:16 30.9 06:13 19.0 0.0 0.00 0.8 11.0 13:16 SE 06 46.9 51.1 18:26 43.4 08:00 18.1 0.0 0.24 2.7 11.0 11:42 N 07 47.6 49.9 16:20 45.9 04:15 17.4 0.0 2.30 2.0 18.0 15:30 ENE 08 52.0 62.1 16:25 45.7 06:33 13.0 0.0 0.22 1.1 12.0 01:55 W 09 45.7 50.9 00:00 41.4 23:41 19.3 0.0 0.31 0.4 11.0 15:18 SW 10 41.9 47.8 17:12 37.0 07:23 23.1 0.0 0.01 1.6 17.0 14:24 WNW 11 48.2 64.0 16:31 33.8 07:17 16.8 0.0 0.00 1.2 12.0 09:59 WSW 12 57.2 71.3 17:47 46.8 08:37 8.6 0.0 0.18 0.8 12.0 17:03 WSW 13 61.7 78.1 16:59 43.9 04:58 6.9 0.3 0.00 0.8 14.0 14:06 SE 14 67.4 86.0 14:07 55.0 23:59 2.5 1.7 0.19 1.8 17.0 17:06 WNW 15 57.7 69.4 16:48 45.2 06:34 7.9 0.0 0.00 2.1 23.0 18:17 S 16 54.1 69.0 13:42 40.5 23:51 11.0 0.0 0.38 2.8 28.0 16:58 SSW 17 40.9 47.9 16:56 34.9 06:34 24.1 0.0 0.01 2.1 18.0 16:29 NW 18 42.0 56.5 13:58 29.9 06:21 23.0 0.0 0.13 2.3 17.0 13:34 ENE 19 39.8 47.2 17:59 33.8 01:38 25.2 0.0 1.14 4.5 24.0 05:18 WNW 20 46.9 57.0 16:41 40.2 04:12 18.1 0.0 0.00 2.4 19.0 01:38 W 21 50.6 62.2 13:34 38.0 05:43 14.4 0.0 0.00 1.6 18.0 13:02 ESE 22 55.4 62.7 16:02 45.6 06:20 9.6 0.0 0.00 3.2 22.0 13:45 NNW 23 52.6 62.4 15:48 43.2 06:15 12.4 0.0 0.00 1.4 9.0 08:28 NNW 24 55.8 68.7 15:22 46.4 06:43 9.6 0.0 0.00 1.9 12.0 14:37 NNE 25 52.4 64.5 14:02 42.2 05:54 12.5 0.0 0.00 1.0 12.0 15:01 S 26 52.6 55.8 13:33 50.5 05:05 12.4 0.0 0.17 0.3 10.0 01:08 ESE 27 46.1 53.0 12:28 35.7 23:54 18.9 0.0 0.07 3.0 25.0 16:03 WNW 28 44.2 53.8 15:17 35.7 00:00 20.8 0.0 0.00 5.0 23.0 09:06 NW 29 48.5 59.0 14:58 36.9 05:45 16.5 0.0 0.00 3.3 24.0 14:02 NW 30 51.9 63.0 17:02 37.4 04:50 13.1 0.0 0.00 2.1 16.0 11:37 NNW ---------------------------------------------------------------------------------- 49.3 86.0 14 29.9 18 482.3 2.0 6.08 1.9 28.0 16 WNW Max >= 75.0 2 Max <= 65.0 24 Min <= 65.0 30 Min <= 65.0 30 Max Rain: 2.30 on day 7 Days of Rain: 8 (>= 0.20 in) 1 (>= 2.00 in) 0 (>= 20.00 in) Heat Base: 65.0 Cool Base: 75.0 Method: Integration