NOAA-Style Climate Reports
Select a Year or Month report
2024: Jan Feb Mar Apr May Jun Jul Aug Sep Oct Nov Dec
2023: Jan Feb Mar Apr May Jun Jul Aug Sep Oct Nov Dec
2022: Jan Feb Mar Apr May Jun Jul Aug Sep Oct Nov Dec
2021: Jan Feb Mar Apr May Jun Jul Aug Sep Oct Nov Dec
2020: Jan Feb Mar Apr May Jun Jul Aug Sep Oct Nov Dec
2019: Jan Feb Mar Apr May Jun Jul Aug Sep Oct Nov Dec
2018: Jan Feb Mar Apr May Jun Jul Aug Sep Oct Nov Dec
2017: Jan Feb Mar Apr May Jun Jul Aug Sep Oct Nov Dec
2016: Jan Feb Mar Apr May Jun Jul Aug Sep Oct Nov Dec
2015: Jan Feb Mar Apr May Jun Jul Aug Sep Oct Nov Dec
2014: Jan Feb Mar Apr May Jun Jul Aug Sep Oct Nov Dec
2013: Jan Feb Mar Apr May Jun Jul Aug Sep Oct Nov Dec
2012: Jan Feb Mar Apr May Jun Jul Aug Sep Oct Nov Dec
2011: Jan Feb Mar Apr May Jun Jul Aug Sep Oct Nov Dec
2010: Jan Feb Mar Apr May Jun Jul Aug Sep Oct Nov Dec
2009: Jan Feb Mar Apr May Jun Jul Aug Sep Oct Nov Dec
2008: Jan Feb Mar Apr May Jun Jul Aug Sep Oct Nov Dec
2007: Jan Feb Mar Apr May Jun Jul Aug Sep Oct Nov Dec
2006: Jan Feb Mar Apr May Jun Jul Aug Sep Oct Nov Dec
2024: Jan Feb Mar Apr May Jun Jul Aug Sep Oct Nov Dec
2023: Jan Feb Mar Apr May Jun Jul Aug Sep Oct Nov Dec
2022: Jan Feb Mar Apr May Jun Jul Aug Sep Oct Nov Dec
2021: Jan Feb Mar Apr May Jun Jul Aug Sep Oct Nov Dec
2020: Jan Feb Mar Apr May Jun Jul Aug Sep Oct Nov Dec
2019: Jan Feb Mar Apr May Jun Jul Aug Sep Oct Nov Dec
2018: Jan Feb Mar Apr May Jun Jul Aug Sep Oct Nov Dec
2017: Jan Feb Mar Apr May Jun Jul Aug Sep Oct Nov Dec
2016: Jan Feb Mar Apr May Jun Jul Aug Sep Oct Nov Dec
2015: Jan Feb Mar Apr May Jun Jul Aug Sep Oct Nov Dec
2014: Jan Feb Mar Apr May Jun Jul Aug Sep Oct Nov Dec
2013: Jan Feb Mar Apr May Jun Jul Aug Sep Oct Nov Dec
2012: Jan Feb Mar Apr May Jun Jul Aug Sep Oct Nov Dec
2011: Jan Feb Mar Apr May Jun Jul Aug Sep Oct Nov Dec
2010: Jan Feb Mar Apr May Jun Jul Aug Sep Oct Nov Dec
2009: Jan Feb Mar Apr May Jun Jul Aug Sep Oct Nov Dec
2008: Jan Feb Mar Apr May Jun Jul Aug Sep Oct Nov Dec
2007: Jan Feb Mar Apr May Jun Jul Aug Sep Oct Nov Dec
2006: Jan Feb Mar Apr May Jun Jul Aug Sep Oct Nov Dec
Report for 2022 December
Monthly Climatological Summary for Dec 2022 Name: AR573 City: Wappingers Falls State: NY Elevation: 330 ft Lat: N 41° 37' 04" Lon: W 073° 55' 27" Temperature (°F), Rain (in), Wind Speed (mph) Heat Cool Avg Mean Deg Deg Wind Dom Day Temp High Time Low Time Days Days Rain Speed High Time Dir ---------------------------------------------------------------------------------- 01 35.6 41.8 14:08 29.4 23:58 29.4 0.0 0.00 1.9 20.0 05:36 SW 02 34.6 44.9 13:49 27.2 06:04 30.4 0.0 0.00 0.8 8.0 05:19 SSE 03 46.5 54.6 16:04 35.7 00:44 18.5 0.0 0.32 1.9 21.0 16:26 S 04 36.0 42.0 00:00 28.7 22:26 29.1 0.0 0.00 0.7 16.0 00:26 WNW 05 34.8 45.8 14:08 25.3 07:02 30.2 0.0 0.00 0.6 13.0 14:27 SE 06 42.5 53.2 23:46 29.1 05:10 22.5 0.0 0.28 0.4 11.0 15:58 E 07 54.4 57.0 13:55 51.4 23:39 10.6 0.0 0.33 0.2 8.0 19:51 SSE 08 45.6 52.3 00:19 35.1 23:52 19.4 0.0 0.00 3.0 22.0 23:15 NNW 09 34.3 39.7 14:10 27.9 23:52 30.7 0.0 0.00 6.6 23.0 09:08 NNW 10 28.1 34.1 14:21 22.6 07:15 36.9 0.0 0.00 4.0 17.0 02:04 NNW 11 29.8 32.1 12:10 28.4 23:32 35.2 0.0 0.00 0.8 7.0 05:03 NW 12 27.6 30.9 13:08 22.0 22:55 37.4 0.0 0.00 2.3 20.0 14:11 NNW 13 24.5 33.9 14:20 17.4 07:14 40.5 0.0 0.00 0.9 8.0 00:10 NW 14 28.0 33.2 14:15 24.3 00:43 37.0 0.0 0.00 4.2 21.0 10:26 NNW 15 30.3 37.0 20:04 23.8 07:28 34.7 0.0 0.38 2.0 11.0 19:17 N 16 33.7 36.8 04:36 32.2 18:47 31.3 0.0 0.78 4.6 18.0 10:31 NNW 17 35.2 42.3 13:24 32.0 01:24 29.8 0.0 0.07 0.8 16.0 12:11 SSW 18 32.8 39.2 13:11 29.1 05:45 32.2 0.0 0.00 0.9 11.0 14:04 SSW 19 32.7 37.6 13:07 29.4 02:20 32.3 0.0 0.00 1.4 18.0 13:45 SSW 20 31.1 36.8 13:45 25.1 23:21 33.9 0.0 0.00 2.3 13.0 12:18 NNW 21 27.3 36.4 14:09 18.9 06:58 37.7 0.0 0.00 0.0 4.0 12:20 N 22 31.3 41.6 23:57 23.9 06:55 33.7 0.0 0.18 1.8 16.0 21:30 N 23 35.0 54.3 06:33 6.1 23:32 29.6 0.0 0.28 3.9 29.0 10:46 SSE 24 8.3 12.8 12:43 3.9 04:40 56.7 0.0 0.00 3.0 18.0 17:06 SSW 25 17.9 26.1 14:55 9.9 00:59 47.1 0.0 0.00 1.7 16.0 21:21 SSW 26 21.4 28.3 13:46 14.5 06:10 43.6 0.0 0.00 0.9 11.0 00:24 SSW 27 27.4 31.0 13:52 24.1 03:27 37.6 0.0 0.00 0.7 10.0 13:39 SSW 28 35.1 45.8 14:05 26.8 01:12 29.9 0.0 0.00 0.7 13.0 10:38 SSE 29 38.7 50.2 14:20 30.1 07:13 26.3 0.0 0.00 0.5 11.0 12:21 SSE 30 48.4 60.1 12:53 41.1 00:00 16.6 0.0 0.00 0.2 7.0 01:03 SSE 31 47.5 51.6 12:50 42.1 02:48 17.5 0.0 0.24 0.0 5.0 19:51 S ---------------------------------------------------------------------------------- 33.4 60.1 30 3.9 24 978.3 0.0 2.86 1.7 29.0 23 NW Max >= 75.0 0 Max <= 65.0 31 Min <= 65.0 31 Min <= 65.0 31 Max Rain: 0.78 on day 16 Days of Rain: 7 (>= 0.20 in) 0 (>= 2.00 in) 0 (>= 20.00 in) Heat Base: 65.0 Cool Base: 75.0 Method: Integration