NOAA-Style Climate Reports
Select a Year or Month report
2024: Jan Feb Mar Apr May Jun Jul Aug Sep Oct Nov Dec
2023: Jan Feb Mar Apr May Jun Jul Aug Sep Oct Nov Dec
2022: Jan Feb Mar Apr May Jun Jul Aug Sep Oct Nov Dec
2021: Jan Feb Mar Apr May Jun Jul Aug Sep Oct Nov Dec
2020: Jan Feb Mar Apr May Jun Jul Aug Sep Oct Nov Dec
2019: Jan Feb Mar Apr May Jun Jul Aug Sep Oct Nov Dec
2018: Jan Feb Mar Apr May Jun Jul Aug Sep Oct Nov Dec
2017: Jan Feb Mar Apr May Jun Jul Aug Sep Oct Nov Dec
2016: Jan Feb Mar Apr May Jun Jul Aug Sep Oct Nov Dec
2015: Jan Feb Mar Apr May Jun Jul Aug Sep Oct Nov Dec
2014: Jan Feb Mar Apr May Jun Jul Aug Sep Oct Nov Dec
2013: Jan Feb Mar Apr May Jun Jul Aug Sep Oct Nov Dec
2012: Jan Feb Mar Apr May Jun Jul Aug Sep Oct Nov Dec
2011: Jan Feb Mar Apr May Jun Jul Aug Sep Oct Nov Dec
2010: Jan Feb Mar Apr May Jun Jul Aug Sep Oct Nov Dec
2009: Jan Feb Mar Apr May Jun Jul Aug Sep Oct Nov Dec
2008: Jan Feb Mar Apr May Jun Jul Aug Sep Oct Nov Dec
2007: Jan Feb Mar Apr May Jun Jul Aug Sep Oct Nov Dec
2006: Jan Feb Mar Apr May Jun Jul Aug Sep Oct Nov Dec
2024: Jan Feb Mar Apr May Jun Jul Aug Sep Oct Nov Dec
2023: Jan Feb Mar Apr May Jun Jul Aug Sep Oct Nov Dec
2022: Jan Feb Mar Apr May Jun Jul Aug Sep Oct Nov Dec
2021: Jan Feb Mar Apr May Jun Jul Aug Sep Oct Nov Dec
2020: Jan Feb Mar Apr May Jun Jul Aug Sep Oct Nov Dec
2019: Jan Feb Mar Apr May Jun Jul Aug Sep Oct Nov Dec
2018: Jan Feb Mar Apr May Jun Jul Aug Sep Oct Nov Dec
2017: Jan Feb Mar Apr May Jun Jul Aug Sep Oct Nov Dec
2016: Jan Feb Mar Apr May Jun Jul Aug Sep Oct Nov Dec
2015: Jan Feb Mar Apr May Jun Jul Aug Sep Oct Nov Dec
2014: Jan Feb Mar Apr May Jun Jul Aug Sep Oct Nov Dec
2013: Jan Feb Mar Apr May Jun Jul Aug Sep Oct Nov Dec
2012: Jan Feb Mar Apr May Jun Jul Aug Sep Oct Nov Dec
2011: Jan Feb Mar Apr May Jun Jul Aug Sep Oct Nov Dec
2010: Jan Feb Mar Apr May Jun Jul Aug Sep Oct Nov Dec
2009: Jan Feb Mar Apr May Jun Jul Aug Sep Oct Nov Dec
2008: Jan Feb Mar Apr May Jun Jul Aug Sep Oct Nov Dec
2007: Jan Feb Mar Apr May Jun Jul Aug Sep Oct Nov Dec
2006: Jan Feb Mar Apr May Jun Jul Aug Sep Oct Nov Dec
Report for 2023 January
Monthly Climatological Summary for Jan 2023 Name: AR573 City: Wappingers Falls State: NY Elevation: 330 ft Lat: N 41° 37' 04" Lon: W 073° 55' 27" Temperature (°F), Rain (in), Wind Speed (mph) Heat Cool Avg Mean Deg Deg Wind Dom Day Temp High Time Low Time Days Days Rain Speed High Time Dir ---------------------------------------------------------------------------------- 01 46.4 50.1 13:04 41.2 23:57 18.6 0.0 0.00 0.8 10.0 04:41 SW 02 44.9 54.4 14:31 39.2 07:46 20.1 0.0 0.00 1.2 8.0 11:20 SSW 03 40.0 45.5 23:53 37.1 09:58 25.0 0.0 0.49 0.3 7.0 00:11 NNW 04 45.6 52.2 06:55 41.4 21:34 19.4 0.0 0.19 1.4 9.0 07:29 NW 05 44.4 47.0 14:08 41.7 03:22 20.6 0.0 0.02 0.3 6.0 06:19 NNE 06 41.4 47.6 13:13 36.4 23:51 23.6 0.0 0.31 0.4 9.0 02:53 N 07 36.1 42.5 12:50 30.3 05:38 28.9 0.0 0.00 0.4 10.0 17:22 WNW 08 29.6 35.6 13:45 25.1 07:33 35.4 0.0 0.00 1.1 9.0 08:55 NNW 09 32.9 40.4 13:45 27.3 00:20 32.1 0.0 0.00 0.8 11.0 14:28 NNW 10 35.3 40.8 12:15 29.4 00:10 29.7 0.0 0.00 0.9 9.0 20:48 NNW 11 30.3 34.3 15:12 23.7 08:18 34.7 0.0 0.00 1.9 11.0 02:03 NNW 12 37.2 47.4 23:09 32.9 03:34 27.8 0.0 0.38 0.5 8.0 22:17 NNE 13 45.5 53.8 11:13 32.6 23:58 19.5 0.0 0.12 2.5 24.0 23:57 NNW 14 29.0 32.6 00:00 26.5 23:37 36.0 0.0 0.00 10.3 33.0 10:47 NNW 15 28.3 34.0 14:13 25.0 23:58 36.7 0.0 0.00 10.4 30.0 03:55 NNW 16 29.3 36.6 14:38 24.4 00:38 35.7 0.0 0.00 4.2 21.0 01:23 NNW 17 31.0 36.4 15:36 24.0 07:18 34.0 0.0 0.00 0.3 7.0 01:56 WNW 18 41.8 49.9 13:54 31.8 00:37 23.2 0.0 0.00 1.2 17.0 16:07 SW 19 35.4 39.2 00:06 33.8 07:24 29.6 0.0 0.82 0.6 9.0 22:46 NW 20 39.0 44.3 11:54 35.2 00:16 26.0 0.0 0.03 1.0 13.0 19:19 SW 21 34.5 37.7 00:51 31.7 23:28 30.5 0.0 0.00 1.9 11.0 02:43 NNW 22 34.1 39.6 13:48 31.4 05:14 30.9 0.0 0.16 0.7 10.0 13:56 ESE 23 32.0 33.6 05:37 30.6 20:39 33.0 0.0 0.48 3.1 18.0 04:40 NNW 24 34.8 39.1 12:51 31.4 01:03 30.2 0.0 0.13 1.6 19.0 12:37 SW 25 33.5 41.2 22:54 30.3 07:40 31.5 0.0 0.46 0.7 13.0 14:02 ENE 26 38.5 41.3 09:22 35.4 23:47 26.5 0.0 0.32 2.0 18.0 13:32 SW 27 33.7 40.2 11:58 28.0 07:03 31.3 0.0 0.00 0.5 10.0 02:02 S 28 39.4 49.5 13:53 27.1 01:56 25.6 0.0 0.00 0.9 17.0 10:35 S 29 39.2 47.5 15:17 30.1 07:48 25.8 0.0 0.00 0.8 8.0 00:49 W 30 39.3 48.5 14:35 31.0 23:56 25.7 0.0 0.01 1.7 17.0 22:43 NW 31 29.3 34.9 12:00 22.6 23:47 35.7 0.0 0.00 3.1 14.0 13:19 N ---------------------------------------------------------------------------------- 36.5 54.4 2 22.6 31 883.3 0.0 3.92 1.8 33.0 14 NNW Max >= 75.0 0 Max <= 65.0 31 Min <= 65.0 31 Min <= 65.0 31 Max Rain: 0.82 on day 19 Days of Rain: 7 (>= 0.20 in) 0 (>= 2.00 in) 0 (>= 20.00 in) Heat Base: 65.0 Cool Base: 75.0 Method: Integration