NOAA-Style Climate Reports
Select a Year or Month report
2024: Jan Feb Mar Apr May Jun Jul Aug Sep Oct Nov Dec
2023: Jan Feb Mar Apr May Jun Jul Aug Sep Oct Nov Dec
2022: Jan Feb Mar Apr May Jun Jul Aug Sep Oct Nov Dec
2021: Jan Feb Mar Apr May Jun Jul Aug Sep Oct Nov Dec
2020: Jan Feb Mar Apr May Jun Jul Aug Sep Oct Nov Dec
2019: Jan Feb Mar Apr May Jun Jul Aug Sep Oct Nov Dec
2018: Jan Feb Mar Apr May Jun Jul Aug Sep Oct Nov Dec
2017: Jan Feb Mar Apr May Jun Jul Aug Sep Oct Nov Dec
2016: Jan Feb Mar Apr May Jun Jul Aug Sep Oct Nov Dec
2015: Jan Feb Mar Apr May Jun Jul Aug Sep Oct Nov Dec
2014: Jan Feb Mar Apr May Jun Jul Aug Sep Oct Nov Dec
2013: Jan Feb Mar Apr May Jun Jul Aug Sep Oct Nov Dec
2012: Jan Feb Mar Apr May Jun Jul Aug Sep Oct Nov Dec
2011: Jan Feb Mar Apr May Jun Jul Aug Sep Oct Nov Dec
2010: Jan Feb Mar Apr May Jun Jul Aug Sep Oct Nov Dec
2009: Jan Feb Mar Apr May Jun Jul Aug Sep Oct Nov Dec
2008: Jan Feb Mar Apr May Jun Jul Aug Sep Oct Nov Dec
2007: Jan Feb Mar Apr May Jun Jul Aug Sep Oct Nov Dec
2006: Jan Feb Mar Apr May Jun Jul Aug Sep Oct Nov Dec
2024: Jan Feb Mar Apr May Jun Jul Aug Sep Oct Nov Dec
2023: Jan Feb Mar Apr May Jun Jul Aug Sep Oct Nov Dec
2022: Jan Feb Mar Apr May Jun Jul Aug Sep Oct Nov Dec
2021: Jan Feb Mar Apr May Jun Jul Aug Sep Oct Nov Dec
2020: Jan Feb Mar Apr May Jun Jul Aug Sep Oct Nov Dec
2019: Jan Feb Mar Apr May Jun Jul Aug Sep Oct Nov Dec
2018: Jan Feb Mar Apr May Jun Jul Aug Sep Oct Nov Dec
2017: Jan Feb Mar Apr May Jun Jul Aug Sep Oct Nov Dec
2016: Jan Feb Mar Apr May Jun Jul Aug Sep Oct Nov Dec
2015: Jan Feb Mar Apr May Jun Jul Aug Sep Oct Nov Dec
2014: Jan Feb Mar Apr May Jun Jul Aug Sep Oct Nov Dec
2013: Jan Feb Mar Apr May Jun Jul Aug Sep Oct Nov Dec
2012: Jan Feb Mar Apr May Jun Jul Aug Sep Oct Nov Dec
2011: Jan Feb Mar Apr May Jun Jul Aug Sep Oct Nov Dec
2010: Jan Feb Mar Apr May Jun Jul Aug Sep Oct Nov Dec
2009: Jan Feb Mar Apr May Jun Jul Aug Sep Oct Nov Dec
2008: Jan Feb Mar Apr May Jun Jul Aug Sep Oct Nov Dec
2007: Jan Feb Mar Apr May Jun Jul Aug Sep Oct Nov Dec
2006: Jan Feb Mar Apr May Jun Jul Aug Sep Oct Nov Dec
Report for 2023 February
Monthly Climatological Summary for Feb 2023 Name: AR573 City: Wappingers Falls State: NY Elevation: 330 ft Lat: N 41° 37' 04" Lon: W 073° 55' 27" Temperature (°F), Rain (in), Wind Speed (mph) Heat Cool Avg Mean Deg Deg Wind Dom Day Temp High Time Low Time Days Days Rain Speed High Time Dir ---------------------------------------------------------------------------------- 01 26.0 34.9 14:19 21.0 07:25 39.0 0.0 0.00 1.6 14.0 14:52 NW 02 28.1 38.8 15:16 18.2 04:59 36.9 0.0 0.00 1.0 13.0 11:58 S 03 16.4 32.1 03:08 -1.5 23:52 48.6 0.0 0.00 4.6 24.0 17:53 WNW 04 6.4 20.3 23:58 -7.9 04:53 58.5 0.0 0.00 2.0 16.0 01:01 NNW 05 32.7 45.1 14:51 19.5 07:01 32.3 0.0 0.00 0.7 12.0 09:52 SSE 06 36.4 44.3 11:41 27.5 23:59 28.6 0.0 0.00 3.6 26.0 13:55 NNW 07 30.2 40.1 13:58 19.8 07:03 34.8 0.0 0.04 1.2 14.0 14:06 NNE 08 39.9 49.7 14:32 31.4 05:29 25.1 0.0 0.00 0.9 13.0 11:33 WNW 09 38.0 48.1 18:48 27.1 05:08 27.0 0.0 0.01 0.4 11.0 18:43 SE 10 47.2 54.6 10:42 41.0 23:57 17.8 0.0 0.00 1.5 23.0 12:37 SW 11 36.4 42.4 15:14 31.3 23:22 28.6 0.0 0.00 2.0 18.0 00:30 NW 12 36.0 45.4 14:00 24.9 05:53 29.0 0.0 0.00 0.5 9.0 23:00 NW 13 42.4 55.1 14:48 31.5 07:12 22.6 0.0 0.00 2.2 13.0 23:57 NW 14 44.6 54.3 15:03 38.0 05:36 20.4 0.0 0.00 1.1 17.0 00:07 WNW 15 51.5 65.3 14:49 34.8 02:09 13.5 0.0 0.00 1.3 17.0 12:38 SE 16 51.8 57.2 14:07 45.8 21:11 13.2 0.0 0.03 0.9 9.0 00:05 NW 17 44.6 56.8 11:47 28.3 23:53 20.4 0.0 0.18 2.8 23.0 19:24 NW 18 31.4 42.1 15:25 21.3 07:00 33.6 0.0 0.00 1.8 20.0 00:13 WNW 19 38.4 47.1 14:52 30.7 03:26 26.6 0.0 0.00 0.8 14.0 13:05 ESE 20 44.6 59.4 14:43 33.9 06:59 20.4 0.0 0.00 1.3 17.0 20:32 NNW 21 35.6 40.0 14:13 31.9 04:34 29.4 0.0 0.32 0.5 14.0 02:17 NW 22 33.8 38.4 13:55 30.1 06:28 31.2 0.0 0.02 0.7 6.0 02:47 NNW 23 35.0 38.6 16:07 32.0 00:00 30.0 0.0 0.39 0.5 10.0 20:13 NE 24 33.2 39.9 07:41 19.7 23:55 31.8 0.0 0.01 3.5 25.0 15:26 NW 25 20.8 26.1 15:53 16.9 05:35 44.2 0.0 0.00 0.5 11.0 14:50 ENE 26 28.0 40.5 15:58 15.0 05:22 37.0 0.0 0.04 1.0 11.0 13:36 SSE 27 32.6 41.1 15:47 26.0 06:40 32.4 0.0 0.00 1.7 14.0 19:13 NNE 28 29.9 33.1 13:52 26.2 05:55 35.1 0.0 0.01 0.4 7.0 04:41 NNE ---------------------------------------------------------------------------------- 34.7 65.3 15 -7.9 4 848.0 0.0 1.05 1.5 26.0 6 NW Max >= 75.0 0 Max <= 65.0 27 Min <= 65.0 28 Min <= 65.0 28 Max Rain: 0.39 on day 23 Days of Rain: 2 (>= 0.20 in) 0 (>= 2.00 in) 0 (>= 20.00 in) Heat Base: 65.0 Cool Base: 75.0 Method: Integration