NOAA-Style Climate Reports
Select a Year or Month report
2024: Jan Feb Mar Apr May Jun Jul Aug Sep Oct Nov Dec
2023: Jan Feb Mar Apr May Jun Jul Aug Sep Oct Nov Dec
2022: Jan Feb Mar Apr May Jun Jul Aug Sep Oct Nov Dec
2021: Jan Feb Mar Apr May Jun Jul Aug Sep Oct Nov Dec
2020: Jan Feb Mar Apr May Jun Jul Aug Sep Oct Nov Dec
2019: Jan Feb Mar Apr May Jun Jul Aug Sep Oct Nov Dec
2018: Jan Feb Mar Apr May Jun Jul Aug Sep Oct Nov Dec
2017: Jan Feb Mar Apr May Jun Jul Aug Sep Oct Nov Dec
2016: Jan Feb Mar Apr May Jun Jul Aug Sep Oct Nov Dec
2015: Jan Feb Mar Apr May Jun Jul Aug Sep Oct Nov Dec
2014: Jan Feb Mar Apr May Jun Jul Aug Sep Oct Nov Dec
2013: Jan Feb Mar Apr May Jun Jul Aug Sep Oct Nov Dec
2012: Jan Feb Mar Apr May Jun Jul Aug Sep Oct Nov Dec
2011: Jan Feb Mar Apr May Jun Jul Aug Sep Oct Nov Dec
2010: Jan Feb Mar Apr May Jun Jul Aug Sep Oct Nov Dec
2009: Jan Feb Mar Apr May Jun Jul Aug Sep Oct Nov Dec
2008: Jan Feb Mar Apr May Jun Jul Aug Sep Oct Nov Dec
2007: Jan Feb Mar Apr May Jun Jul Aug Sep Oct Nov Dec
2006: Jan Feb Mar Apr May Jun Jul Aug Sep Oct Nov Dec
2024: Jan Feb Mar Apr May Jun Jul Aug Sep Oct Nov Dec
2023: Jan Feb Mar Apr May Jun Jul Aug Sep Oct Nov Dec
2022: Jan Feb Mar Apr May Jun Jul Aug Sep Oct Nov Dec
2021: Jan Feb Mar Apr May Jun Jul Aug Sep Oct Nov Dec
2020: Jan Feb Mar Apr May Jun Jul Aug Sep Oct Nov Dec
2019: Jan Feb Mar Apr May Jun Jul Aug Sep Oct Nov Dec
2018: Jan Feb Mar Apr May Jun Jul Aug Sep Oct Nov Dec
2017: Jan Feb Mar Apr May Jun Jul Aug Sep Oct Nov Dec
2016: Jan Feb Mar Apr May Jun Jul Aug Sep Oct Nov Dec
2015: Jan Feb Mar Apr May Jun Jul Aug Sep Oct Nov Dec
2014: Jan Feb Mar Apr May Jun Jul Aug Sep Oct Nov Dec
2013: Jan Feb Mar Apr May Jun Jul Aug Sep Oct Nov Dec
2012: Jan Feb Mar Apr May Jun Jul Aug Sep Oct Nov Dec
2011: Jan Feb Mar Apr May Jun Jul Aug Sep Oct Nov Dec
2010: Jan Feb Mar Apr May Jun Jul Aug Sep Oct Nov Dec
2009: Jan Feb Mar Apr May Jun Jul Aug Sep Oct Nov Dec
2008: Jan Feb Mar Apr May Jun Jul Aug Sep Oct Nov Dec
2007: Jan Feb Mar Apr May Jun Jul Aug Sep Oct Nov Dec
2006: Jan Feb Mar Apr May Jun Jul Aug Sep Oct Nov Dec
Report for 2023 April
Monthly Climatological Summary for Apr 2023 Name: AR573 City: Wappingers Falls State: NY Elevation: 330 ft Lat: N 41° 37' 04" Lon: W 073° 55' 27" Temperature (°F), Rain (in), Wind Speed (mph) Heat Cool Avg Mean Deg Deg Wind Dom Day Temp High Time Low Time Days Days Rain Speed High Time Dir ---------------------------------------------------------------------------------- 01 54.9 73.0 16:05 44.1 00:23 11.2 0.0 0.15 1.3 25.0 18:15 S 02 42.1 51.1 00:00 33.0 23:47 22.9 0.0 0.00 3.9 25.0 01:07 NW 03 44.3 60.8 15:32 26.6 06:20 20.7 0.0 0.00 1.4 16.0 12:21 SE 04 56.1 75.2 17:14 43.0 07:13 10.5 0.0 0.00 1.7 16.0 21:13 NNW 05 50.4 56.1 12:31 45.6 22:55 14.6 0.0 0.00 2.4 19.0 13:20 ENE 06 55.7 74.5 15:15 45.5 03:19 10.6 0.0 0.03 1.4 17.0 16:40 W 07 49.4 55.2 11:29 38.8 23:55 15.6 0.0 0.00 2.2 17.0 12:25 WNW 08 41.7 53.3 16:51 30.0 06:47 23.3 0.0 0.00 1.5 16.0 13:57 NNW 09 44.0 56.9 17:13 31.3 06:29 21.0 0.0 0.00 1.3 11.0 16:51 NNW 10 50.3 67.8 16:28 33.0 06:18 14.9 0.0 0.00 0.5 9.0 13:01 NNW 11 59.4 73.4 13:58 42.3 07:18 8.0 0.0 0.00 1.6 15.0 11:57 SSW 12 70.7 82.8 16:42 60.5 04:15 1.1 1.6 0.00 1.7 18.0 15:15 W 13 76.5 91.6 15:59 61.8 07:07 0.1 4.9 0.00 0.9 13.0 15:27 SSW 14 77.6 93.2 17:09 59.3 07:18 0.2 5.3 0.00 0.5 10.0 13:26 S 15 68.4 79.1 15:09 59.5 23:48 0.8 0.3 0.13 0.7 15.0 16:18 ESE 16 62.6 72.8 15:55 57.9 23:59 3.6 0.0 0.43 0.6 10.0 23:38 E 17 57.2 63.3 15:07 53.3 23:57 7.8 0.0 0.06 0.8 13.0 19:04 SSE 18 48.1 53.3 00:00 42.4 23:57 16.9 0.0 0.00 1.9 21.0 09:43 SSW 19 44.5 52.7 16:13 38.7 03:04 20.4 0.0 0.00 1.9 15.0 10:34 WNW 20 50.3 68.0 17:54 37.2 03:38 14.8 0.0 0.00 0.7 10.0 07:56 N 21 59.4 74.6 15:39 47.7 06:43 7.5 0.0 0.00 1.2 14.0 12:50 ESE 22 55.4 66.7 13:53 49.3 04:12 9.6 0.0 0.90 1.8 21.0 18:58 ENE 23 52.4 58.1 17:30 45.5 23:59 12.6 0.0 1.23 1.3 15.0 13:49 NNW 24 48.7 58.0 16:26 40.0 05:48 16.3 0.0 0.00 0.8 11.0 15:32 NW 25 46.7 55.4 14:27 36.6 03:56 18.3 0.0 0.00 0.8 11.0 09:48 NNW 26 47.8 62.3 15:59 32.8 05:58 17.2 0.0 0.05 0.8 11.0 18:01 S 27 49.7 60.0 17:06 44.3 04:46 15.3 0.0 0.02 0.5 10.0 14:36 S 28 49.3 59.5 11:57 40.1 04:47 15.7 0.0 0.01 0.8 13.0 15:23 ENE 29 47.0 49.9 13:01 42.6 03:57 18.0 0.0 0.57 0.6 16.0 13:53 NNE 30 50.8 54.1 14:11 46.7 03:57 14.2 0.0 1.40 1.1 10.0 16:13 N ---------------------------------------------------------------------------------- 53.7 93.2 14 26.6 3 383.7 12.1 4.98 1.3 25.0 1 NW Max >= 75.0 5 Max <= 65.0 17 Min <= 65.0 30 Min <= 65.0 30 Max Rain: 1.40 on day 30 Days of Rain: 5 (>= 0.20 in) 0 (>= 2.00 in) 0 (>= 20.00 in) Heat Base: 65.0 Cool Base: 75.0 Method: Integration