NOAA-Style Climate Reports
Select a Year or Month report
2024: Jan Feb Mar Apr May Jun Jul Aug Sep Oct Nov Dec
2023: Jan Feb Mar Apr May Jun Jul Aug Sep Oct Nov Dec
2022: Jan Feb Mar Apr May Jun Jul Aug Sep Oct Nov Dec
2021: Jan Feb Mar Apr May Jun Jul Aug Sep Oct Nov Dec
2020: Jan Feb Mar Apr May Jun Jul Aug Sep Oct Nov Dec
2019: Jan Feb Mar Apr May Jun Jul Aug Sep Oct Nov Dec
2018: Jan Feb Mar Apr May Jun Jul Aug Sep Oct Nov Dec
2017: Jan Feb Mar Apr May Jun Jul Aug Sep Oct Nov Dec
2016: Jan Feb Mar Apr May Jun Jul Aug Sep Oct Nov Dec
2015: Jan Feb Mar Apr May Jun Jul Aug Sep Oct Nov Dec
2014: Jan Feb Mar Apr May Jun Jul Aug Sep Oct Nov Dec
2013: Jan Feb Mar Apr May Jun Jul Aug Sep Oct Nov Dec
2012: Jan Feb Mar Apr May Jun Jul Aug Sep Oct Nov Dec
2011: Jan Feb Mar Apr May Jun Jul Aug Sep Oct Nov Dec
2010: Jan Feb Mar Apr May Jun Jul Aug Sep Oct Nov Dec
2009: Jan Feb Mar Apr May Jun Jul Aug Sep Oct Nov Dec
2008: Jan Feb Mar Apr May Jun Jul Aug Sep Oct Nov Dec
2007: Jan Feb Mar Apr May Jun Jul Aug Sep Oct Nov Dec
2006: Jan Feb Mar Apr May Jun Jul Aug Sep Oct Nov Dec
2024: Jan Feb Mar Apr May Jun Jul Aug Sep Oct Nov Dec
2023: Jan Feb Mar Apr May Jun Jul Aug Sep Oct Nov Dec
2022: Jan Feb Mar Apr May Jun Jul Aug Sep Oct Nov Dec
2021: Jan Feb Mar Apr May Jun Jul Aug Sep Oct Nov Dec
2020: Jan Feb Mar Apr May Jun Jul Aug Sep Oct Nov Dec
2019: Jan Feb Mar Apr May Jun Jul Aug Sep Oct Nov Dec
2018: Jan Feb Mar Apr May Jun Jul Aug Sep Oct Nov Dec
2017: Jan Feb Mar Apr May Jun Jul Aug Sep Oct Nov Dec
2016: Jan Feb Mar Apr May Jun Jul Aug Sep Oct Nov Dec
2015: Jan Feb Mar Apr May Jun Jul Aug Sep Oct Nov Dec
2014: Jan Feb Mar Apr May Jun Jul Aug Sep Oct Nov Dec
2013: Jan Feb Mar Apr May Jun Jul Aug Sep Oct Nov Dec
2012: Jan Feb Mar Apr May Jun Jul Aug Sep Oct Nov Dec
2011: Jan Feb Mar Apr May Jun Jul Aug Sep Oct Nov Dec
2010: Jan Feb Mar Apr May Jun Jul Aug Sep Oct Nov Dec
2009: Jan Feb Mar Apr May Jun Jul Aug Sep Oct Nov Dec
2008: Jan Feb Mar Apr May Jun Jul Aug Sep Oct Nov Dec
2007: Jan Feb Mar Apr May Jun Jul Aug Sep Oct Nov Dec
2006: Jan Feb Mar Apr May Jun Jul Aug Sep Oct Nov Dec
Report for 2023 June
Monthly Climatological Summary for Jun 2023 Name: AR573 City: Wappingers Falls State: NY Elevation: 330 ft Lat: N 41° 37' 04" Lon: W 073° 55' 27" Temperature (°F), Rain (in), Wind Speed (mph) Heat Cool Avg Mean Deg Deg Wind Dom Day Temp High Time Low Time Days Days Rain Speed High Time Dir ---------------------------------------------------------------------------------- 01 71.5 90.7 15:33 52.6 05:30 3.3 4.3 0.00 0.3 8.0 15:46 NW 02 73.9 92.2 15:08 59.0 05:43 0.7 4.1 0.00 0.9 15.0 15:26 NNW 03 63.1 68.0 01:41 51.9 23:58 2.3 0.0 0.00 0.9 17.0 16:34 N 04 55.6 64.1 15:36 45.3 05:43 9.4 0.0 0.00 2.5 21.0 20:15 N 05 62.2 73.6 16:32 48.6 05:11 4.9 0.0 0.00 1.6 20.0 12:54 N 06 60.5 73.1 13:23 51.8 23:58 5.3 0.0 0.04 0.4 15.0 21:15 N 07 58.7 67.2 13:23 46.4 05:49 6.6 0.0 0.00 0.9 14.0 21:05 NE 08 57.6 67.3 14:51 48.9 05:39 7.5 0.0 0.00 0.4 14.0 19:54 N 09 58.1 72.1 15:36 49.1 05:09 7.6 0.0 0.06 0.5 16.0 15:42 NNW 10 63.2 77.5 16:47 49.7 05:17 5.3 0.2 0.00 0.5 9.0 16:54 S 11 70.1 87.6 14:49 54.2 05:06 2.9 2.8 0.00 0.4 9.0 17:51 ESE 12 70.9 79.1 17:36 63.9 23:51 0.1 0.7 0.13 0.9 16.0 14:55 ENE 13 66.2 78.4 17:22 59.9 05:59 1.0 0.1 0.02 0.5 9.0 12:08 N 14 61.8 75.7 11:58 52.6 05:19 4.2 0.0 0.50 0.6 13.0 21:26 SSE 15 67.7 78.6 14:57 58.1 03:53 1.8 0.3 0.00 0.7 9.0 00:10 S 16 63.5 75.2 13:18 55.7 06:14 2.9 0.0 0.39 0.3 11.0 23:34 N 17 62.2 73.1 12:18 57.7 05:41 4.2 0.0 0.04 1.1 19.0 14:01 N 18 68.0 78.9 15:08 57.1 04:52 2.0 0.5 0.00 0.8 12.0 20:16 NNW 19 68.9 83.1 15:38 57.5 05:43 1.8 1.1 0.00 1.2 10.0 07:59 N 20 67.4 81.6 15:56 59.7 05:23 1.7 0.8 0.19 0.3 8.0 00:08 SE 21 66.2 78.2 14:33 56.0 05:35 2.6 0.2 0.00 0.6 11.0 16:05 NE 22 66.1 79.3 17:21 56.7 02:33 2.8 0.3 0.00 1.2 12.0 10:00 N 23 68.2 76.0 12:46 61.5 05:35 0.5 0.0 0.05 0.1 6.0 10:12 E 24 71.8 83.8 16:54 66.9 05:49 0.0 1.1 0.35 0.1 6.0 13:29 SSE 25 75.0 88.7 14:56 67.2 05:33 0.0 3.0 0.00 0.4 11.0 15:32 SE 26 69.2 76.1 11:15 64.9 23:23 0.0 0.0 1.92 0.1 9.0 18:07 NNE 27 68.0 79.6 16:27 62.9 04:08 0.4 0.3 0.77 0.1 14.0 20:43 SSE 28 69.1 79.8 13:04 62.8 05:11 0.4 0.4 0.48 0.3 9.0 16:46 SSE 29 71.1 83.6 14:35 60.2 04:47 1.1 1.8 0.00 0.2 8.0 15:55 WNW 30 72.8 87.1 16:00 60.3 06:38 0.8 3.1 0.00 0.2 8.0 13:05 SSE ---------------------------------------------------------------------------------- 66.3 92.2 2 45.3 4 84.1 25.1 4.94 0.6 21.0 4 N Max >= 75.0 22 Max <= 65.0 1 Min <= 65.0 28 Min <= 65.0 28 Max Rain: 1.92 on day 26 Days of Rain: 6 (>= 0.20 in) 0 (>= 2.00 in) 0 (>= 20.00 in) Heat Base: 65.0 Cool Base: 75.0 Method: Integration