NOAA-Style Climate Reports
Select a Year or Month report
2024: Jan Feb Mar Apr May Jun Jul Aug Sep Oct Nov Dec
2023: Jan Feb Mar Apr May Jun Jul Aug Sep Oct Nov Dec
2022: Jan Feb Mar Apr May Jun Jul Aug Sep Oct Nov Dec
2021: Jan Feb Mar Apr May Jun Jul Aug Sep Oct Nov Dec
2020: Jan Feb Mar Apr May Jun Jul Aug Sep Oct Nov Dec
2019: Jan Feb Mar Apr May Jun Jul Aug Sep Oct Nov Dec
2018: Jan Feb Mar Apr May Jun Jul Aug Sep Oct Nov Dec
2017: Jan Feb Mar Apr May Jun Jul Aug Sep Oct Nov Dec
2016: Jan Feb Mar Apr May Jun Jul Aug Sep Oct Nov Dec
2015: Jan Feb Mar Apr May Jun Jul Aug Sep Oct Nov Dec
2014: Jan Feb Mar Apr May Jun Jul Aug Sep Oct Nov Dec
2013: Jan Feb Mar Apr May Jun Jul Aug Sep Oct Nov Dec
2012: Jan Feb Mar Apr May Jun Jul Aug Sep Oct Nov Dec
2011: Jan Feb Mar Apr May Jun Jul Aug Sep Oct Nov Dec
2010: Jan Feb Mar Apr May Jun Jul Aug Sep Oct Nov Dec
2009: Jan Feb Mar Apr May Jun Jul Aug Sep Oct Nov Dec
2008: Jan Feb Mar Apr May Jun Jul Aug Sep Oct Nov Dec
2007: Jan Feb Mar Apr May Jun Jul Aug Sep Oct Nov Dec
2006: Jan Feb Mar Apr May Jun Jul Aug Sep Oct Nov Dec
2024: Jan Feb Mar Apr May Jun Jul Aug Sep Oct Nov Dec
2023: Jan Feb Mar Apr May Jun Jul Aug Sep Oct Nov Dec
2022: Jan Feb Mar Apr May Jun Jul Aug Sep Oct Nov Dec
2021: Jan Feb Mar Apr May Jun Jul Aug Sep Oct Nov Dec
2020: Jan Feb Mar Apr May Jun Jul Aug Sep Oct Nov Dec
2019: Jan Feb Mar Apr May Jun Jul Aug Sep Oct Nov Dec
2018: Jan Feb Mar Apr May Jun Jul Aug Sep Oct Nov Dec
2017: Jan Feb Mar Apr May Jun Jul Aug Sep Oct Nov Dec
2016: Jan Feb Mar Apr May Jun Jul Aug Sep Oct Nov Dec
2015: Jan Feb Mar Apr May Jun Jul Aug Sep Oct Nov Dec
2014: Jan Feb Mar Apr May Jun Jul Aug Sep Oct Nov Dec
2013: Jan Feb Mar Apr May Jun Jul Aug Sep Oct Nov Dec
2012: Jan Feb Mar Apr May Jun Jul Aug Sep Oct Nov Dec
2011: Jan Feb Mar Apr May Jun Jul Aug Sep Oct Nov Dec
2010: Jan Feb Mar Apr May Jun Jul Aug Sep Oct Nov Dec
2009: Jan Feb Mar Apr May Jun Jul Aug Sep Oct Nov Dec
2008: Jan Feb Mar Apr May Jun Jul Aug Sep Oct Nov Dec
2007: Jan Feb Mar Apr May Jun Jul Aug Sep Oct Nov Dec
2006: Jan Feb Mar Apr May Jun Jul Aug Sep Oct Nov Dec
Report for 2023 September
Monthly Climatological Summary for Sep 2023 Name: AR573 City: Wappingers Falls State: NY Elevation: 330 ft Lat: N 41° 37' 04" Lon: W 073° 55' 27" Temperature (°F), Rain (in), Wind Speed (mph) Heat Cool Avg Mean Deg Deg Wind Dom Day Temp High Time Low Time Days Days Rain Speed High Time Dir ---------------------------------------------------------------------------------- 01 63.6 78.4 15:54 50.4 06:51 4.5 0.2 0.00 0.7 11.0 01:43 NNW 02 67.6 81.7 15:38 53.2 05:36 3.4 1.2 0.00 0.7 11.0 15:40 SSE 03 75.8 90.9 16:56 64.7 06:47 0.0 4.1 0.00 0.5 9.0 05:28 SSE 04 76.8 90.8 17:32 66.0 05:56 0.0 4.3 0.00 0.2 8.0 07:34 SSE 05 77.9 89.1 14:12 68.4 04:58 0.0 4.6 0.00 0.3 8.0 12:37 NNW 06 79.3 93.8 16:06 69.9 05:34 0.0 5.5 0.00 0.3 8.0 12:30 NNW 07 78.5 94.4 14:38 67.2 20:46 0.0 6.1 0.20 0.3 18.0 19:36 SSE 08 71.8 86.5 15:05 66.5 06:40 0.0 1.8 0.29 0.3 19.0 16:53 SSE 09 71.8 82.2 16:22 66.9 07:40 0.0 1.1 0.06 0.3 8.0 23:02 N 10 70.1 75.4 16:52 66.0 06:19 0.0 0.0 0.20 0.0 6.0 12:00 SE 11 71.6 84.1 15:13 66.4 23:49 0.0 0.9 0.10 0.3 11.0 20:44 NNW 12 70.1 84.7 16:14 63.4 07:21 0.4 1.4 0.01 0.2 7.0 02:58 N 13 69.0 78.8 16:05 65.3 23:17 0.0 0.1 0.35 0.3 8.0 19:23 N 14 64.8 74.7 17:04 56.7 23:58 2.5 0.0 0.00 2.1 15.0 09:41 N 15 57.9 65.3 16:21 50.2 07:09 7.1 0.0 0.00 4.2 23.0 10:24 N 16 64.3 76.8 17:07 56.8 07:12 3.1 0.0 0.00 1.1 15.0 03:15 NNW 17 62.6 77.1 13:41 48.5 07:21 4.9 0.0 0.22 0.1 6.0 12:32 SSE 18 61.2 63.9 13:12 57.6 23:20 3.8 0.0 2.35 0.5 15.0 16:56 N 19 61.8 72.9 15:02 54.7 06:40 4.7 0.0 0.01 0.7 14.0 12:12 SE 20 61.3 77.1 16:49 48.4 07:08 5.9 0.0 0.00 0.4 7.0 15:01 SSE 21 58.5 71.2 16:57 47.3 06:43 7.1 0.0 0.00 1.1 12.0 12:46 N 22 59.7 73.5 14:55 49.6 07:27 6.8 0.0 0.00 0.4 9.0 13:21 NNE 23 54.5 56.8 00:00 53.1 06:25 10.5 0.0 0.31 4.1 18.0 14:52 N 24 55.4 57.4 20:11 53.3 05:15 9.6 0.0 0.92 3.8 16.0 08:25 NNW 25 54.8 56.7 00:00 52.1 11:48 10.2 0.0 1.78 3.5 18.0 10:34 NNW 26 56.7 63.7 14:53 49.7 23:27 8.3 0.0 0.00 2.5 16.0 14:51 N 27 54.7 70.5 15:29 43.8 07:20 10.9 0.0 0.01 0.5 11.0 14:42 NNW 28 55.0 63.7 16:29 45.3 07:06 10.0 0.0 0.07 0.7 8.0 06:01 N 29 54.6 56.5 01:25 53.0 07:07 10.4 0.0 1.65 2.6 14.0 22:17 NNW 30 57.3 62.4 15:51 54.5 07:41 7.7 0.0 0.15 1.4 11.0 02:30 N ---------------------------------------------------------------------------------- 64.6 94.4 7 43.8 27 131.8 31.3 8.68 1.1 23.0 15 N Max >= 75.0 16 Max <= 65.0 8 Min <= 65.0 21 Min <= 65.0 21 Max Rain: 2.35 on day 18 Days of Rain: 10 (>= 0.20 in) 1 (>= 2.00 in) 0 (>= 20.00 in) Heat Base: 65.0 Cool Base: 75.0 Method: Integration