NOAA-Style Climate Reports
Select a Year or Month report
2024: Jan Feb Mar Apr May Jun Jul Aug Sep Oct Nov Dec
2023: Jan Feb Mar Apr May Jun Jul Aug Sep Oct Nov Dec
2022: Jan Feb Mar Apr May Jun Jul Aug Sep Oct Nov Dec
2021: Jan Feb Mar Apr May Jun Jul Aug Sep Oct Nov Dec
2020: Jan Feb Mar Apr May Jun Jul Aug Sep Oct Nov Dec
2019: Jan Feb Mar Apr May Jun Jul Aug Sep Oct Nov Dec
2018: Jan Feb Mar Apr May Jun Jul Aug Sep Oct Nov Dec
2017: Jan Feb Mar Apr May Jun Jul Aug Sep Oct Nov Dec
2016: Jan Feb Mar Apr May Jun Jul Aug Sep Oct Nov Dec
2015: Jan Feb Mar Apr May Jun Jul Aug Sep Oct Nov Dec
2014: Jan Feb Mar Apr May Jun Jul Aug Sep Oct Nov Dec
2013: Jan Feb Mar Apr May Jun Jul Aug Sep Oct Nov Dec
2012: Jan Feb Mar Apr May Jun Jul Aug Sep Oct Nov Dec
2011: Jan Feb Mar Apr May Jun Jul Aug Sep Oct Nov Dec
2010: Jan Feb Mar Apr May Jun Jul Aug Sep Oct Nov Dec
2009: Jan Feb Mar Apr May Jun Jul Aug Sep Oct Nov Dec
2008: Jan Feb Mar Apr May Jun Jul Aug Sep Oct Nov Dec
2007: Jan Feb Mar Apr May Jun Jul Aug Sep Oct Nov Dec
2006: Jan Feb Mar Apr May Jun Jul Aug Sep Oct Nov Dec
2024: Jan Feb Mar Apr May Jun Jul Aug Sep Oct Nov Dec
2023: Jan Feb Mar Apr May Jun Jul Aug Sep Oct Nov Dec
2022: Jan Feb Mar Apr May Jun Jul Aug Sep Oct Nov Dec
2021: Jan Feb Mar Apr May Jun Jul Aug Sep Oct Nov Dec
2020: Jan Feb Mar Apr May Jun Jul Aug Sep Oct Nov Dec
2019: Jan Feb Mar Apr May Jun Jul Aug Sep Oct Nov Dec
2018: Jan Feb Mar Apr May Jun Jul Aug Sep Oct Nov Dec
2017: Jan Feb Mar Apr May Jun Jul Aug Sep Oct Nov Dec
2016: Jan Feb Mar Apr May Jun Jul Aug Sep Oct Nov Dec
2015: Jan Feb Mar Apr May Jun Jul Aug Sep Oct Nov Dec
2014: Jan Feb Mar Apr May Jun Jul Aug Sep Oct Nov Dec
2013: Jan Feb Mar Apr May Jun Jul Aug Sep Oct Nov Dec
2012: Jan Feb Mar Apr May Jun Jul Aug Sep Oct Nov Dec
2011: Jan Feb Mar Apr May Jun Jul Aug Sep Oct Nov Dec
2010: Jan Feb Mar Apr May Jun Jul Aug Sep Oct Nov Dec
2009: Jan Feb Mar Apr May Jun Jul Aug Sep Oct Nov Dec
2008: Jan Feb Mar Apr May Jun Jul Aug Sep Oct Nov Dec
2007: Jan Feb Mar Apr May Jun Jul Aug Sep Oct Nov Dec
2006: Jan Feb Mar Apr May Jun Jul Aug Sep Oct Nov Dec
Report for 2023 November
Monthly Climatological Summary for Nov 2023 Name: AR573 City: Wappingers Falls State: NY Elevation: 330 ft Lat: N 41° 37' 04" Lon: W 073° 55' 27" Temperature (°F), Rain (in), Wind Speed (mph) Heat Cool Avg Mean Deg Deg Wind Dom Day Temp High Time Low Time Days Days Rain Speed High Time Dir ---------------------------------------------------------------------------------- 01 40.1 47.5 15:00 34.3 23:58 24.9 0.0 0.02 1.4 13.0 13:27 NW 02 37.6 50.3 15:22 27.2 07:24 27.4 0.0 0.00 0.4 12.0 14:00 S 03 44.7 57.4 14:50 33.4 06:03 20.3 0.0 0.00 0.9 14.0 12:52 SE 04 49.1 59.5 15:05 39.8 06:00 15.9 0.0 0.00 0.3 9.0 10:12 SSE 05 49.6 60.4 13:42 42.4 23:58 16.1 0.0 0.01 1.3 12.0 13:19 NNW 06 44.7 53.2 14:37 35.2 06:53 20.3 0.0 0.03 0.5 10.0 01:42 NNW 07 54.6 66.2 13:56 47.1 00:00 10.5 0.0 0.08 0.9 14.0 18:01 WSW 08 40.6 49.4 00:00 35.6 07:12 24.4 0.0 0.00 2.7 15.0 03:41 NNW 09 42.8 53.4 14:13 35.7 05:08 22.2 0.0 0.00 0.2 7.0 00:38 NW 10 46.0 51.1 14:18 41.4 00:06 19.0 0.0 0.00 0.5 8.0 13:14 S 11 42.8 50.2 11:46 33.2 23:59 22.2 0.0 0.00 1.2 9.0 15:03 NNW 12 35.0 41.5 14:43 28.1 23:35 30.0 0.0 0.00 1.6 13.0 11:46 NNW 13 35.0 46.3 13:25 21.9 06:12 30.0 0.0 0.00 0.2 8.0 13:02 SSE 14 41.7 51.1 12:41 35.2 07:05 23.3 0.0 0.00 1.4 22.0 11:11 NW 15 42.0 54.8 14:34 29.5 04:43 23.0 0.0 0.00 0.6 10.0 10:15 SSE 16 49.7 64.4 13:44 37.9 03:22 15.3 0.0 0.00 0.4 8.0 03:45 SSE 17 53.3 64.1 12:05 40.1 04:08 11.7 0.0 0.02 0.7 16.0 11:46 SSE 18 46.1 55.8 00:00 34.7 23:58 19.0 0.0 0.06 3.1 21.0 07:37 NNW 19 41.6 52.4 13:22 31.9 00:53 23.4 0.0 0.00 1.2 17.0 13:06 WSW 20 34.4 40.8 13:54 29.3 23:11 30.6 0.0 0.00 2.0 16.0 09:20 NNW 21 32.8 40.8 23:33 23.7 07:00 32.2 0.0 0.46 0.7 11.0 19:40 NE 22 41.3 45.0 14:50 38.4 03:11 23.7 0.0 0.59 3.2 15.0 06:05 NNW 23 44.3 50.6 13:46 39.4 07:02 20.7 0.0 0.00 0.7 10.0 10:18 W 24 39.6 47.1 13:01 27.1 23:29 25.4 0.0 0.00 1.4 18.0 18:59 WNW 25 30.1 39.0 13:42 24.0 05:20 34.9 0.0 0.00 0.1 5.0 08:54 NNW 26 35.9 46.2 20:57 26.7 02:13 29.1 0.0 0.62 0.5 16.0 23:50 NE 27 41.3 48.8 12:18 32.6 23:58 23.7 0.0 0.36 1.4 15.0 11:16 SW 28 31.2 36.0 12:49 28.1 07:05 33.8 0.0 0.00 1.7 16.0 12:59 SSW 29 29.3 35.3 14:03 24.2 06:19 35.7 0.0 0.00 1.0 14.0 05:40 S 30 38.0 48.8 15:04 27.3 04:42 27.0 0.0 0.00 0.7 11.0 11:29 S ---------------------------------------------------------------------------------- 41.2 66.2 7 21.9 13 715.7 0.0 2.25 1.1 22.0 14 NW Max >= 75.0 0 Max <= 65.0 29 Min <= 65.0 30 Min <= 65.0 30 Max Rain: 0.62 on day 26 Days of Rain: 4 (>= 0.20 in) 0 (>= 2.00 in) 0 (>= 20.00 in) Heat Base: 65.0 Cool Base: 75.0 Method: Integration