NOAA-Style Climate Reports
Select a Year or Month report
2024: Jan Feb Mar Apr May Jun Jul Aug Sep Oct Nov Dec
2023: Jan Feb Mar Apr May Jun Jul Aug Sep Oct Nov Dec
2022: Jan Feb Mar Apr May Jun Jul Aug Sep Oct Nov Dec
2021: Jan Feb Mar Apr May Jun Jul Aug Sep Oct Nov Dec
2020: Jan Feb Mar Apr May Jun Jul Aug Sep Oct Nov Dec
2019: Jan Feb Mar Apr May Jun Jul Aug Sep Oct Nov Dec
2018: Jan Feb Mar Apr May Jun Jul Aug Sep Oct Nov Dec
2017: Jan Feb Mar Apr May Jun Jul Aug Sep Oct Nov Dec
2016: Jan Feb Mar Apr May Jun Jul Aug Sep Oct Nov Dec
2015: Jan Feb Mar Apr May Jun Jul Aug Sep Oct Nov Dec
2014: Jan Feb Mar Apr May Jun Jul Aug Sep Oct Nov Dec
2013: Jan Feb Mar Apr May Jun Jul Aug Sep Oct Nov Dec
2012: Jan Feb Mar Apr May Jun Jul Aug Sep Oct Nov Dec
2011: Jan Feb Mar Apr May Jun Jul Aug Sep Oct Nov Dec
2010: Jan Feb Mar Apr May Jun Jul Aug Sep Oct Nov Dec
2009: Jan Feb Mar Apr May Jun Jul Aug Sep Oct Nov Dec
2008: Jan Feb Mar Apr May Jun Jul Aug Sep Oct Nov Dec
2007: Jan Feb Mar Apr May Jun Jul Aug Sep Oct Nov Dec
2006: Jan Feb Mar Apr May Jun Jul Aug Sep Oct Nov Dec
2024: Jan Feb Mar Apr May Jun Jul Aug Sep Oct Nov Dec
2023: Jan Feb Mar Apr May Jun Jul Aug Sep Oct Nov Dec
2022: Jan Feb Mar Apr May Jun Jul Aug Sep Oct Nov Dec
2021: Jan Feb Mar Apr May Jun Jul Aug Sep Oct Nov Dec
2020: Jan Feb Mar Apr May Jun Jul Aug Sep Oct Nov Dec
2019: Jan Feb Mar Apr May Jun Jul Aug Sep Oct Nov Dec
2018: Jan Feb Mar Apr May Jun Jul Aug Sep Oct Nov Dec
2017: Jan Feb Mar Apr May Jun Jul Aug Sep Oct Nov Dec
2016: Jan Feb Mar Apr May Jun Jul Aug Sep Oct Nov Dec
2015: Jan Feb Mar Apr May Jun Jul Aug Sep Oct Nov Dec
2014: Jan Feb Mar Apr May Jun Jul Aug Sep Oct Nov Dec
2013: Jan Feb Mar Apr May Jun Jul Aug Sep Oct Nov Dec
2012: Jan Feb Mar Apr May Jun Jul Aug Sep Oct Nov Dec
2011: Jan Feb Mar Apr May Jun Jul Aug Sep Oct Nov Dec
2010: Jan Feb Mar Apr May Jun Jul Aug Sep Oct Nov Dec
2009: Jan Feb Mar Apr May Jun Jul Aug Sep Oct Nov Dec
2008: Jan Feb Mar Apr May Jun Jul Aug Sep Oct Nov Dec
2007: Jan Feb Mar Apr May Jun Jul Aug Sep Oct Nov Dec
2006: Jan Feb Mar Apr May Jun Jul Aug Sep Oct Nov Dec
Report for 2023 December
Monthly Climatological Summary for Dec 2023 Name: AR573 City: Wappingers Falls State: NY Elevation: 330 ft Lat: N 41° 37' 04" Lon: W 073° 55' 27" Temperature (°F), Rain (in), Wind Speed (mph) Heat Cool Avg Mean Deg Deg Wind Dom Day Temp High Time Low Time Days Days Rain Speed High Time Dir ---------------------------------------------------------------------------------- 01 40.2 46.5 12:12 32.2 06:44 24.8 0.0 0.15 0.0 6.0 04:02 SSE 02 44.0 49.9 15:12 40.6 04:01 21.0 0.0 0.01 0.5 8.0 10:12 S 03 42.9 44.8 09:01 40.7 23:18 22.1 0.0 0.88 1.2 12.0 14:01 NNW 04 42.6 48.5 12:38 39.2 23:56 22.4 0.0 0.01 0.7 12.0 14:02 S 05 37.0 40.1 10:58 32.6 06:39 28.0 0.0 0.00 0.8 11.0 04:28 NNW 06 32.0 35.8 12:01 26.1 23:58 33.0 0.0 0.01 1.1 12.0 13:59 NNW 07 30.0 34.1 15:21 23.3 07:24 35.0 0.0 0.00 0.3 9.0 12:00 S 08 39.2 48.8 13:36 31.8 07:49 25.8 0.0 0.00 0.3 8.0 02:36 SSE 09 42.6 53.1 14:14 35.1 06:16 22.4 0.0 0.00 0.1 4.0 11:37 SW 10 49.2 56.6 19:55 41.2 23:50 15.8 0.0 1.48 1.3 25.0 22:36 NNW 11 37.3 41.4 12:49 32.8 23:59 27.7 0.0 0.75 2.8 22.0 17:51 WNW 12 36.1 42.9 13:44 30.4 07:08 28.9 0.0 0.00 0.8 13.0 10:13 S 13 35.4 42.8 12:58 31.0 07:15 29.6 0.0 0.00 0.7 15.0 14:17 WSW 14 32.5 38.7 14:04 25.9 07:22 32.5 0.0 0.00 0.7 11.0 00:06 W 15 43.3 58.8 14:13 31.4 04:43 21.7 0.0 0.00 0.6 12.0 09:42 S 16 43.2 53.2 14:19 30.9 07:08 21.8 0.0 0.00 0.2 9.0 11:33 NNW 17 45.0 48.9 21:07 42.4 00:21 20.0 0.0 0.39 1.4 13.0 08:17 NE 18 49.9 60.7 06:19 37.5 23:58 15.1 0.0 2.87 2.3 27.0 06:05 SE 19 35.0 39.9 10:03 28.0 23:58 30.0 0.0 0.00 1.4 11.0 09:42 WSW 20 31.9 39.1 14:53 25.7 06:00 33.1 0.0 0.00 1.0 9.0 11:22 NNW 21 31.0 36.1 00:56 21.4 23:53 34.0 0.0 0.00 5.6 21.0 11:50 NNW 22 23.7 30.0 15:19 18.2 07:11 41.3 0.0 0.00 1.2 10.0 02:18 NNW 23 28.8 36.0 14:50 20.6 00:34 36.2 0.0 0.00 0.0 0.0 00:00 N 24 36.6 41.0 15:01 31.4 04:52 28.4 0.0 0.00 0.0 2.0 12:19 N 25 42.5 52.4 14:16 36.7 08:02 22.5 0.0 0.00 0.1 5.0 05:12 NNW 26 40.8 43.6 15:36 36.4 02:04 24.2 0.0 0.00 0.1 6.0 10:04 SSW 27 44.0 46.7 13:38 41.2 06:53 21.0 0.0 0.46 0.4 8.0 22:51 NW 28 45.9 47.8 14:37 44.2 01:58 19.1 0.0 1.32 3.4 15.0 04:11 NW 29 45.7 49.8 12:48 43.1 23:52 19.3 0.0 0.06 0.1 6.0 10:44 S 30 40.5 44.2 15:15 35.7 22:55 24.5 0.0 0.02 0.5 13.0 17:36 SW 31 36.3 38.8 12:19 34.2 07:44 28.7 0.0 0.00 0.3 8.0 01:35 NNW ---------------------------------------------------------------------------------- 38.9 60.7 18 18.2 22 809.9 0.0 8.41 1.0 27.0 18 NW Max >= 75.0 0 Max <= 65.0 31 Min <= 65.0 31 Min <= 65.0 31 Max Rain: 2.87 on day 18 Days of Rain: 7 (>= 0.20 in) 1 (>= 2.00 in) 0 (>= 20.00 in) Heat Base: 65.0 Cool Base: 75.0 Method: Integration