NOAA-Style Climate Reports
Select a Year or Month report
2024: Jan Feb Mar Apr May Jun Jul Aug Sep Oct Nov Dec
2023: Jan Feb Mar Apr May Jun Jul Aug Sep Oct Nov Dec
2022: Jan Feb Mar Apr May Jun Jul Aug Sep Oct Nov Dec
2021: Jan Feb Mar Apr May Jun Jul Aug Sep Oct Nov Dec
2020: Jan Feb Mar Apr May Jun Jul Aug Sep Oct Nov Dec
2019: Jan Feb Mar Apr May Jun Jul Aug Sep Oct Nov Dec
2018: Jan Feb Mar Apr May Jun Jul Aug Sep Oct Nov Dec
2017: Jan Feb Mar Apr May Jun Jul Aug Sep Oct Nov Dec
2016: Jan Feb Mar Apr May Jun Jul Aug Sep Oct Nov Dec
2015: Jan Feb Mar Apr May Jun Jul Aug Sep Oct Nov Dec
2014: Jan Feb Mar Apr May Jun Jul Aug Sep Oct Nov Dec
2013: Jan Feb Mar Apr May Jun Jul Aug Sep Oct Nov Dec
2012: Jan Feb Mar Apr May Jun Jul Aug Sep Oct Nov Dec
2011: Jan Feb Mar Apr May Jun Jul Aug Sep Oct Nov Dec
2010: Jan Feb Mar Apr May Jun Jul Aug Sep Oct Nov Dec
2009: Jan Feb Mar Apr May Jun Jul Aug Sep Oct Nov Dec
2008: Jan Feb Mar Apr May Jun Jul Aug Sep Oct Nov Dec
2007: Jan Feb Mar Apr May Jun Jul Aug Sep Oct Nov Dec
2006: Jan Feb Mar Apr May Jun Jul Aug Sep Oct Nov Dec
2024: Jan Feb Mar Apr May Jun Jul Aug Sep Oct Nov Dec
2023: Jan Feb Mar Apr May Jun Jul Aug Sep Oct Nov Dec
2022: Jan Feb Mar Apr May Jun Jul Aug Sep Oct Nov Dec
2021: Jan Feb Mar Apr May Jun Jul Aug Sep Oct Nov Dec
2020: Jan Feb Mar Apr May Jun Jul Aug Sep Oct Nov Dec
2019: Jan Feb Mar Apr May Jun Jul Aug Sep Oct Nov Dec
2018: Jan Feb Mar Apr May Jun Jul Aug Sep Oct Nov Dec
2017: Jan Feb Mar Apr May Jun Jul Aug Sep Oct Nov Dec
2016: Jan Feb Mar Apr May Jun Jul Aug Sep Oct Nov Dec
2015: Jan Feb Mar Apr May Jun Jul Aug Sep Oct Nov Dec
2014: Jan Feb Mar Apr May Jun Jul Aug Sep Oct Nov Dec
2013: Jan Feb Mar Apr May Jun Jul Aug Sep Oct Nov Dec
2012: Jan Feb Mar Apr May Jun Jul Aug Sep Oct Nov Dec
2011: Jan Feb Mar Apr May Jun Jul Aug Sep Oct Nov Dec
2010: Jan Feb Mar Apr May Jun Jul Aug Sep Oct Nov Dec
2009: Jan Feb Mar Apr May Jun Jul Aug Sep Oct Nov Dec
2008: Jan Feb Mar Apr May Jun Jul Aug Sep Oct Nov Dec
2007: Jan Feb Mar Apr May Jun Jul Aug Sep Oct Nov Dec
2006: Jan Feb Mar Apr May Jun Jul Aug Sep Oct Nov Dec
Report for 2024 January
Monthly Climatological Summary for Jan 2024 Name: AR573 City: Wappingers Falls State: NY Elevation: 330 ft Lat: N 41° 37' 04" Lon: W 073° 55' 27" Temperature (°F), Rain (in), Wind Speed (mph) Heat Cool Avg Mean Deg Deg Wind Dom Day Temp High Time Low Time Days Days Rain Speed High Time Dir ---------------------------------------------------------------------------------- 01 33.5 40.2 13:22 26.5 23:55 31.5 0.0 0.00 1.1 9.0 13:54 NNW 02 29.9 39.2 14:18 22.7 05:47 35.1 0.0 0.00 0.4 6.0 11:30 WNW 03 32.2 38.8 11:11 22.9 07:25 32.8 0.0 0.00 0.2 7.0 22:00 S 04 33.6 41.9 12:49 22.0 23:56 31.4 0.0 0.00 2.2 19.0 14:27 NW 05 26.3 36.4 14:12 17.0 05:20 38.7 0.0 0.00 0.2 9.0 13:59 SW 06 26.4 31.7 14:02 19.1 04:33 38.6 0.0 0.00 0.7 10.0 19:34 NNE 07 29.8 31.6 13:20 28.1 23:06 35.2 0.0 0.00 0.0 1.0 14:52 N 08 32.4 41.9 14:02 25.3 23:58 32.6 0.0 0.18 0.1 4.0 10:04 NE 09 33.0 49.6 23:33 21.9 07:24 32.0 0.0 1.77 2.2 20.0 17:26 ENE 10 45.5 52.9 01:44 40.4 23:56 19.5 0.0 0.34 2.3 23.0 11:58 S 11 40.0 43.8 14:10 37.4 19:15 25.0 0.0 0.00 0.8 13.0 03:56 SSW 12 40.6 48.3 14:08 33.8 07:45 24.4 0.0 0.04 1.2 18.0 23:45 ENE 13 44.3 55.3 11:26 32.3 23:22 20.7 0.0 0.38 4.0 25.0 03:08 SSE 14 30.4 37.4 12:43 21.8 23:57 34.6 0.0 0.00 2.6 29.0 12:52 SSW 15 22.9 29.2 13:28 17.0 07:25 42.1 0.0 0.00 0.8 11.0 09:37 S 16 21.7 23.6 15:20 16.9 23:53 43.3 0.0 0.00 2.0 13.0 18:00 NNW 17 17.6 23.3 14:30 13.4 05:00 47.4 0.0 0.00 1.4 20.0 12:34 SSW 18 20.9 27.5 12:46 15.1 03:19 44.1 0.0 0.00 0.5 10.0 12:18 S 19 22.1 24.2 12:46 17.3 23:57 42.9 0.0 0.00 2.1 18.0 16:46 NNW 20 17.2 22.4 12:57 13.2 04:18 47.8 0.0 0.00 1.4 22.0 21:58 WNW 21 18.8 27.3 14:06 11.3 07:03 46.2 0.0 0.00 1.4 18.0 14:54 NW 22 24.6 35.5 14:42 8.6 07:02 40.4 0.0 0.02 0.7 14.0 13:03 S 23 33.9 38.0 11:21 31.5 01:53 31.1 0.0 0.07 0.3 12.0 02:45 S 24 34.8 37.1 22:25 32.2 00:00 30.1 0.0 0.66 0.1 6.0 04:29 E 25 43.5 49.5 14:03 36.2 00:13 21.5 0.0 0.15 1.2 11.0 16:33 NW 26 39.9 42.5 01:50 37.8 07:22 25.1 0.0 0.52 0.4 8.0 23:46 NNE 27 39.5 42.5 16:02 36.9 07:20 25.5 0.0 0.00 1.3 10.0 13:16 NNW 28 34.5 38.1 02:04 32.0 10:05 30.5 0.0 1.12 3.6 18.0 22:00 NNW 29 32.6 34.0 15:06 30.9 23:38 32.4 0.0 0.03 5.5 20.0 02:38 NNW 30 31.9 34.4 15:26 29.7 07:08 33.1 0.0 0.00 0.6 9.0 01:41 N 31 33.1 35.0 14:03 30.6 07:07 31.9 0.0 0.00 0.4 7.0 00:04 SE ---------------------------------------------------------------------------------- 31.2 55.3 13 8.6 22 1047.5 0.0 5.28 1.3 29.0 14 NW Max >= 75.0 0 Max <= 65.0 31 Min <= 65.0 31 Min <= 65.0 31 Max Rain: 1.77 on day 9 Days of Rain: 6 (>= 0.20 in) 0 (>= 2.00 in) 0 (>= 20.00 in) Heat Base: 65.0 Cool Base: 75.0 Method: Integration