NOAA-Style Climate Reports
Select a Year or Month report
2024: Jan Feb Mar Apr May Jun Jul Aug Sep Oct Nov Dec
2023: Jan Feb Mar Apr May Jun Jul Aug Sep Oct Nov Dec
2022: Jan Feb Mar Apr May Jun Jul Aug Sep Oct Nov Dec
2021: Jan Feb Mar Apr May Jun Jul Aug Sep Oct Nov Dec
2020: Jan Feb Mar Apr May Jun Jul Aug Sep Oct Nov Dec
2019: Jan Feb Mar Apr May Jun Jul Aug Sep Oct Nov Dec
2018: Jan Feb Mar Apr May Jun Jul Aug Sep Oct Nov Dec
2017: Jan Feb Mar Apr May Jun Jul Aug Sep Oct Nov Dec
2016: Jan Feb Mar Apr May Jun Jul Aug Sep Oct Nov Dec
2015: Jan Feb Mar Apr May Jun Jul Aug Sep Oct Nov Dec
2014: Jan Feb Mar Apr May Jun Jul Aug Sep Oct Nov Dec
2013: Jan Feb Mar Apr May Jun Jul Aug Sep Oct Nov Dec
2012: Jan Feb Mar Apr May Jun Jul Aug Sep Oct Nov Dec
2011: Jan Feb Mar Apr May Jun Jul Aug Sep Oct Nov Dec
2010: Jan Feb Mar Apr May Jun Jul Aug Sep Oct Nov Dec
2009: Jan Feb Mar Apr May Jun Jul Aug Sep Oct Nov Dec
2008: Jan Feb Mar Apr May Jun Jul Aug Sep Oct Nov Dec
2007: Jan Feb Mar Apr May Jun Jul Aug Sep Oct Nov Dec
2006: Jan Feb Mar Apr May Jun Jul Aug Sep Oct Nov Dec
2024: Jan Feb Mar Apr May Jun Jul Aug Sep Oct Nov Dec
2023: Jan Feb Mar Apr May Jun Jul Aug Sep Oct Nov Dec
2022: Jan Feb Mar Apr May Jun Jul Aug Sep Oct Nov Dec
2021: Jan Feb Mar Apr May Jun Jul Aug Sep Oct Nov Dec
2020: Jan Feb Mar Apr May Jun Jul Aug Sep Oct Nov Dec
2019: Jan Feb Mar Apr May Jun Jul Aug Sep Oct Nov Dec
2018: Jan Feb Mar Apr May Jun Jul Aug Sep Oct Nov Dec
2017: Jan Feb Mar Apr May Jun Jul Aug Sep Oct Nov Dec
2016: Jan Feb Mar Apr May Jun Jul Aug Sep Oct Nov Dec
2015: Jan Feb Mar Apr May Jun Jul Aug Sep Oct Nov Dec
2014: Jan Feb Mar Apr May Jun Jul Aug Sep Oct Nov Dec
2013: Jan Feb Mar Apr May Jun Jul Aug Sep Oct Nov Dec
2012: Jan Feb Mar Apr May Jun Jul Aug Sep Oct Nov Dec
2011: Jan Feb Mar Apr May Jun Jul Aug Sep Oct Nov Dec
2010: Jan Feb Mar Apr May Jun Jul Aug Sep Oct Nov Dec
2009: Jan Feb Mar Apr May Jun Jul Aug Sep Oct Nov Dec
2008: Jan Feb Mar Apr May Jun Jul Aug Sep Oct Nov Dec
2007: Jan Feb Mar Apr May Jun Jul Aug Sep Oct Nov Dec
2006: Jan Feb Mar Apr May Jun Jul Aug Sep Oct Nov Dec
Report for 2024 February
Monthly Climatological Summary for Feb 2024 Name: AR573 City: Wappingers Falls State: NY Elevation: 330 ft Lat: N 41° 37' 04" Lon: W 073° 55' 27" Temperature (°F), Rain (in), Wind Speed (mph) Heat Cool Avg Mean Deg Deg Wind Dom Day Temp High Time Low Time Days Days Rain Speed High Time Dir ---------------------------------------------------------------------------------- 01 36.2 41.8 14:44 29.6 05:11 28.8 0.0 0.00 0.3 7.0 11:14 S 02 37.5 39.7 16:00 32.6 23:54 27.5 0.0 0.11 4.3 23.0 19:09 NNW 03 32.6 37.6 14:44 28.4 06:29 32.4 0.0 0.00 6.0 22.0 01:28 NNW 04 31.3 40.5 14:54 23.7 07:12 33.7 0.0 0.00 2.1 12.0 15:20 NNW 05 31.4 38.0 14:15 26.4 07:05 33.6 0.0 0.00 6.6 24.0 10:55 NNW 06 30.2 37.5 15:08 23.9 07:07 34.8 0.0 0.00 3.8 19.0 00:31 NNW 07 34.2 43.9 14:37 25.2 07:03 30.8 0.0 0.00 0.8 10.0 00:55 NNW 08 39.2 52.3 14:38 27.0 06:44 25.8 0.0 0.00 0.1 7.0 12:13 SSE 09 43.8 54.6 15:11 36.7 06:55 21.2 0.0 0.00 0.5 13.0 10:14 SE 10 46.4 57.5 15:34 36.2 06:06 18.6 0.0 0.05 0.6 18.0 17:34 S 11 41.4 46.6 15:39 33.7 23:53 23.6 0.0 0.00 1.1 9.0 01:23 NNW 12 33.3 39.4 15:25 26.4 05:51 31.7 0.0 0.00 0.4 7.0 11:18 N 13 32.6 39.0 16:26 29.3 08:19 32.4 0.0 0.03 2.5 20.0 12:27 NNW 14 28.7 33.9 14:57 23.7 22:10 36.3 0.0 0.02 2.3 17.0 04:02 W 15 29.0 38.2 14:17 20.1 07:11 36.0 0.0 0.04 0.6 13.0 18:41 S 16 34.1 39.4 15:20 30.0 23:00 30.9 0.0 0.00 2.9 25.0 10:47 W 17 27.9 33.5 12:48 20.9 23:53 37.1 0.0 0.06 0.8 16.0 17:12 WNW 18 28.0 37.0 14:44 18.4 04:55 37.0 0.0 0.01 1.5 19.0 09:53 S 19 31.0 37.3 15:16 22.9 23:50 34.0 0.0 0.00 1.6 13.0 09:59 WNW ---------------------------------------------------------------------------------- 34.1 57.5 10 18.4 18 586.2 0.0 0.32 2.1 25.0 16 NNW Max >= 75.0 0 Max <= 65.0 19 Min <= 65.0 19 Min <= 65.0 19 Max Rain: 0.11 on day 2 Days of Rain: 0 (>= 0.20 in) 0 (>= 2.00 in) 0 (>= 20.00 in) Heat Base: 65.0 Cool Base: 75.0 Method: Integration