NOAA-Style Climate Reports
Select a Year or Month report
2024: Jan Feb Mar Apr May Jun Jul Aug Sep Oct Nov Dec
2023: Jan Feb Mar Apr May Jun Jul Aug Sep Oct Nov Dec
2022: Jan Feb Mar Apr May Jun Jul Aug Sep Oct Nov Dec
2021: Jan Feb Mar Apr May Jun Jul Aug Sep Oct Nov Dec
2020: Jan Feb Mar Apr May Jun Jul Aug Sep Oct Nov Dec
2019: Jan Feb Mar Apr May Jun Jul Aug Sep Oct Nov Dec
2018: Jan Feb Mar Apr May Jun Jul Aug Sep Oct Nov Dec
2017: Jan Feb Mar Apr May Jun Jul Aug Sep Oct Nov Dec
2016: Jan Feb Mar Apr May Jun Jul Aug Sep Oct Nov Dec
2015: Jan Feb Mar Apr May Jun Jul Aug Sep Oct Nov Dec
2014: Jan Feb Mar Apr May Jun Jul Aug Sep Oct Nov Dec
2013: Jan Feb Mar Apr May Jun Jul Aug Sep Oct Nov Dec
2012: Jan Feb Mar Apr May Jun Jul Aug Sep Oct Nov Dec
2011: Jan Feb Mar Apr May Jun Jul Aug Sep Oct Nov Dec
2010: Jan Feb Mar Apr May Jun Jul Aug Sep Oct Nov Dec
2009: Jan Feb Mar Apr May Jun Jul Aug Sep Oct Nov Dec
2008: Jan Feb Mar Apr May Jun Jul Aug Sep Oct Nov Dec
2007: Jan Feb Mar Apr May Jun Jul Aug Sep Oct Nov Dec
2006: Jan Feb Mar Apr May Jun Jul Aug Sep Oct Nov Dec
2024: Jan Feb Mar Apr May Jun Jul Aug Sep Oct Nov Dec
2023: Jan Feb Mar Apr May Jun Jul Aug Sep Oct Nov Dec
2022: Jan Feb Mar Apr May Jun Jul Aug Sep Oct Nov Dec
2021: Jan Feb Mar Apr May Jun Jul Aug Sep Oct Nov Dec
2020: Jan Feb Mar Apr May Jun Jul Aug Sep Oct Nov Dec
2019: Jan Feb Mar Apr May Jun Jul Aug Sep Oct Nov Dec
2018: Jan Feb Mar Apr May Jun Jul Aug Sep Oct Nov Dec
2017: Jan Feb Mar Apr May Jun Jul Aug Sep Oct Nov Dec
2016: Jan Feb Mar Apr May Jun Jul Aug Sep Oct Nov Dec
2015: Jan Feb Mar Apr May Jun Jul Aug Sep Oct Nov Dec
2014: Jan Feb Mar Apr May Jun Jul Aug Sep Oct Nov Dec
2013: Jan Feb Mar Apr May Jun Jul Aug Sep Oct Nov Dec
2012: Jan Feb Mar Apr May Jun Jul Aug Sep Oct Nov Dec
2011: Jan Feb Mar Apr May Jun Jul Aug Sep Oct Nov Dec
2010: Jan Feb Mar Apr May Jun Jul Aug Sep Oct Nov Dec
2009: Jan Feb Mar Apr May Jun Jul Aug Sep Oct Nov Dec
2008: Jan Feb Mar Apr May Jun Jul Aug Sep Oct Nov Dec
2007: Jan Feb Mar Apr May Jun Jul Aug Sep Oct Nov Dec
2006: Jan Feb Mar Apr May Jun Jul Aug Sep Oct Nov Dec
Report for 2024 May
Monthly Climatological Summary for May 2024 Name: Crown Heights AR573 City: Poughkeepsie State: New York Elevation: 340 ft Lat: N 73° 55' 27" Lon: W 041° 37' 05" Temperature (°F), Rain (in), Wind Speed (mph) Heat Cool Avg Mean Deg Deg Wind Dom Day Temp High Time Low Time Days Days Rain Speed High Time Dir ---------------------------------------------------------------------------------- 01 62.8 78.6 16:43 53.4 00:00 5.3 3.1 0.03 0.5 11.0 21:11 WSW 02 66.1 83.5 15:14 52.5 01:54 4.5 5.6 0.00 2.5 20.0 20:36 S 03 59.6 69.0 14:41 51.3 06:09 5.8 0.4 0.00 1.3 12.0 17:01 SW 04 55.9 67.4 12:36 46.6 06:11 9.3 0.2 0.06 0.8 15.0 15:36 N 05 48.7 50.6 16:15 46.6 05:48 16.3 0.0 1.08 0.2 7.0 08:18 WNW 06 60.5 74.7 17:10 49.2 00:26 6.4 1.9 0.00 0.1 5.0 15:29 SSE 07 65.6 82.2 16:34 51.1 06:22 3.6 4.2 0.00 0.8 7.0 10:08 SSE 08 69.2 86.9 16:32 55.5 06:51 3.1 7.3 0.32 1.4 20.0 15:16 N 09 59.7 65.0 16:13 54.2 23:56 5.3 0.0 0.03 1.9 18.0 09:20 S 10 51.1 54.6 18:27 46.6 23:58 13.9 0.0 0.54 0.3 11.0 05:27 SW 11 53.2 66.2 14:16 44.1 05:48 11.9 0.0 0.01 0.8 11.0 18:18 WNW 12 50.4 56.3 15:20 45.9 05:07 14.6 0.0 0.04 0.2 7.0 00:37 N 13 56.3 70.2 14:41 44.2 05:16 9.1 0.4 0.00 0.8 11.0 13:25 N 14 64.4 78.2 14:24 50.5 06:03 4.4 3.9 0.00 1.4 18.0 14:40 N 15 61.0 66.7 16:16 57.6 04:41 4.1 0.1 0.68 0.7 10.0 22:35 S 16 59.5 61.2 10:55 58.0 04:13 5.5 0.0 0.21 5.0 20.0 10:35 S 17 63.4 72.7 15:57 54.4 06:18 3.6 2.0 0.00 1.2 10.0 02:48 S 18 63.3 73.5 15:16 55.2 05:45 3.6 2.0 0.00 0.4 7.0 08:33 SSW ---------------------------------------------------------------------------------- 59.5 86.9 8 44.1 11 130.3 31.0 3.00 1.1 20.0 2 SSW Max >= 80.0 3 Max <= 32.0 0 Min <= 32.0 0 Min <= 0.0 0 Max Rain: 1.08 on day 5 Days of Rain: 10 (>= 0.01 in) 5 (>= 0.10 in) 1 (>= 1.00 in) Heat Base: 65.0 Cool Base: 65.0 Method: Integration