27°F
Crown Heights Area, Poughkeepsie, NY, USA
UpdatedJan-18-2018 05:11 
 

NOAA-Style Climate Reports

Select a Year or Month report
2018: Jan Feb Mar Apr May Jun Jul Aug Sep Oct Nov Dec
2017: Jan Feb Mar Apr May Jun Jul Aug Sep Oct Nov Dec
2016: Jan Feb Mar Apr May Jun Jul Aug Sep Oct Nov Dec
2015: Jan Feb Mar Apr May Jun Jul Aug Sep Oct Nov Dec
2014: Jan Feb Mar Apr May Jun Jul Aug Sep Oct Nov Dec
2013: Jan Feb Mar Apr May Jun Jul Aug Sep Oct Nov Dec
2012: Jan Feb Mar Apr May Jun Jul Aug Sep Oct Nov Dec
2011: Jan Feb Mar Apr May Jun Jul Aug Sep Oct Nov Dec
2010: Jan Feb Mar Apr May Jun Jul Aug Sep Oct Nov Dec
2009: Jan Feb Mar Apr May Jun Jul Aug Sep Oct Nov Dec
2008: Jan Feb Mar Apr May Jun Jul Aug Sep Oct Nov Dec
2007: Jan Feb Mar Apr May Jun Jul Aug Sep Oct Nov Dec
2006: Jan Feb Mar Apr May Jun Jul Aug Sep Oct Nov Dec

Report for 2018 January
                   Monthly Climatological Summary for Jan 2018

Name: AR573   City: Poughkeepsie   State: New York
Elevation: 308 ft  Lat: N 41 37 04   Lon: W 073 55 27

                  Temperature (°F), Rain (in), Wind Speed (mph)

                                      Heat  Cool        Avg
    Mean                              Deg   Deg         Wind                 Dom
Day Temp  High   Time   Low    Time   Days  Days  Rain  Speed High   Time    Dir
----------------------------------------------------------------------------------
01   7.8  15.6   12:50  -0.3   08:11  52.2   0.0  0.00   0.8  22.8   13:52   NNW
02  14.9  23.1   13:00   6.9   00:21  45.1   0.0  0.00   1.3  15.6   20:54   SSW
03  17.7  24.2   14:13  11.7   02:10  42.3   0.0  0.00   0.6  12.0   09:10   ESE
04  19.8  23.3   18:32  17.6   02:22  40.2   0.0  0.00   6.4  34.7   13:44     N
05  12.8  22.5   00:00   4.7   23:41  47.2   0.0  0.00   5.0  27.6   15:21     W
06   5.7  11.4   12:32   2.5   23:13  54.3   0.0  0.00   2.8  24.0   13:08    SW
07   7.4  15.5   23:53  -1.7   02:58  48.9   0.0  0.00   0.9  10.8   00:38   NNE
08  22.7  27.9   14:05  15.5   00:00  37.3   0.0  0.00   0.7  12.0   20:22     S
09  32.7  40.5   14:12  27.3   00:00  27.3   0.0  0.06   0.9  13.2   09:37    SW
10  31.7  38.9   14:22  23.5   08:11  28.3   0.0  0.01   0.2   7.2   11:45     S
11  39.5  48.3   15:13  30.9   02:11  20.5   0.0  0.04   0.1   4.8   12:05    SE
12  54.9  61.0   15:54  46.6   00:00   5.2   0.0  0.84   0.8  26.4   09:15    SE
13  36.1  57.7   00:00  12.9   23:58  23.9   0.0  0.00   2.9  20.4   19:59     N
14  13.0  18.8   14:21   9.4   08:11  43.7   0.0  0.00   4.1  16.8   12:07     N
15  15.6  24.1   14:23   8.3   02:44  44.4   0.0  0.00   2.6  14.4   01:28     N
16  24.6  29.0   14:52  19.6   00:00  35.4   0.0  0.00   0.1   3.6   00:12    NW
17  28.0  30.6   14:11  26.6   16:52  32.0   0.0  0.00   1.0  10.8   12:11    NW
----------------------------------------------------------------------------------
    22.6  61.0    12    -1.7     7   628.2   0.0  0.95   1.8  34.7     4      NW

Max >=  80.0  0
Max <=  32.0 12
Min <=  32.0 16
Min <=   0.0  2
Max Rain: 0.84 on day 12
Days of Rain: 4 (>= 0.01 in)  1 (>= 0.10 in)  0 (>= 1.00 in)
Heat Base: 60.0  Cool Base: 80.0  Method: Integration