57°F
Crown Heights Area, Poughkeepsie, NY, USA
UpdatedMay-23-2017 08:35 
 

NOAA-Style Climate Reports

Select a Year or Month report
2017: Jan Feb Mar Apr May Jun Jul Aug Sep Oct Nov Dec
2016: Jan Feb Mar Apr May Jun Jul Aug Sep Oct Nov Dec
2015: Jan Feb Mar Apr May Jun Jul Aug Sep Oct Nov Dec
2014: Jan Feb Mar Apr May Jun Jul Aug Sep Oct Nov Dec
2013: Jan Feb Mar Apr May Jun Jul Aug Sep Oct Nov Dec
2012: Jan Feb Mar Apr May Jun Jul Aug Sep Oct Nov Dec
2011: Jan Feb Mar Apr May Jun Jul Aug Sep Oct Nov Dec
2010: Jan Feb Mar Apr May Jun Jul Aug Sep Oct Nov Dec
2009: Jan Feb Mar Apr May Jun Jul Aug Sep Oct Nov Dec
2008: Jan Feb Mar Apr May Jun Jul Aug Sep Oct Nov Dec
2007: Jan Feb Mar Apr May Jun Jul Aug Sep Oct Nov Dec
2006: Jan Feb Mar Apr May Jun Jul Aug Sep Oct Nov Dec

Report for 2017 January
                   Monthly Climatological Summary for Jan 2017

Name: AR573   City: Poughkeepsie   State: New York
Elevation: 308 ft  Lat: N 41° 37' 04"   Lon: W 073° 55' 28"

                  Temperature (°F), Rain (in), Wind Speed (mph)

                                      Heat  Cool        Avg
    Mean                              Deg   Deg         Wind                 Dom
Day Temp  High   Time   Low    Time   Days  Days  Rain  Speed High   Time    Dir
----------------------------------------------------------------------------------
 1  38.4  44.7   12:45  27.7   23:09  21.4   0.0  0.00   1.0  15.6   10:07     W
 2  31.4  37.3   16:58  24.7   06:35  28.6   0.0  0.00   1.2   8.4   19:00   NNW
 3  35.7  37.6   20:03  33.5   04:55  24.3   0.0  0.57   4.2  16.8   20:29   NNW
 4  38.8  46.4   14:13  29.8   23:55  21.2   0.0  0.04   1.9  26.4   18:04    SW
 5  27.6  31.6   12:56  23.7   07:00  32.4   0.0  0.00   1.8  21.6   01:36    SW
 6  24.9  28.0   00:50  18.0   23:55  35.1   0.0  0.00   1.6  12.0   00:58     N
 7  17.9  20.1   16:52  15.2   23:54  42.1   0.0  0.00   3.2  15.6   17:05     N
 8  17.1  23.7   14:13  12.5   04:01  42.9   0.0  0.00   2.0  19.2   14:35     W
 9  14.6  21.6   15:41   7.2   06:22  45.4   0.0  0.00   0.6   9.6   04:52     S
10  24.4  40.5   23:56  11.8   02:09  35.6   0.0  0.00   1.2  16.8   22:16   SSE
11  43.4  50.2   12:27  36.8   07:38  16.6   0.0  0.48   1.0  18.0   06:46     S
12  50.6  56.2   16:55  42.0   01:04   9.4   0.0  0.24   0.3  14.4   23:37     S
----------------------------------------------------------------------------------
    30.4  56.2    12     7.2     9   355.0   0.0  1.33   1.7  26.4     4     WNW

Max >=  80.0:  0
Max <=  32.0:  5
Min <=  32.0:  9
Min <=   0.0:  0
Max Rain: 0.57 on day 3
Days of Rain: 4 (>= 0.01 in)  3 (>= 0.10 in)  0 (>= 1.00 in)
Heat Base: 60.0  Cool Base: 80.0  Method: Integration