NOAA-Style Climate Reports
Select a Year or Month report
2024: Jan Feb Mar Apr May Jun Jul Aug Sep Oct Nov Dec
2023: Jan Feb Mar Apr May Jun Jul Aug Sep Oct Nov Dec
2022: Jan Feb Mar Apr May Jun Jul Aug Sep Oct Nov Dec
2021: Jan Feb Mar Apr May Jun Jul Aug Sep Oct Nov Dec
2020: Jan Feb Mar Apr May Jun Jul Aug Sep Oct Nov Dec
2019: Jan Feb Mar Apr May Jun Jul Aug Sep Oct Nov Dec
2018: Jan Feb Mar Apr May Jun Jul Aug Sep Oct Nov Dec
2017: Jan Feb Mar Apr May Jun Jul Aug Sep Oct Nov Dec
2016: Jan Feb Mar Apr May Jun Jul Aug Sep Oct Nov Dec
2015: Jan Feb Mar Apr May Jun Jul Aug Sep Oct Nov Dec
2014: Jan Feb Mar Apr May Jun Jul Aug Sep Oct Nov Dec
2013: Jan Feb Mar Apr May Jun Jul Aug Sep Oct Nov Dec
2012: Jan Feb Mar Apr May Jun Jul Aug Sep Oct Nov Dec
2011: Jan Feb Mar Apr May Jun Jul Aug Sep Oct Nov Dec
2010: Jan Feb Mar Apr May Jun Jul Aug Sep Oct Nov Dec
2009: Jan Feb Mar Apr May Jun Jul Aug Sep Oct Nov Dec
2008: Jan Feb Mar Apr May Jun Jul Aug Sep Oct Nov Dec
2007: Jan Feb Mar Apr May Jun Jul Aug Sep Oct Nov Dec
2006: Jan Feb Mar Apr May Jun Jul Aug Sep Oct Nov Dec
2024: Jan Feb Mar Apr May Jun Jul Aug Sep Oct Nov Dec
2023: Jan Feb Mar Apr May Jun Jul Aug Sep Oct Nov Dec
2022: Jan Feb Mar Apr May Jun Jul Aug Sep Oct Nov Dec
2021: Jan Feb Mar Apr May Jun Jul Aug Sep Oct Nov Dec
2020: Jan Feb Mar Apr May Jun Jul Aug Sep Oct Nov Dec
2019: Jan Feb Mar Apr May Jun Jul Aug Sep Oct Nov Dec
2018: Jan Feb Mar Apr May Jun Jul Aug Sep Oct Nov Dec
2017: Jan Feb Mar Apr May Jun Jul Aug Sep Oct Nov Dec
2016: Jan Feb Mar Apr May Jun Jul Aug Sep Oct Nov Dec
2015: Jan Feb Mar Apr May Jun Jul Aug Sep Oct Nov Dec
2014: Jan Feb Mar Apr May Jun Jul Aug Sep Oct Nov Dec
2013: Jan Feb Mar Apr May Jun Jul Aug Sep Oct Nov Dec
2012: Jan Feb Mar Apr May Jun Jul Aug Sep Oct Nov Dec
2011: Jan Feb Mar Apr May Jun Jul Aug Sep Oct Nov Dec
2010: Jan Feb Mar Apr May Jun Jul Aug Sep Oct Nov Dec
2009: Jan Feb Mar Apr May Jun Jul Aug Sep Oct Nov Dec
2008: Jan Feb Mar Apr May Jun Jul Aug Sep Oct Nov Dec
2007: Jan Feb Mar Apr May Jun Jul Aug Sep Oct Nov Dec
2006: Jan Feb Mar Apr May Jun Jul Aug Sep Oct Nov Dec
Report for 2024 April
Monthly Climatological Summary for Apr 2024 Name: Crown Heights AR573 City: Poughkeepsie State: New York Elevation: 340 ft Lat: N 73° 55' 27" Lon: W 041° 37' 05" Temperature (°F), Rain (in), Wind Speed (mph) Heat Cool Avg Mean Deg Deg Wind Dom Day Temp High Time Low Time Days Days Rain Speed High Time Dir ---------------------------------------------------------------------------------- 01 46.2 53.3 17:31 40.0 07:03 18.8 0.0 0.00 0.2 7.0 17:10 SSE 02 41.6 43.8 00:54 39.5 08:05 23.4 0.0 0.51 2.3 12.0 03:16 S 03 38.9 41.4 00:00 36.8 10:33 26.1 0.0 1.34 3.9 20.0 18:07 WSW 04 36.0 41.4 17:23 32.1 05:26 29.0 0.0 0.37 5.6 21.0 10:35 S 05 39.4 45.2 12:44 33.0 05:55 25.6 0.0 0.00 1.3 14.0 10:47 ESE 06 42.2 49.3 14:15 35.6 08:39 22.8 0.0 0.00 5.3 24.0 14:51 S 07 46.6 55.6 17:04 38.7 06:41 18.4 0.0 0.00 5.8 22.0 11:41 S 08 51.7 65.7 14:31 32.9 06:08 13.3 0.0 0.00 0.2 10.0 14:40 NNE 09 62.2 77.3 16:25 48.3 06:39 5.5 2.7 0.00 0.5 11.0 21:14 SSW 10 55.3 59.9 10:38 51.4 06:06 9.7 0.0 0.04 1.2 9.0 14:28 S 11 55.0 62.4 15:48 50.9 07:34 10.0 0.0 0.31 1.7 15.0 12:18 W 12 58.8 64.2 12:52 51.4 23:58 6.2 0.0 0.75 3.3 32.0 05:49 NNW 13 47.2 51.7 01:03 45.1 11:10 17.8 0.0 0.02 2.9 19.0 13:02 NE 14 51.3 63.2 16:39 41.7 06:20 13.7 0.0 0.11 1.6 14.0 22:07 ENE 15 58.1 74.8 15:36 45.7 05:54 8.8 1.9 0.01 2.2 19.0 20:45 SSE 16 57.7 70.5 17:05 42.6 05:35 8.1 0.8 0.00 1.0 14.0 14:05 SE 17 52.4 63.0 12:29 44.6 06:46 12.6 0.0 0.18 1.5 12.0 18:21 SW 18 44.1 46.4 17:03 42.4 11:10 20.9 0.0 0.31 1.1 10.0 09:02 SW 19 49.7 59.0 14:00 43.1 00:00 15.3 0.0 0.00 1.1 13.0 16:17 NNW 20 52.5 65.8 15:56 42.3 23:58 12.5 0.0 0.13 1.9 15.0 18:06 ESE 21 43.9 49.7 15:14 35.1 06:30 21.1 0.0 0.00 1.2 13.0 11:43 E 22 47.9 59.6 17:32 37.5 06:15 17.1 0.0 0.00 1.2 13.0 10:22 S 23 51.4 67.5 15:05 35.2 06:06 13.7 0.2 0.00 1.6 21.0 19:17 NW 24 54.2 65.8 14:27 42.5 23:56 10.8 0.0 0.01 2.2 24.0 22:56 SSE ---------------------------------------------------------------------------------- 49.3 77.3 9 32.1 4 381.3 5.6 4.09 2.1 32.0 12 S Max >= 80.0 0 Max <= 32.0 0 Min <= 32.0 0 Min <= 0.0 0 Max Rain: 1.34 on day 3 Days of Rain: 13 (>= 0.01 in) 9 (>= 0.10 in) 1 (>= 1.00 in) Heat Base: 65.0 Cool Base: 65.0 Method: Integration