70°F
Crown Heights Area, Poughkeepsie, NY, USA
UpdatedOct-24-2017 01:33 
 

NOAA-Style Climate Reports

Select a Year or Month report
2017: Jan Feb Mar Apr May Jun Jul Aug Sep Oct Nov Dec
2016: Jan Feb Mar Apr May Jun Jul Aug Sep Oct Nov Dec
2015: Jan Feb Mar Apr May Jun Jul Aug Sep Oct Nov Dec
2014: Jan Feb Mar Apr May Jun Jul Aug Sep Oct Nov Dec
2013: Jan Feb Mar Apr May Jun Jul Aug Sep Oct Nov Dec
2012: Jan Feb Mar Apr May Jun Jul Aug Sep Oct Nov Dec
2011: Jan Feb Mar Apr May Jun Jul Aug Sep Oct Nov Dec
2010: Jan Feb Mar Apr May Jun Jul Aug Sep Oct Nov Dec
2009: Jan Feb Mar Apr May Jun Jul Aug Sep Oct Nov Dec
2008: Jan Feb Mar Apr May Jun Jul Aug Sep Oct Nov Dec
2007: Jan Feb Mar Apr May Jun Jul Aug Sep Oct Nov Dec
2006: Jan Feb Mar Apr May Jun Jul Aug Sep Oct Nov Dec

Report for 2007 May
                   MONTHLY CLIMATOLOGICAL SUMMARY for MAY 2007


NAME: N2EYH                 CITY: Poughkeepsie          STATE: NY                  
ELEV: 341 ft    LAT: 41.6 N    LONG: 73.9 W


                   TEMPERATURE (F), RAIN (in), WIND SPEED (mph)

                                         HEAT   COOL         AVG
      MEAN                               DEG    DEG          WIND                  DOM
DAY   TEMP   HIGH  TIME    LOW   TIME    DAYS   DAYS   RAIN  SPEED   HIGH  TIME    DIR
---------------------------------------------------------------------------------------
01    57.6   68.1  14:30   47.6  06:20    7.2    0.0   0.00   0.8    14.0  15:50   S
02    55.9   68.8  17:00   46.0  04:30    7.6    0.0   0.04   2.1    18.0  18:30   NNW
03    58.2   70.6  16:00   42.8  05:40    8.3    0.0   0.00   1.2    16.0  17:20   NNW
04    57.9   69.6  15:40   40.9  06:40    9.8    0.0   0.00   1.1    14.0  10:40   NNW
05    57.6   70.4  14:00   41.9  06:50    8.9    0.0   0.00   1.6    26.0  23:00   NW
06    52.3   62.1  15:20   41.9  06:00   13.0    0.0   0.00   3.9    27.0  00:10   N
07    54.7   69.1  16:20   38.0  05:50   11.4    0.0   0.00   0.4    11.0  11:50   SE
08    61.5   78.6  16:00   42.1  06:20    4.7    0.0   0.00   0.9    12.0  12:00   SSE
09    70.4   86.5  16:40   54.1  02:40    0.0    5.3   0.00   0.8    12.0  15:10   S
10    71.4   82.4  14:50    0.0  00:00   23.8    0.0   0.02   1.2    16.0  14:40   SE
11    70.0   81.6  17:00   62.4  06:00    0.0    7.0   0.10   0.2     7.0  17:30   SSE
12    63.8   73.5  15:40   55.4  23:50    0.6    0.0   0.01   0.8    16.0  07:00   NNW
13    57.1   67.1  16:20   49.8  06:20    6.6    0.0   0.00   1.9    21.0  09:50   NNW
14    57.8   72.1  14:40   38.5  06:00    9.7    0.0   0.00   0.9    16.0  14:30   SSE
15    71.1   87.8  17:10   55.0  06:40    0.0    6.4   0.00   1.8    21.0  17:00   SSW
16    69.5   82.4  11:50   57.0  24:00    0.0    4.7   0.29   1.3    24.0  13:20   SSW
17    58.3   67.3  15:30   51.1  24:00    5.8    0.0   0.02   0.6    12.0  16:50   NNW
18    52.3   59.3  18:10   46.8  08:10   11.9    0.0   0.00   1.0    14.0  18:30   NNE
19    51.4   54.7  13:00   49.2  09:50   13.1    0.0   0.17   0.6    12.0  11:50   NW
20    59.3   72.5  15:40   49.8  04:10    3.8    0.0   0.07   1.0    22.0  13:40   W
21    59.7   69.4  17:30   50.5  06:10    5.1    0.0   0.00   0.6    16.0  14:40   NNW
22    59.6   73.5  18:00   44.1  06:20    6.2    0.0   0.00   0.3    10.0  13:40   NW
23    64.0   78.3  14:50   49.4  05:50    1.1    0.0   0.00   0.8    16.0  18:10   S
24    71.6   87.6  15:40   54.8  03:00    0.0    6.2   0.00   0.7    13.0  08:00   S
25    77.6   91.0  14:30   65.0  05:30    0.0   13.0   0.00   0.6    12.0  17:30   S
26    75.0   86.3  16:30   63.7  06:10    0.0   10.0   0.00   0.1     8.0  15:50   WSW
27    69.9   83.2  15:20   60.2  05:40    0.0    6.7   0.00   0.3    16.0  23:30   S
28    72.0   83.8  15:10   62.9  24:00    0.0    8.4   0.02   0.9    20.0  14:10   SW
29    67.0   78.5  17:20   55.1  05:30    0.0    1.8   0.00   0.3    12.0  11:20   N
30    69.4   84.1  16:30   51.4  05:50    0.0    2.8   0.00   0.1     7.0  11:50   ESE
31    71.9   89.3  14:30   58.3  05:50    0.0    8.8   0.22   0.4    13.0  18:20   SE
---------------------------------------------------------------------------------------
      63.4   91.0    25     0.0    10   158.6   81.1   0.96   0.9    27.0     6    SSE

Max >=  90.0:  1
Max <=  32.0:  0
Min <=  32.0:  1
Min <=   0.0:  1
Max Rain    :  0.29 in ON 05/16/2007
Days of Rain: 9 (> 0.01 in) 4 (> 0.10 in) 0 (> 1.00 in)