70°F
Crown Heights Area, Poughkeepsie, NY, USA
UpdatedOct-24-2017 01:34 
 

NOAA-Style Climate Reports

Select a Year or Month report
2017: Jan Feb Mar Apr May Jun Jul Aug Sep Oct Nov Dec
2016: Jan Feb Mar Apr May Jun Jul Aug Sep Oct Nov Dec
2015: Jan Feb Mar Apr May Jun Jul Aug Sep Oct Nov Dec
2014: Jan Feb Mar Apr May Jun Jul Aug Sep Oct Nov Dec
2013: Jan Feb Mar Apr May Jun Jul Aug Sep Oct Nov Dec
2012: Jan Feb Mar Apr May Jun Jul Aug Sep Oct Nov Dec
2011: Jan Feb Mar Apr May Jun Jul Aug Sep Oct Nov Dec
2010: Jan Feb Mar Apr May Jun Jul Aug Sep Oct Nov Dec
2009: Jan Feb Mar Apr May Jun Jul Aug Sep Oct Nov Dec
2008: Jan Feb Mar Apr May Jun Jul Aug Sep Oct Nov Dec
2007: Jan Feb Mar Apr May Jun Jul Aug Sep Oct Nov Dec
2006: Jan Feb Mar Apr May Jun Jul Aug Sep Oct Nov Dec

Report for 2007 June
                   MONTHLY CLIMATOLOGICAL SUMMARY for JUN 2007


NAME: N2EYH                 CITY: Poughkeepsie          STATE: NY                  
ELEV: 341 ft    LAT: 41.6 N    LONG: 73.9 W


                   TEMPERATURE (F), RAIN (in), WIND SPEED (mph)

                                         HEAT   COOL         AVG
      MEAN                               DEG    DEG          WIND                  DOM
DAY   TEMP   HIGH  TIME    LOW   TIME    DAYS   DAYS   RAIN  SPEED   HIGH  TIME    DIR
---------------------------------------------------------------------------------------
01    71.6   88.2  13:40   60.7  04:30    0.0    9.4   0.00   0.2    10.0  12:20   SE
02    76.6   89.9  15:10   66.9  06:10    0.0   13.4   0.15   0.5    12.0  17:10   S
03    70.6   80.1  12:20   62.4  24:00    0.0    6.2   0.27   1.0    16.0  23:40   E
04    61.4   64.7  18:30   58.7  05:40    3.3    0.0   0.50   0.7    17.0  02:00   NNE
05    70.5   80.3  11:40   61.8  05:20    0.0    6.1   0.06   1.2    24.0  16:40   SSW
06    58.7   67.9  16:50   49.1  06:10    6.5    0.0   0.00   0.4    17.0  17:10   NW
07    61.9   77.2  17:50   43.9  05:40    4.4    0.0   0.00   0.3    10.0  14:50   ESE
08    73.2   90.7  15:40   58.1  05:50    0.0    9.4   0.00   0.7    13.0  17:30   ESE
09    72.6   82.4  15:00   64.8  24:00    0.0    8.6   0.00   0.8    16.0  11:50   NNE
10    65.4   72.7  16:10   61.5  09:30    0.0    2.1   0.01   0.2     7.0  09:30   E
11    71.1   83.8  16:10   59.2  04:50    0.0    6.5   0.00   0.3    14.0  20:40   N
12    69.2   83.4  13:10   62.9  04:50    0.0    8.1   0.68   0.2    18.0  14:20   N
13    62.9   66.9  00:10   55.3  23:50    3.9    0.0   0.00   0.9    13.0  19:40   ENE
14    60.3   68.8  17:40   54.8  02:00    3.2    0.0   0.00   0.1     8.0  16:00   N
15    66.4   78.6  17:40   52.9  05:10    0.0    0.8   0.00   0.1     7.0  11:00   E
16    69.0   83.8  14:20   55.6  06:00    0.0    4.7   0.00   0.4    12.0  15:30   SSW
17    75.0   87.8  16:40   60.9  05:10    0.0    9.4   0.00   0.8    14.0  17:20   SW
18    76.2   86.7  17:00   65.6  05:50    0.0   11.1   0.00   0.1     8.0  07:40   N
19    74.8   85.9  14:30   63.2  05:30    0.0    9.6   0.16   0.7    18.0  17:10   E
20    70.2   78.8  15:30   61.2  24:00    0.0    5.0   0.07   0.4    14.0  15:20   WNW
21    67.8   82.2  17:00   53.9  06:10    0.0    3.0   0.00   1.0    24.0  15:40   SW
22    65.5   73.3  12:00   59.5  01:40    0.0    1.4   0.00   0.9    20.0  16:30   NW
23    64.5   75.3  16:50   52.3  05:10    1.2    0.0   0.00   0.4    14.0  13:30   WNW
24    67.6   83.0  17:50   46.7  05:20    0.2    0.0   0.00   0.2     8.0  10:20   W
25    75.7   87.0  13:30   61.0  05:50    0.0    9.0   0.00   0.5    12.0  14:40   S
26    82.4   96.8  17:00   69.1  05:20    0.0   18.0   0.00   0.5    12.0  15:00   SW
27    80.7   93.4  13:50   69.1  24:00    0.0   16.2   0.12   0.6    17.0  20:30   SW
28    75.8   89.5  15:50   68.9  00:20    0.0   14.2   0.02   1.3    15.0  12:40   SW
29    68.8   75.4  17:00   62.7  07:30    0.0    4.1   0.00   0.2    10.0  09:00   N
30    69.1   82.2  14:20   53.9  05:30    0.0    3.0   0.00   0.1    11.0  23:00   NW
---------------------------------------------------------------------------------------
      69.8   96.8    26    43.9     7    22.7  179.3   2.04   0.5    24.0     5    NE

Max >=  90.0:  3
Max <=  32.0:  0
Min <=  32.0:  0
Min <=   0.0:  0
Max Rain    :  0.68 in ON 06/12/2007
Days of Rain: 9 (> 0.01 in) 6 (> 0.10 in) 0 (> 1.00 in)