78°F
Crown Heights Area, Poughkeepsie, NY, USA
UpdatedOct-21-2017 15:12 
 

NOAA-Style Climate Reports

Select a Year or Month report
2017: Jan Feb Mar Apr May Jun Jul Aug Sep Oct Nov Dec
2016: Jan Feb Mar Apr May Jun Jul Aug Sep Oct Nov Dec
2015: Jan Feb Mar Apr May Jun Jul Aug Sep Oct Nov Dec
2014: Jan Feb Mar Apr May Jun Jul Aug Sep Oct Nov Dec
2013: Jan Feb Mar Apr May Jun Jul Aug Sep Oct Nov Dec
2012: Jan Feb Mar Apr May Jun Jul Aug Sep Oct Nov Dec
2011: Jan Feb Mar Apr May Jun Jul Aug Sep Oct Nov Dec
2010: Jan Feb Mar Apr May Jun Jul Aug Sep Oct Nov Dec
2009: Jan Feb Mar Apr May Jun Jul Aug Sep Oct Nov Dec
2008: Jan Feb Mar Apr May Jun Jul Aug Sep Oct Nov Dec
2007: Jan Feb Mar Apr May Jun Jul Aug Sep Oct Nov Dec
2006: Jan Feb Mar Apr May Jun Jul Aug Sep Oct Nov Dec

Report for 2007 August
                   MONTHLY CLIMATOLOGICAL SUMMARY for AUG 2007


NAME: N2EYH                 CITY: Poughkeepsie          STATE: NY                  
ELEV: 341 ft    LAT: 41.6 N    LONG: 73.9 W


                   TEMPERATURE (F), RAIN (in), WIND SPEED (mph)

                                         HEAT   COOL         AVG
      MEAN                               DEG    DEG          WIND                  DOM
DAY   TEMP   HIGH  TIME    LOW   TIME    DAYS   DAYS   RAIN  SPEED   HIGH  TIME    DIR
---------------------------------------------------------------------------------------
01    78.3   90.3  15:30   64.5  06:20    0.0   12.4   0.00   0.1    10.0  12:50   WNW
02    80.6   93.2  18:00   67.1  06:40    0.0   15.1   0.00   0.1     7.0  13:50   SSE
03    80.2   92.1  13:30   70.3  06:10    0.0   16.2   0.00   0.3    18.0  20:50   SW
04    78.9   92.7  16:40   67.3  06:20    0.0   15.0   0.00   0.2    13.0  17:50   WNW
05    73.7   84.7  16:50   62.0  06:30    0.0    8.4   0.00   0.1     8.0  01:20   NNE
06    75.5   82.8  16:20   68.8  04:10    0.0   10.8   0.00   0.2    12.0  16:20   SSE
07    79.5   88.8  14:40   70.9  05:40    0.0   14.9   0.00   0.1     7.0  13:50   SSE
08    81.3   92.7  14:50   72.3  05:40    0.0   17.5   0.40   1.0    19.0  12:10   SW
09    75.0   84.1  14:30   66.6  06:50    0.0   10.4   0.09   0.3    10.0  17:00   NE
10    58.9   67.4  00:10   54.8  11:50    3.9    0.0   1.24   0.4    12.0  09:10   NNE
11    67.4   83.8  18:20   52.2  05:30    0.0    3.0   0.01   0.1    12.0  13:20   NNW
12    75.2   86.7  15:40   62.6  06:50    0.0    9.6   0.00   0.1     7.0  13:10   SSW
13    76.6   87.4  15:50   67.9  24:00    0.0   12.6   0.00   0.2    17.0  19:40   WNW
14    70.2   82.0  16:10   56.5  05:50    0.0    4.2   0.00   0.1    10.0  14:10   WNW
15    71.9   85.3  15:00   57.0  05:00    0.0    6.2   0.00   0.5    11.0  11:00   SW
16    75.8   87.2  16:10   65.6  05:40    0.0   11.4   0.20   0.7    14.0  23:30   S
17    71.1   79.9  14:50   59.2  23:40    0.0    4.6   0.19   0.1    26.0  22:40   SW
18    64.2   74.6  15:20   53.3  06:40    1.0    0.0   0.01   0.5    20.0  10:50   NW
19    63.5   74.0  15:00   53.2  06:20    1.4    0.0   0.00   0.0     7.0  15:20   SE
20    62.3   70.1  11:20   55.6  06:00    2.2    0.0   0.03   0.0     6.0  06:20   NW
21    57.7   59.9  10:30   55.9  15:20    7.1    0.0   0.63   0.0    10.0  13:10   ENE
22    61.2   65.3  14:00   56.7  00:10    4.0    0.0   0.00   0.1    10.0  10:00   ENE
23    66.4   73.9  13:40   60.2  06:10    0.0    2.0   0.00   0.2     8.0  19:30   ESE
24    75.1   84.5  16:10   67.4  03:00    0.0   10.9   0.00   0.7    17.0  14:10   S
25    81.7   92.1  15:00   73.3  02:10    0.0   17.7   0.00   0.6    21.0  23:30   SE
26    74.4   81.6  15:20   67.3  24:00    0.0    9.4   0.01   0.3    18.0  06:00   SW
27    73.7   86.1  16:00   63.9  06:10    0.0   10.0   0.00   0.0     6.0  09:50   NNW
28    74.1   85.3  14:50   64.2  06:30    0.0    9.8   0.00   0.0     7.0  14:40   SE
29    74.4   85.5  15:20   63.5  06:30    0.0    9.5   0.00   0.2    10.0  13:40   SE
30    75.9   89.0  14:30   64.3  06:30    0.0   11.6   0.00   0.2    11.0  21:10   SE
31    69.0   75.4  14:50   65.2  06:40    0.0    5.3   0.00   0.4    13.0  22:30   NNW
---------------------------------------------------------------------------------------
      72.4   93.2     2    52.2    11    19.6  258.5   2.81   0.3    26.0    17    SSE

Max >=  90.0:  6
Max <=  32.0:  0
Min <=  32.0:  0
Min <=   0.0:  0
Max Rain    :  1.24 in ON 08/10/2007
Days of Rain: 7 (> 0.01 in) 5 (> 0.10 in) 1 (> 1.00 in)