78°F
Crown Heights Area, Poughkeepsie, NY, USA
UpdatedOct-21-2017 15:25 
 

NOAA-Style Climate Reports

Select a Year or Month report
2017: Jan Feb Mar Apr May Jun Jul Aug Sep Oct Nov Dec
2016: Jan Feb Mar Apr May Jun Jul Aug Sep Oct Nov Dec
2015: Jan Feb Mar Apr May Jun Jul Aug Sep Oct Nov Dec
2014: Jan Feb Mar Apr May Jun Jul Aug Sep Oct Nov Dec
2013: Jan Feb Mar Apr May Jun Jul Aug Sep Oct Nov Dec
2012: Jan Feb Mar Apr May Jun Jul Aug Sep Oct Nov Dec
2011: Jan Feb Mar Apr May Jun Jul Aug Sep Oct Nov Dec
2010: Jan Feb Mar Apr May Jun Jul Aug Sep Oct Nov Dec
2009: Jan Feb Mar Apr May Jun Jul Aug Sep Oct Nov Dec
2008: Jan Feb Mar Apr May Jun Jul Aug Sep Oct Nov Dec
2007: Jan Feb Mar Apr May Jun Jul Aug Sep Oct Nov Dec
2006: Jan Feb Mar Apr May Jun Jul Aug Sep Oct Nov Dec

Report for 2007 November
                   MONTHLY CLIMATOLOGICAL SUMMARY for NOV 2007


NAME: N2EYH                 CITY: Poughkeepsie          STATE: NY                  
ELEV: 341 ft    LAT: 41.6 N    LONG: 73.9 W


                   TEMPERATURE (F), RAIN (in), WIND SPEED (mph)

                                         HEAT   COOL         AVG
      MEAN                               DEG    DEG          WIND                  DOM
DAY   TEMP   HIGH  TIME    LOW   TIME    DAYS   DAYS   RAIN  SPEED   HIGH  TIME    DIR
---------------------------------------------------------------------------------------
01    52.6   61.5  13:10   43.3  23:00   12.6    0.0   0.00   0.3    12.0  00:10   W
02    45.5   54.2  13:50   37.5  07:50   19.1    0.0   0.00   0.6    13.0  16:00   N
03    43.1   47.6  18:40   39.9  07:30   21.2    0.0   0.00   1.8    19.0  10:30   NNW
04    48.0   57.2  11:40   40.3  07:00   16.2    0.0   0.00   0.4    11.0  05:10   SW
05    47.4   57.2  15:10   35.5  07:30   18.6    0.0   0.00   0.7    16.0  20:50   SE
06    46.8   52.2  00:40   39.8  24:00   19.0    0.0   0.52   1.6    19.0  05:20   S
07    40.8   47.0  13:30   33.5  24:00   24.8    0.0   0.00   1.4    20.0  11:50   SW
08    35.6   43.8  13:00   26.0  07:00   30.1    0.0   0.00   0.1     8.0  14:50   NE
09    36.6   42.3  13:10   32.1  07:00   27.8    0.0   0.08   0.1     7.0  18:30   N
10    36.9   44.3  14:20   31.3  23:50   27.2    0.0   0.06   1.0    19.0  13:20   NNW
11    34.8   44.1  13:20   27.9  24:00   29.0    0.0   0.00   0.5    13.0  08:30   NNW
12    36.7   44.6  20:20   26.6  02:50   29.4    0.0   0.07   0.0     6.0  20:10   NNE
13    48.1   58.1  14:40   38.8  24:00   16.5    0.0   0.13   0.1     7.0  06:20   NNW
14    47.2   56.7  11:40   33.5  04:20   19.9    0.0   0.02   0.4    14.0  11:50   ESE
15    47.6   56.0  08:30   40.9  20:30   16.5    0.0   0.65   0.5    14.0  10:20   NW
16    39.7   45.8  10:20   32.2  24:00   26.0    0.0   0.00   2.1    24.0  16:40   WSW
17    37.1   43.3  12:10   31.0  04:50   27.9    0.0   0.00   1.2    20.0  09:10   SW
18    35.9   42.1  13:50   30.7  04:30   28.6    0.0   0.00   0.4    10.0  19:10   NW
19    37.6   42.2  13:50   33.1  07:10   27.4    0.0   0.00   0.8    12.0  21:40   NE
20    38.2   41.9  15:50   33.5  07:30   27.3    0.0   0.25   0.3     8.0  03:20   ESE
21    42.8   43.9  09:50   40.3  02:30   22.9    0.0   0.85   0.0     3.0  00:40   SE
22    43.9   43.9  00:10   43.9  00:10   21.1    0.0   1.44   0.0     1.0  00:10   SE
23    43.9   43.9  00:10   43.9  00:10   21.1    0.0   1.44   0.0     1.0  00:10   SE
24    36.7   43.9  00:10   28.1  10:20   29.0    0.0   0.61   0.0     3.0  14:50   SE
25    40.5   48.2  15:00   32.8  00:10   24.5    0.0   0.00   0.4     8.0  11:40   ESE
26    48.0   48.2  00:10   47.9  00:10   17.0    0.0   0.00   0.0     6.0  00:10   SE
27    48.0   48.2  00:10   47.9  00:10   17.0    0.0   0.00   0.0     6.0  00:10   SE
28    44.8   48.2  00:10   38.8  10:00   21.5    0.0   45.69   0.2     6.0  00:10   ESE
29    43.0   46.2  15:00   35.8  24:00   24.0    0.0   116.53   0.5    17.0  24:00   SSE
30    35.8   41.5  15:00   30.7  08:00   28.9    0.0   0.00   1.9    19.0  19:00   SW
---------------------------------------------------------------------------------------
      42.1   61.5     1    26.0     8   692.1    0.0   168.34   0.6    24.0    16    SE

Max >=  90.0:  0
Max <=  32.0:  0
Min <=  32.0:  8
Min <=   0.0:  0
Max Rain    :  116.53 in ON 11/29/2007
Days of Rain: 14 (> 0.01 in) 10 (> 0.10 in) 4 (> 1.00 in)