27°F
Crown Heights Area, Poughkeepsie, NY, USA
UpdatedDec-16-2017 22:59 
 

NOAA-Style Climate Reports

Select a Year or Month report
2017: Jan Feb Mar Apr May Jun Jul Aug Sep Oct Nov Dec
2016: Jan Feb Mar Apr May Jun Jul Aug Sep Oct Nov Dec
2015: Jan Feb Mar Apr May Jun Jul Aug Sep Oct Nov Dec
2014: Jan Feb Mar Apr May Jun Jul Aug Sep Oct Nov Dec
2013: Jan Feb Mar Apr May Jun Jul Aug Sep Oct Nov Dec
2012: Jan Feb Mar Apr May Jun Jul Aug Sep Oct Nov Dec
2011: Jan Feb Mar Apr May Jun Jul Aug Sep Oct Nov Dec
2010: Jan Feb Mar Apr May Jun Jul Aug Sep Oct Nov Dec
2009: Jan Feb Mar Apr May Jun Jul Aug Sep Oct Nov Dec
2008: Jan Feb Mar Apr May Jun Jul Aug Sep Oct Nov Dec
2007: Jan Feb Mar Apr May Jun Jul Aug Sep Oct Nov Dec
2006: Jan Feb Mar Apr May Jun Jul Aug Sep Oct Nov Dec

Report for 2008 January
                   MONTHLY CLIMATOLOGICAL SUMMARY for JAN 2008


NAME: N2EYH                 CITY: Poughkeepsie          STATE: NY                  
ELEV: 341 ft    LAT: 41.6 N    LONG: 73.9 W


                   TEMPERATURE (F), RAIN (in), WIND SPEED (mph)

                                         HEAT   COOL         AVG
      MEAN                               DEG    DEG          WIND                  DOM
DAY   TEMP   HIGH  TIME    LOW   TIME    DAYS   DAYS   RAIN  SPEED   HIGH  TIME    DIR
---------------------------------------------------------------------------------------
01    32.4   39.5  00:10   26.4  05:30   32.0    0.0   0.04   0.7    16.0  20:40   S
02    24.7   33.5  00:10   10.2  24:00   43.2    0.0   0.00   3.3    20.0  12:40   NNW
03    10.4   17.3  13:40    5.2  07:20   53.8    0.0   0.00   1.0    14.0  14:10   NNW
04    22.3   31.2  17:40    7.4  00:20   45.7    0.0   0.00   1.0    14.0  10:30   SSW
05    32.7   41.5  15:10   24.5  05:00   32.0    0.0   0.06   0.1     8.0  20:30   SSE
06    38.5   44.2  15:40   33.5  01:00   26.1    0.0   0.02   0.1     8.0  09:10   SSE
07    47.5   59.8  15:10   40.2  04:30   15.0    0.0   0.00   0.2     8.0  13:50   SE
08    51.8   63.1  13:40   42.2  06:00   12.4    0.0   0.00   0.3     8.0  19:10   SSE
09    53.4   62.0  11:40   41.9  24:00   13.1    0.0   0.02   3.3    34.0  12:40   S
10    40.2   45.7  13:40   35.2  07:30   24.5    0.0   0.00   0.5    14.0  02:00   SSE
11    39.9   44.8  19:00   35.9  07:50   24.6    0.0   0.30   0.8    11.0  09:50   SSE
12    40.6   47.1  14:20   32.2  23:30   25.4    0.0   0.00   0.6    11.0  14:00   WNW
13    35.2   44.2  14:30   26.4  07:10   29.7    0.0   0.00   0.9    10.0  14:10   WNW
14    37.0   37.6  00:10   32.2  23:30   30.1    0.0   0.01   0.9     2.0  00:10   SW
15    31.8   38.3  12:10   26.1  24:00   32.8    0.0   0.05   0.6    13.0  19:00   WNW
16    29.2   36.9  13:30   23.2  07:50   35.0    0.0   0.00   1.2    17.0  13:00   WNW
17    26.4   32.4  14:30   17.3  05:10   40.2    0.0   0.00   0.3    10.0  16:20   SE
18    36.0   45.1  15:10   29.5  00:40   27.7    0.0   0.25   1.4    22.0  15:50   WSW
19    30.8   35.6  12:10   26.1  04:40   34.2    0.0   0.00   0.8    13.0  13:10   SW
20    20.6   30.4  00:10   14.1  23:50   42.8    0.0   0.00   2.6    22.0  16:00   W
21    17.4   25.0  15:30   10.4  07:00   47.3    0.0   0.00   1.5    18.0  11:30   SW
22    28.3   35.6  13:20   17.0  03:40   38.7    0.0   0.00   1.1    20.0  12:00   S
23    31.0   36.3  13:10   24.8  24:00   34.5    0.0   0.00   1.3    22.0  14:20   SW
24    25.8   30.9  15:30   20.5  24:00   39.3    0.0   0.00   1.3    19.0  19:00   WNW
25    24.2   31.9  13:00   16.4  04:00   40.8    0.0   0.00   1.8    18.0  13:50   SW
26    26.4   32.1  15:20   21.9  07:10   38.0    0.0   0.00   0.2     8.0  08:50   S
27    30.3   35.9  15:00   26.1  07:20   34.0    0.0   0.00   2.5    16.0  19:30   N
28    31.3   39.0  15:10   25.2  07:40   32.9    0.0   0.00   2.5    22.0  09:40   NNW
29    31.1   38.1  15:50   22.3  05:10   34.8    0.0   0.03   0.4     8.0  19:30   SSE
30    40.2   41.4  08:00   35.8  00:30   26.4    0.0   0.14   2.2    12.0  07:50   SE
31    41.4   41.4  00:10   41.4  00:10   23.6    0.0   0.00   3.0     5.0  00:10   SE
---------------------------------------------------------------------------------------
      32.5   63.1     8     5.2     3   1010.6    0.0   0.92   1.2    34.0     9    S

Max >=  90.0:  0
Max <=  32.0:  6
Min <=  32.0:  21
Min <=   0.0:  0
Max Rain    :  0.30 in ON 01/11/2008
Days of Rain: 9 (> 0.01 in) 3 (> 0.10 in) 0 (> 1.00 in)