27°F
Crown Heights Area, Poughkeepsie, NY, USA
UpdatedDec-16-2017 23:08 
 

NOAA-Style Climate Reports

Select a Year or Month report
2017: Jan Feb Mar Apr May Jun Jul Aug Sep Oct Nov Dec
2016: Jan Feb Mar Apr May Jun Jul Aug Sep Oct Nov Dec
2015: Jan Feb Mar Apr May Jun Jul Aug Sep Oct Nov Dec
2014: Jan Feb Mar Apr May Jun Jul Aug Sep Oct Nov Dec
2013: Jan Feb Mar Apr May Jun Jul Aug Sep Oct Nov Dec
2012: Jan Feb Mar Apr May Jun Jul Aug Sep Oct Nov Dec
2011: Jan Feb Mar Apr May Jun Jul Aug Sep Oct Nov Dec
2010: Jan Feb Mar Apr May Jun Jul Aug Sep Oct Nov Dec
2009: Jan Feb Mar Apr May Jun Jul Aug Sep Oct Nov Dec
2008: Jan Feb Mar Apr May Jun Jul Aug Sep Oct Nov Dec
2007: Jan Feb Mar Apr May Jun Jul Aug Sep Oct Nov Dec
2006: Jan Feb Mar Apr May Jun Jul Aug Sep Oct Nov Dec

Report for 2009 June
                   MONTHLY CLIMATOLOGICAL SUMMARY for JUN 2009


NAME: N2EYH                 CITY: Poughkeepsie          STATE: NY                  
ELEV: 341 ft    LAT: 41.6 N    LONG: 73.9 W


                   TEMPERATURE (F), RAIN (in), WIND SPEED (mph)

                                         HEAT   COOL         AVG
      MEAN                               DEG    DEG          WIND                  DOM
DAY   TEMP   HIGH  TIME    LOW   TIME    DAYS   DAYS   RAIN  SPEED   HIGH  TIME    DIR
---------------------------------------------------------------------------------------
01    57.3   67.7  16:00   41.3  05:30   10.5    0.0   0.00   0.5    12.0  14:10   SSE
02    64.7   73.1  12:30   57.6  05:20    0.0    0.3   0.00   0.3    11.0  00:40   S
03    59.9   71.7  09:50   54.7  06:00    1.8    0.0   0.00   0.3    11.0  11:00   NW
04    62.0   71.8  14:10   52.6  05:10    2.8    0.0   0.00   0.1     8.0  10:50   SW
05    56.2   59.9  11:40   54.5  03:50    7.8    0.0   0.00   0.1    12.0  13:20   NE
06    65.1   76.3  17:10   54.4  04:00    0.0    0.3   0.00   0.1     8.0  15:30   SE
07    70.2   79.0  13:10   55.3  05:40    0.0    2.2   0.00   0.3     6.0  12:00   S
08    67.7   76.3  13:20   56.8  06:00    0.0    1.6   0.00   0.2    12.0  04:30   NNW
09    61.1   65.4  17:50   56.8  08:10    3.9    0.0   0.00   0.3     8.0  22:10   ENE
10    63.1   68.9  15:00   57.3  07:00    1.9    0.0   0.00   0.4    11.0  16:50   ENE
11    61.2   64.1  14:20   58.8  07:50    3.5    0.0   0.00   0.1     8.0  19:50   E
12    66.3   75.9  17:00   58.7  02:00    0.0    2.3   0.00   0.3    12.0  12:30   N
13    67.2   75.2  12:20   62.3  06:40    0.0    3.8   0.00   0.3    10.0  17:30   NNE
14    63.7   72.7  15:30   58.0  06:10    0.0    0.3   0.00   0.5    10.0  19:20   N
15    61.4   72.0  13:40   55.0  02:50    1.5    0.0   0.00   0.2    12.0  02:30   SE
16    64.5   68.7  11:00   61.2  20:40    0.1    0.0   0.00   0.1     8.0  18:40   ESE
17    63.2   71.3  11:50   56.2  24:00    1.2    0.0   0.00   0.2    12.0  13:20   ESE
18    58.8   61.5  16:00   55.6  02:20    6.5    0.0   0.00   0.3     8.0  17:50   E
19    66.7   74.6  15:50   59.9  00:10    0.0    2.2   0.00   0.0     8.0  13:30   NW
20    64.1   66.6  00:10   59.9  05:40    1.8    0.0   0.00   0.0     7.0  00:10   NNE
21    65.4   73.8  14:00   61.0  03:50    0.0    2.4   0.00   2.0    14.0  19:10   N
22    65.3   70.1  15:10   61.7  06:20    0.0    0.9   0.00   2.5    24.0  14:00   NNW
23    70.4   77.9  16:50   62.3  05:10    0.0    5.1   0.01   1.9    18.0  08:30   N
24    69.9   76.4  11:20   63.9  24:00    0.0    5.2   0.00   0.5    13.0  09:40   N
25    72.7   80.8  11:20   63.1  01:50    0.0    6.9   0.00   0.3     7.0  16:00   ESE
26    68.5   80.6  14:20   63.3  17:50    0.0    6.9   0.00   0.8    11.0  15:20   SSE
27    66.3   77.2  12:30   62.8  24:00    0.0    5.0   0.00   0.6     7.0  19:00   S
28    69.8   78.9  15:40   59.9  05:40    0.0    4.4   0.02   0.1     8.0  10:10   NNW
29    71.6   80.8  12:40   62.3  06:20    0.0    6.6   0.01   0.5    12.0  19:30   SSW
30    67.6   84.1  12:00   60.2  05:50    0.0    7.2   0.00   0.3    16.0  14:50   SE
---------------------------------------------------------------------------------------
      65.1   84.1    30    41.3     1    43.3   63.6   0.04   0.5    24.0    22    NE

Max >=  90.0:  0
Max <=  32.0:  0
Min <=  32.0:  0
Min <=   0.0:  0
Max Rain    :  0.02 in ON 06/28/2009
Days of Rain: 1 (> 0.01 in) 0 (> 0.10 in) 0 (> 1.00 in)