28°F
Crown Heights Area, Poughkeepsie, NY, USA
UpdatedDec-17-2017 12:29 
 

NOAA-Style Climate Reports

Select a Year or Month report
2017: Jan Feb Mar Apr May Jun Jul Aug Sep Oct Nov Dec
2016: Jan Feb Mar Apr May Jun Jul Aug Sep Oct Nov Dec
2015: Jan Feb Mar Apr May Jun Jul Aug Sep Oct Nov Dec
2014: Jan Feb Mar Apr May Jun Jul Aug Sep Oct Nov Dec
2013: Jan Feb Mar Apr May Jun Jul Aug Sep Oct Nov Dec
2012: Jan Feb Mar Apr May Jun Jul Aug Sep Oct Nov Dec
2011: Jan Feb Mar Apr May Jun Jul Aug Sep Oct Nov Dec
2010: Jan Feb Mar Apr May Jun Jul Aug Sep Oct Nov Dec
2009: Jan Feb Mar Apr May Jun Jul Aug Sep Oct Nov Dec
2008: Jan Feb Mar Apr May Jun Jul Aug Sep Oct Nov Dec
2007: Jan Feb Mar Apr May Jun Jul Aug Sep Oct Nov Dec
2006: Jan Feb Mar Apr May Jun Jul Aug Sep Oct Nov Dec

Report for 2009 September
                   MONTHLY CLIMATOLOGICAL SUMMARY for SEP 2009


NAME: N2EYH                 CITY: Poughkeepsie          STATE: NY                  
ELEV: 341 ft    LAT: 41.6 N    LONG: 73.9 W


                   TEMPERATURE (F), RAIN (in), WIND SPEED (mph)

                                         HEAT   COOL         AVG
      MEAN                               DEG    DEG          WIND                  DOM
DAY   TEMP   HIGH  TIME    LOW   TIME    DAYS   DAYS   RAIN  SPEED   HIGH  TIME    DIR
---------------------------------------------------------------------------------------
01    58.2   72.0  17:50   47.2  07:00    5.4    0.0   0.00   0.1    10.0  14:20   NNW
02    59.7   77.2  17:50   46.1  06:30    3.3    0.0   0.00   0.0     7.0  14:40   WNW
03    63.3   80.0  17:50   51.6  06:40    0.0    0.8   0.00   0.0     7.0  14:00   WNW
04    65.7   78.1  15:40   55.1  05:30    0.0    1.6   0.00   0.1    11.0  12:50   NNW
05    68.2   77.7  15:10   61.0  07:00    0.0    4.3   0.00   0.1     8.0  11:10   NW
06    62.0   70.3  15:00   55.0  06:50    2.3    0.0   0.00   0.2    11.0  02:20   N
07    60.7   67.6  15:10   55.9  01:30    3.2    0.0   0.00   0.0     2.0  12:50   ESE
08    62.8   73.4  16:20   55.3  04:00    0.7    0.0   0.00   0.0     7.0  19:10   NW
09    64.1   72.0  17:10   56.5  24:00    0.8    0.0   0.00   0.4    13.0  11:40   N
10    57.8   66.6  13:40   48.8  06:50    7.3    0.0   0.00   0.4    16.0  12:30   NNE
11    54.0   57.3  23:50   50.4  07:30   11.2    0.0   0.78   1.5    17.0  10:40   NNW
12    61.2   66.1  14:50   57.3  00:10    3.3    0.0   0.02   0.6    12.0  14:10   NW
13    66.6   75.4  15:20   61.2  24:00    0.0    3.3   0.00   0.3    12.0  11:50   NW
14    63.4   73.6  15:20   54.4  06:50    1.0    0.0   0.00   0.1    11.0  16:10   WSW
15    64.3   74.6  13:10   55.4  06:50    0.0    0.0   0.00   0.0     8.0  17:20   NW
16    58.3   63.6  11:50   54.0  24:00    6.2    0.0   0.03   0.4    12.0  08:00   N
17    53.2   57.7  17:00   49.5  24:00   11.4    0.0   0.06   0.0     8.0  01:10   NNE
18    58.4   71.1  16:40   47.6  02:40    5.7    0.0   0.00   0.3    12.0  14:30   W
19    54.0   64.9  17:20   44.2  06:50   10.5    0.0   0.00   0.3    12.0  02:00   NNW
20    53.5   68.7  17:10   39.6  07:10   10.8    0.0   0.00   0.0     7.0  13:50   SW
21    57.7   71.0  14:50   46.9  05:40    6.0    0.0   0.00   0.0     6.0  12:00   S
22    62.6   70.6  15:30   56.2  04:10    1.6    0.0   0.00   0.0     5.0  12:00   SE
23    68.9   77.7  14:50   62.1  06:10    0.0    4.9   0.00   0.0    10.0  16:10   SE
24    68.0   75.5  14:20   58.2  24:00    0.0    1.8   0.00   0.2    10.0  21:50   WNW
25    54.9   61.8  14:10   46.6  24:00   10.8    0.0   0.00   0.9    24.0  11:10   NNW
26    50.9   62.1  13:30   41.9  06:20   13.0    0.0   2.73   0.0     8.0  12:30   ESE
27    58.7   64.4  16:40   51.3  00:20    7.2    0.0   1.14   0.0    16.0  23:10   ENE
28    59.5   68.6  14:40   53.5  05:40    4.0    0.0   0.00   0.1    13.0  14:20   SE
29    54.5   63.0  12:20   46.9  06:20   10.0    0.0   0.00   0.2    13.0  08:50   S
30    50.4   54.1  11:40   42.6  24:00   16.7    0.0   0.00   0.4    16.0  18:00   W
---------------------------------------------------------------------------------------
      59.8   80.0     3    39.6    20   152.4   16.7   4.76   0.2    24.0    25    NW

Max >=  90.0:  0
Max <=  32.0:  0
Min <=  32.0:  0
Min <=   0.0:  0
Max Rain    :  2.73 in ON 09/26/2009
Days of Rain: 6 (> 0.01 in) 3 (> 0.10 in) 2 (> 1.00 in)