27°F
Crown Heights Area, Poughkeepsie, NY, USA
UpdatedDec-16-2017 23:13 
 

NOAA-Style Climate Reports

Select a Year or Month report
2017: Jan Feb Mar Apr May Jun Jul Aug Sep Oct Nov Dec
2016: Jan Feb Mar Apr May Jun Jul Aug Sep Oct Nov Dec
2015: Jan Feb Mar Apr May Jun Jul Aug Sep Oct Nov Dec
2014: Jan Feb Mar Apr May Jun Jul Aug Sep Oct Nov Dec
2013: Jan Feb Mar Apr May Jun Jul Aug Sep Oct Nov Dec
2012: Jan Feb Mar Apr May Jun Jul Aug Sep Oct Nov Dec
2011: Jan Feb Mar Apr May Jun Jul Aug Sep Oct Nov Dec
2010: Jan Feb Mar Apr May Jun Jul Aug Sep Oct Nov Dec
2009: Jan Feb Mar Apr May Jun Jul Aug Sep Oct Nov Dec
2008: Jan Feb Mar Apr May Jun Jul Aug Sep Oct Nov Dec
2007: Jan Feb Mar Apr May Jun Jul Aug Sep Oct Nov Dec
2006: Jan Feb Mar Apr May Jun Jul Aug Sep Oct Nov Dec

Report for 2009 October
                   MONTHLY CLIMATOLOGICAL SUMMARY for OCT 2009


NAME: N2EYH                 CITY: Poughkeepsie          STATE: NY                  
ELEV: 341 ft    LAT: 41.6 N    LONG: 73.9 W


                   TEMPERATURE (F), RAIN (in), WIND SPEED (mph)

                                         HEAT   COOL         AVG
      MEAN                               DEG    DEG          WIND                  DOM
DAY   TEMP   HIGH  TIME    LOW   TIME    DAYS   DAYS   RAIN  SPEED   HIGH  TIME    DIR
---------------------------------------------------------------------------------------
01    46.8   53.2  12:20   41.3  01:10   17.8    0.0   0.00   0.2    11.0  14:00   WSW
02    48.8   56.5  24:00   38.4  07:00   17.5    0.0   0.00   0.0    13.0  20:10   ENE
03    61.1   66.2  15:10   56.5  00:10    3.7    0.0   0.11   0.0     7.0  16:30   NE
04    49.5   59.1  00:10   41.3  01:10   14.8    0.0   0.00   0.2    11.0  14:00   W
05    54.4   61.8  18:30   46.4  11:10   10.9    0.0   0.00   0.4    20.0  18:30   WSW
06    51.8   61.8  18:10   43.0  11:10   12.6    0.0   0.00   0.1    11.0  03:20   WSW
07    56.4   62.0  16:00   51.4  01:40    8.3    0.0   0.38   1.3    32.0  14:30   W
08    53.7   61.0  18:00   47.2  09:50   10.9    0.0   0.00   1.0    31.0  03:50   WNW
09    52.8   57.0  20:10   50.0  08:30   11.5    0.0   158.75   0.0     5.0  03:40   WSW
10    56.0   59.8  18:00   47.7  24:00   11.2    0.0   342.98   0.7    22.0  18:30   NW
11    46.4   59.1  18:00   35.6  10:30   17.7    0.0   342.86   0.3    17.0  18:10   W
12    41.7   49.7  18:50   32.8  11:40   23.8    0.0   342.86   0.1    11.0  02:40   NW
13    47.0   58.2  18:00   42.7  09:40   14.5    0.0   342.90   0.8    22.0  19:40   WNW
14    41.3   49.5  17:40   32.5  10:30   24.0    0.0   339.13   0.2    11.0  00:30   NNW
---------------------------------------------------------------------------------------
      50.5   66.2     3    32.5    14   199.2    0.0   1869.97   0.4    32.0     7    W

Max >=  90.0:  0
Max <=  32.0:  0
Min <=  32.0:  0
Min <=   0.0:  0
Max Rain    :  342.98 in ON 10/10/2009
Days of Rain: 8 (> 0.01 in) 8 (> 0.10 in) 6 (> 1.00 in)