28°F
Crown Heights Area, Poughkeepsie, NY, USA
UpdatedDec-17-2017 12:29 
 

NOAA-Style Climate Reports

Select a Year or Month report
2017: Jan Feb Mar Apr May Jun Jul Aug Sep Oct Nov Dec
2016: Jan Feb Mar Apr May Jun Jul Aug Sep Oct Nov Dec
2015: Jan Feb Mar Apr May Jun Jul Aug Sep Oct Nov Dec
2014: Jan Feb Mar Apr May Jun Jul Aug Sep Oct Nov Dec
2013: Jan Feb Mar Apr May Jun Jul Aug Sep Oct Nov Dec
2012: Jan Feb Mar Apr May Jun Jul Aug Sep Oct Nov Dec
2011: Jan Feb Mar Apr May Jun Jul Aug Sep Oct Nov Dec
2010: Jan Feb Mar Apr May Jun Jul Aug Sep Oct Nov Dec
2009: Jan Feb Mar Apr May Jun Jul Aug Sep Oct Nov Dec
2008: Jan Feb Mar Apr May Jun Jul Aug Sep Oct Nov Dec
2007: Jan Feb Mar Apr May Jun Jul Aug Sep Oct Nov Dec
2006: Jan Feb Mar Apr May Jun Jul Aug Sep Oct Nov Dec

Report for 2014 May
                   Monthly Climatological Summary for May 2014

Name: AR573   City: Poughkeepsie   State: New York
Elevation: 308 ft  Lat: N 41° 37' 04"   Lon: W 073° 55' 28"

                  Temperature (°F), Rain (in), Wind Speed (mph)

                                      Heat  Cool        Avg
    Mean                              Deg   Deg         Wind                 Dom
Day Temp  High   Time   Low    Time   Days  Days  Rain  Speed High   Time    Dir
----------------------------------------------------------------------------------
 1  59.5  75.5   17:31  48.2   00:00   2.1   0.0  0.31   1.3  17.1   22:57   SSW
 2  58.1  67.3   15:01  49.1   04:54   1.3   0.0  0.00   1.9  20.5   12:52   WSW
 3  57.8  68.9   12:23  47.6   05:50   1.7   0.0  0.03   1.1  14.8   18:25    SW
 4  56.1  67.0   14:27  48.8   04:00   1.9   0.0  0.02   3.7  26.2   18:41     W
 5  56.4  65.6   16:22  47.2   04:49   1.9   0.0  0.00   2.8  20.5   10:21     N
 6  55.9  64.5   16:47  45.9   06:05   2.3   0.0  0.00   2.0  20.5   15:38     N
 7  56.1  66.4   17:26  41.9   06:05   2.8   0.0  0.00   1.2  11.9   09:09   ENE
 8  55.3  63.5   17:41  50.2   06:35   1.5   0.0  0.05   0.4   8.3   13:54     S
 9  57.9  61.4   14:33  53.7   04:27   0.2   0.0  0.32   0.4  10.7   15:43    SE
10  67.6  83.7   14:33  59.8   00:00   0.0   1.1  0.16   0.7  15.5   17:19   SSW
11  69.3  79.6   16:04  58.1   06:13   0.0   0.9  0.02   1.5  14.3   12:11     W
12  69.1  86.3   13:30  51.4   06:23   0.4   2.0  0.00   0.5  10.7   12:59   SSW
13  65.5  73.6   14:16  55.6   23:59   0.0   0.0  0.00   2.4  15.5   06:49    SE
14  61.3  74.5   15:39  49.4   05:00   1.2   0.0  0.00   1.9  14.3   12:52   SSE
15  64.7  71.2   17:12  59.0   03:10   0.0   0.0  0.25   0.9  14.3   21:41    SE
16  66.8  70.4   13:12  56.6   23:58   0.0   0.0  1.76   3.1  21.4   18:54    SE
17  58.1  68.0   15:23  48.4   06:04   1.2   0.0  0.01   1.5  17.9   15:54   WNW
18  54.9  64.2   15:41  45.2   05:30   2.5   0.0  0.00   1.6  15.5   09:49   NNE
19  57.5  69.4   15:55  40.5   04:58   2.8   0.0  0.00   1.7  21.4   20:32   NNE
20  63.2  77.3   16:58  44.6   05:39   1.8   0.1  0.00   0.9  13.1   16:37   NNE
21  65.1  77.1   14:23  55.1   04:23   0.0   0.1  0.00   0.6  10.7   14:06    SW
22  59.0  65.9   13:28  55.9   23:26   0.0   0.0  0.55   0.8  16.7   14:41    SE
23  58.9  64.3   12:42  55.7   01:27   0.0   0.0  0.06   0.2   7.1   15:57   NNE
24  59.2  68.4   14:25  54.5   05:34   0.1   0.0  0.01   0.5  10.7   14:04   NNE
25  65.4  79.8   16:31  50.9   06:09   0.8   0.7  0.01   0.4   7.1   13:29   WSW
26  72.6  86.2   15:16  59.1   02:41   0.0   3.0  0.00   1.1  15.5   14:13    SW
27  76.2  87.3   13:48  64.3   05:58   0.0   4.0  0.00   0.8  14.3   19:02    SW
28  55.8  71.3   00:00  49.7   23:39   1.4   0.0  0.20   1.8  14.3   18:54   ESE
29  57.0  69.8   16:06  44.3   05:40   2.4   0.0  0.00   0.9  13.1   02:42    SE
30  62.1  76.9   16:08  52.9   02:25   0.4   0.1  0.01   1.1  20.2   17:36   NNE
31  60.7  69.7   15:15  50.1   03:23   1.0   0.0  0.00   1.9  23.8   11:24   NNE
----------------------------------------------------------------------------------
    61.4  87.3    27    40.5    19    31.7  12.0  3.77   1.3  26.2     4      SE

Max >=  80.0:  4
Max <=  32.0:  0
Min <=  32.0:  0
Min <=   0.0:  0
Max Rain: 1.76 on day 16
Days of Rain: 16 (>= 0.01 in)  7 (>= 0.10 in)  1 (>= 1.00 in)
Heat Base: 55.0  Cool Base: 75.0  Method: Integration