70°F
Crown Heights Area, Poughkeepsie, NY, USA
UpdatedOct-24-2017 01:32 
 

NOAA-Style Climate Reports

Select a Year or Month report
2017: Jan Feb Mar Apr May Jun Jul Aug Sep Oct Nov Dec
2016: Jan Feb Mar Apr May Jun Jul Aug Sep Oct Nov Dec
2015: Jan Feb Mar Apr May Jun Jul Aug Sep Oct Nov Dec
2014: Jan Feb Mar Apr May Jun Jul Aug Sep Oct Nov Dec
2013: Jan Feb Mar Apr May Jun Jul Aug Sep Oct Nov Dec
2012: Jan Feb Mar Apr May Jun Jul Aug Sep Oct Nov Dec
2011: Jan Feb Mar Apr May Jun Jul Aug Sep Oct Nov Dec
2010: Jan Feb Mar Apr May Jun Jul Aug Sep Oct Nov Dec
2009: Jan Feb Mar Apr May Jun Jul Aug Sep Oct Nov Dec
2008: Jan Feb Mar Apr May Jun Jul Aug Sep Oct Nov Dec
2007: Jan Feb Mar Apr May Jun Jul Aug Sep Oct Nov Dec
2006: Jan Feb Mar Apr May Jun Jul Aug Sep Oct Nov Dec

Report for 2014 July
                   Monthly Climatological Summary for Jul 2014

Name: AR573   City: Poughkeepsie   State: New York
Elevation: 308 ft  Lat: N 41° 37' 04"   Lon: W 073° 55' 28"

                  Temperature (°F), Rain (in), Wind Speed (mph)

                                      Heat  Cool        Avg
    Mean                              Deg   Deg         Wind                 Dom
Day Temp  High   Time   Low    Time   Days  Days  Rain  Speed High   Time    Dir
----------------------------------------------------------------------------------
 1  78.8  90.7   13:04  66.3   05:12   0.0   6.0  0.00   0.7  13.1   13:44     S
 2  77.7  91.1   13:01  70.6   21:55   0.0   4.3  2.80   0.6  14.3   15:57   SSE
 3  74.8  88.8   14:53  66.3   22:34   0.0   3.2  1.43   0.5  19.0   18:31     S
 4  65.5  67.7   06:13  62.8   14:48   0.0   0.0  0.59   0.4  11.9   12:55   NNE
 5  70.7  81.9   15:55  57.2   05:35   0.0   1.5  0.00   1.2  20.2   10:48     W
 6  73.3  84.5   15:23  58.9   05:45   0.0   2.7  0.00   1.1  16.7   15:52    SW
 7  76.7  88.7   15:50  68.1   21:51   0.0   4.4  0.42   1.0  25.0   19:06    SW
 8  76.9  89.5   16:12  65.6   05:48   0.0   5.2  0.18   0.6  17.9   22:14   SSW
 9  75.1  87.1   15:24  67.1   05:16   0.0   3.0  0.01   0.6  15.5   16:40    SW
10  72.0  81.5   16:17  64.0   06:02   0.0   1.1  0.00   0.6  11.9   08:51    NE
11  73.0  84.2   15:52  62.2   05:35   0.0   2.3  0.00   0.5   8.3   08:48   NNW
12  74.6  87.8   15:02  61.6   05:44   0.0   3.7  0.00   0.5   9.5   12:00     S
13  74.0  83.4   14:42  67.4   05:57   0.0   1.6  0.40   0.6  19.0   19:32   SSE
14  73.6  82.2   12:27  68.7   04:36   0.0   0.9  0.16   0.1   8.3   01:04   SSW
15  75.1  82.5   11:25  71.0   00:14   0.0   1.8  0.18   0.0   6.0   11:01    SW
16  70.9  80.6   16:42  61.2   07:02   0.0   0.7  1.95   0.3  14.3   05:25    NE
17  69.6  79.9   15:01  60.0   05:05   0.0   0.8  0.00   0.5   9.5   19:57    NW
18  68.2  80.9   15:54  54.6   05:22   0.0   1.1  0.00   0.3  10.7   11:22   WNW
19  67.7  77.5   15:50  59.2   05:22   0.0   0.3  0.00   0.2   6.0   10:17   ESE
20  69.3  80.1   16:25  59.7   05:46   0.0   0.7  0.04   0.4   7.1   13:37     E
21  73.0  86.0   14:29  58.8   05:19   0.0   3.0  0.00   0.2   7.1   14:55     S
22  77.7  88.4   15:30  65.3   04:25   0.0   5.0  0.00   0.5  11.9   15:53   SSW
23  79.1  90.1   13:22  70.2   21:53   0.0   5.5  0.34   0.6  17.9   20:11   SSW
24  71.2  77.9   15:46  64.6   23:58   0.0   0.4  0.00   1.2  16.7   08:55   NNE
25  69.1  80.9   15:43  57.2   06:11   0.0   1.0  0.00   0.2   6.0   09:16   WNW
26  70.6  79.4   17:09  61.6   02:26   0.0   0.7  0.00   0.4  10.7   10:11    SW
27  74.8  85.4   16:36  65.9   04:53   0.0   2.8  0.26   0.3   9.5   09:46     S
28  72.3  83.1   15:05  65.5   23:55   0.0   1.1  0.07   1.0  19.0   15:42    SW
29  67.5  74.7   14:31  59.1   05:52   0.0   0.0  0.00   0.3   8.3   00:40   WSW
30  68.1  78.3   15:23  58.9   06:12   0.0   0.4  0.00   0.2   8.3   15:53     S
31  68.7  80.6   15:08  57.9   05:23   0.0   0.9  0.02   0.3  11.9   12:45     S
----------------------------------------------------------------------------------
    72.6  91.1     2    54.6    18     0.0  66.1  8.85   0.5  25.0     7      SW

Max >=  80.0: 24
Max <=  32.0:  0
Min <=  32.0:  0
Min <=   0.0:  0
Max Rain: 2.80 on day 2
Days of Rain: 15 (>= 0.01 in)  11 (>= 0.10 in)  3 (>= 1.00 in)
Heat Base: 55.0  Cool Base: 75.0  Method: Integration