27°F
Crown Heights Area, Poughkeepsie, NY, USA
UpdatedDec-16-2017 23:03 
 

NOAA-Style Climate Reports

Select a Year or Month report
2017: Jan Feb Mar Apr May Jun Jul Aug Sep Oct Nov Dec
2016: Jan Feb Mar Apr May Jun Jul Aug Sep Oct Nov Dec
2015: Jan Feb Mar Apr May Jun Jul Aug Sep Oct Nov Dec
2014: Jan Feb Mar Apr May Jun Jul Aug Sep Oct Nov Dec
2013: Jan Feb Mar Apr May Jun Jul Aug Sep Oct Nov Dec
2012: Jan Feb Mar Apr May Jun Jul Aug Sep Oct Nov Dec
2011: Jan Feb Mar Apr May Jun Jul Aug Sep Oct Nov Dec
2010: Jan Feb Mar Apr May Jun Jul Aug Sep Oct Nov Dec
2009: Jan Feb Mar Apr May Jun Jul Aug Sep Oct Nov Dec
2008: Jan Feb Mar Apr May Jun Jul Aug Sep Oct Nov Dec
2007: Jan Feb Mar Apr May Jun Jul Aug Sep Oct Nov Dec
2006: Jan Feb Mar Apr May Jun Jul Aug Sep Oct Nov Dec

Report for 2015 May
                   Monthly Climatological Summary for May 2015

Name: AR573   City: Poughkeepsie   State: New York
Elevation: 308 ft  Lat: N 41° 37' 04"   Lon: W 073° 55' 28"

                  Temperature (°F), Rain (in), Wind Speed (mph)

                                      Heat  Cool        Avg
    Mean                              Deg   Deg         Wind                 Dom
Day Temp  High   Time   Low    Time   Days  Days  Rain  Speed High   Time    Dir
----------------------------------------------------------------------------------
 1  55.8  65.5   14:38  47.5   05:33   2.2   0.0  0.00   1.2  10.8   14:19     E
 2  59.2  75.0   15:37  42.6   05:44   2.8   0.0  0.00   1.2  20.3   14:22     N
 3  63.4  80.1   13:51  43.8   05:15   2.4   0.8  0.00   0.4  10.8   13:54    SE
 4  71.4  87.2   14:38  53.1   05:43   0.1   3.4  0.00   1.2  19.1   13:33     S
 5  73.0  82.1   15:10  64.5   05:26   0.0   1.7  0.00   1.4  13.2   21:59   NNE
 6  63.6  70.9   15:56  54.9   07:59   0.0   0.0  0.01   0.8  12.0   04:57     N
 7  66.3  83.6   17:08  48.4   05:22   1.1   1.8  0.00   0.7  10.8   14:56   SSW
 8  72.1  89.2   15:50  53.5   05:13   0.1   4.0  0.00   0.8  12.0   17:58     S
 9  66.6  78.1   16:01  56.7   05:31   0.0   0.3  0.00   0.9  16.7   15:12     S
10  74.7  87.8   15:53  62.3   00:23   0.0   3.8  0.00   1.1  17.9   13:04     S
11  75.5  88.3   14:14  64.5   06:30   0.0   3.5  0.00   1.2  15.5   17:09     S
12  72.9  85.6   14:22  59.6   23:57   0.0   2.8  0.00   1.8  25.1   17:11    SW
13  57.7  66.6   12:20  48.2   23:59   0.7   0.0  0.00   2.1  21.5   01:11    NW
14  57.3  71.5   16:31  40.0   04:52   3.7   0.0  0.00   0.5   8.4   09:46     N
15  59.4  74.5   16:47  41.9   05:23   2.8   0.0  0.00   0.4  12.0   19:23   SSE
16  63.7  75.7   15:55  52.7   05:38   0.2   0.0  0.99   0.3   8.4   23:21   SSE
17  73.5  85.5   16:08  63.1   05:27   0.0   2.9  0.00   0.4   9.6   13:35     W
18  64.4  68.9   14:43  59.3   23:47   0.0   0.0  0.00   0.7  14.4   07:16   ESE
19  65.8  81.9   17:53  56.2   05:19   0.0   0.9  0.00   0.7  19.1   22:34     E
20  54.8  59.8   16:40  48.4   23:51   1.5   0.0  0.00   1.5  17.9   15:18     N
21  55.2  66.1   14:07  44.2   03:58   3.4   0.0  0.00   0.4  12.0   13:43   SSW
22  60.9  71.2   13:06  49.3   05:44   0.8   0.0  0.00   1.7  25.1   15:36    SW
23  55.7  68.4   16:45  42.5   05:29   3.1   0.0  0.00   1.1  15.5   00:56   WSW
24  65.5  81.9   16:00  45.6   03:45   1.9   1.4  0.00   0.8  13.2   13:17   SSW
25  73.2  87.6   15:40  59.6   05:05   0.0   3.3  0.00   0.7  13.2   14:05    SE
26  75.2  90.0   14:27  65.4   05:37   0.0   3.1  0.01   0.5  12.0   13:04   SSW
27  73.3  85.6   14:22  66.1   23:18   0.0   2.5  0.57   0.7  29.9   17:43   SSE
28  74.4  86.5   16:07  65.0   23:55   0.0   3.3  0.01   0.9  15.6   14:18    SW
29  70.6  83.6   15:43  57.1   06:10   0.0   1.8  0.00   0.5   9.6   13:26   WSW
30  74.1  87.1   14:58  62.1   04:10   0.0   3.0  0.00   0.8  18.0   15:15   SSE
31  63.5  74.5   11:22  51.5   22:55   0.6   0.0  0.73   1.1  15.6   13:06     N
----------------------------------------------------------------------------------
    66.2  90.0    26    40.0    14    27.4  44.3  2.32   0.9  29.9    27     SSW

Max >=  80.0: 17
Max <=  32.0:  0
Min <=  32.0:  0
Min <=   0.0:  0
Max Rain: 0.99 on day 16
Days of Rain: 6 (>= 0.01 in)  3 (>= 0.10 in)  0 (>= 1.00 in)
Heat Base: 55.0  Cool Base: 75.0  Method: Integration