70°F
Crown Heights Area, Poughkeepsie, NY, USA
UpdatedOct-24-2017 01:40 
 

NOAA-Style Climate Reports

Select a Year or Month report
2017: Jan Feb Mar Apr May Jun Jul Aug Sep Oct Nov Dec
2016: Jan Feb Mar Apr May Jun Jul Aug Sep Oct Nov Dec
2015: Jan Feb Mar Apr May Jun Jul Aug Sep Oct Nov Dec
2014: Jan Feb Mar Apr May Jun Jul Aug Sep Oct Nov Dec
2013: Jan Feb Mar Apr May Jun Jul Aug Sep Oct Nov Dec
2012: Jan Feb Mar Apr May Jun Jul Aug Sep Oct Nov Dec
2011: Jan Feb Mar Apr May Jun Jul Aug Sep Oct Nov Dec
2010: Jan Feb Mar Apr May Jun Jul Aug Sep Oct Nov Dec
2009: Jan Feb Mar Apr May Jun Jul Aug Sep Oct Nov Dec
2008: Jan Feb Mar Apr May Jun Jul Aug Sep Oct Nov Dec
2007: Jan Feb Mar Apr May Jun Jul Aug Sep Oct Nov Dec
2006: Jan Feb Mar Apr May Jun Jul Aug Sep Oct Nov Dec

Report for 2016 September
                   Monthly Climatological Summary for Sep 2016

Name: AR573   City: Poughkeepsie   State: New York
Elevation: 308 ft  Lat: N 41° 37' 04"   Lon: W 073° 55' 28"

                  Temperature (°F), Rain (in), Wind Speed (mph)

                                      Heat  Cool        Avg
    Mean                              Deg   Deg         Wind                 Dom
Day Temp  High   Time   Low    Time   Days  Days  Rain  Speed High   Time    Dir
----------------------------------------------------------------------------------
 1  72.2  81.9   15:16  66.2   23:55   0.0   0.1  0.12   0.5  10.8   17:40     N
 2  68.9  78.8   15:12  58.3   06:03   0.1   0.0  0.00   0.9  16.8   10:55   NNE
 3  66.5  77.8   17:13  57.8   06:42   0.2   0.0  0.00   0.7   8.4   14:57     N
 4  68.3  81.5   16:14  56.2   05:59   0.7   0.1  0.00   0.7  13.2   15:20    NE
 5  69.7  82.9   15:15  56.3   07:05   0.4   0.3  0.00   1.1  16.8   15:59     N
 6  73.6  80.5   13:09  67.6   02:19   0.0   0.0  0.00   2.6  16.8   04:10   NNE
 7  74.4  82.6   16:57  67.6   06:23   0.0   0.2  0.00   0.9  12.0   16:27   NNE
 8  77.0  89.9   15:06  63.6   06:30   0.0   2.6  0.00   0.4   8.4   11:53     S
 9  81.3  92.0   16:01  74.2   02:25   0.0   2.9  0.00   0.2   8.4   15:09   WSW
10  78.7  89.1   15:12  68.3   07:15   0.0   1.9  0.15   0.3   8.4   13:19   SSE
11  74.4  81.8   15:12  58.7   23:40   0.0   0.1  0.04   0.9  15.6   08:37     W
12  64.5  78.3   16:14  48.9   06:24   2.0   0.0  0.00   0.3   8.4   14:08   WSW
13  67.9  82.3   14:16  53.4   06:27   1.4   0.3  0.00   0.5  13.2   13:21    SW
14  73.1  88.1   14:24  61.3   06:04   0.0   1.3  0.00   1.3  20.4   23:24   NNW
15  62.5  73.5   15:59  52.3   06:29   1.7   0.0  0.00   1.1  15.6   08:39     N
16  61.8  75.9   16:12  47.8   06:43   3.2   0.0  0.00   0.3   8.4   14:35   SSE
17  65.5  79.7   15:15  51.4   06:20   2.0   0.0  0.00   0.5   9.6   10:16    SE
18  72.3  79.7   14:05  67.3   00:00   0.0   0.0  0.02   0.1   8.4   12:03    SE
19  71.1  77.2   13:53  67.0   23:30   0.0   0.0  0.48   0.0   3.6   04:09   ---
20  70.8  81.8   15:19  64.3   23:59   0.0   0.1  0.01   0.0   6.0   13:21    SE
21  69.4  81.6   14:33  60.9   04:56   0.0   0.1  0.00   0.2  10.8   10:49   NNE
22  68.8  86.0   15:13  52.4   06:54   1.2   0.9  0.00   0.2   9.6   15:26   WSW
23  67.7  83.5   17:20  54.6   06:57   0.8   0.3  0.00   0.7  14.4   20:40     N
24  60.1  69.0   16:02  52.9   23:13   2.1   0.0  0.00   1.3  15.6   12:57   NNE
25  55.7  68.7   16:11  42.7   06:23   6.0   0.0  0.00   0.5  16.8   13:17   NNE
26  57.3  72.5   15:09  38.6   06:39   6.6   0.0  0.00   0.6  12.0   12:46    SE
27  64.0  74.5   16:10  55.8   23:59   0.4   0.0  0.40   0.1   7.2   15:53    SW
28  57.5  67.4   14:10  50.0   07:24   3.8   0.0  0.01   1.2  14.4   16:14     E
29  59.4  66.9   12:53  56.0   00:00   1.9   0.0  0.00   1.5  12.0   08:10     E
30  55.6  62.1   12:46  52.1   23:25   4.5   0.0  0.16   1.8  18.0   13:05    NE
----------------------------------------------------------------------------------
    67.7  92.0     9    38.6    26    39.0  11.2  1.39   0.7  20.4    14     NNE

Max >=  80.0: 15
Max <=  32.0:  0
Min <=  32.0:  0
Min <=   0.0:  0
Max Rain: 0.48 on day 19
Days of Rain: 9 (>= 0.01 in)  5 (>= 0.10 in)  0 (>= 1.00 in)
Heat Base: 60.0  Cool Base: 80.0  Method: Integration