28°F
Crown Heights Area, Poughkeepsie, NY, USA
UpdatedDec-17-2017 12:31 
 

NOAA-Style Climate Reports

Select a Year or Month report
2017: Jan Feb Mar Apr May Jun Jul Aug Sep Oct Nov Dec
2016: Jan Feb Mar Apr May Jun Jul Aug Sep Oct Nov Dec
2015: Jan Feb Mar Apr May Jun Jul Aug Sep Oct Nov Dec
2014: Jan Feb Mar Apr May Jun Jul Aug Sep Oct Nov Dec
2013: Jan Feb Mar Apr May Jun Jul Aug Sep Oct Nov Dec
2012: Jan Feb Mar Apr May Jun Jul Aug Sep Oct Nov Dec
2011: Jan Feb Mar Apr May Jun Jul Aug Sep Oct Nov Dec
2010: Jan Feb Mar Apr May Jun Jul Aug Sep Oct Nov Dec
2009: Jan Feb Mar Apr May Jun Jul Aug Sep Oct Nov Dec
2008: Jan Feb Mar Apr May Jun Jul Aug Sep Oct Nov Dec
2007: Jan Feb Mar Apr May Jun Jul Aug Sep Oct Nov Dec
2006: Jan Feb Mar Apr May Jun Jul Aug Sep Oct Nov Dec

Report for 2017 August
                   Monthly Climatological Summary for Aug 2017

Name: AR573   City: Poughkeepsie   State: New York
Elevation: 308 ft  Lat: N 41 37 04   Lon: W 073 55 27

                  Temperature (°F), Rain (in), Wind Speed (mph)

                                      Heat  Cool        Avg
    Mean                              Deg   Deg         Wind                 Dom
Day Temp  High   Time   Low    Time   Days  Days  Rain  Speed High   Time    Dir
----------------------------------------------------------------------------------
01  76.3  89.6   16:22  62.1   06:52   0.0   2.3  0.00   0.2   8.4   11:38    SW
02  70.8  89.4   13:24  64.6   05:58   0.0   1.1  0.79   0.2  13.2   15:41     W
03  73.5  87.9   16:29  62.2   04:20   0.0   1.4  0.01   0.2   8.4   18:29    SW
04  74.3  85.2   12:50  66.1   06:06   0.0   0.4  0.43   0.3   9.6   14:55   SSE
05  72.4  80.5   15:40  65.4   23:59   0.0   0.0  0.17   0.8  14.4   18:06    SW
06  67.4  77.4   16:22  57.4   04:59   0.2   0.0  0.00   0.6  10.8   11:52    SW
07  62.5  65.2   10:59  58.1   04:55   0.2   0.0  0.29   0.0   8.4   01:00    SW
08  68.6  79.6   17:45  61.6   06:29   0.0   0.0  0.02   0.2  12.0   10:42     N
09  63.7  75.4   20:35  56.7   06:21   0.3   0.0  0.00   0.0   3.6   22:30     N
10  73.1  86.9   15:21  61.0   06:40   0.0   1.0  0.00   0.1   4.8   10:38     W
11  71.2  82.2   15:30  63.0   04:50   0.0   0.1  0.88   0.1   8.4   14:58   SSW
12  70.3  81.9   15:37  61.2   06:07   0.0   0.1  0.94   0.3   7.2   13:34     S
13  74.0  83.4   15:22  65.7   23:58   0.0   0.5  0.00   0.2   8.4   13:44     W
14  69.2  79.5   14:50  58.4   05:43   0.1   0.0  0.00   0.0   3.6   10:06    SE
15  70.9  76.9   17:27  66.4   05:05   0.0   0.0  0.04   0.0   4.8   09:37     N
16  73.8  84.7   16:35  64.1   06:56   0.0   0.7  0.01   0.3  13.2   13:25   NNE
17  71.3  83.2   16:01  59.4   06:23   0.0   0.4  0.00   0.2   8.4   12:16     W
18  74.2  81.9   16:10  70.0   01:40   0.0   0.1  0.97   0.0   6.0   02:37   SSW
19  76.5  85.9   13:58  69.8   05:31   0.0   1.3  0.01   0.3  12.0   17:35    SW
20  73.3  83.8   17:30  62.7   05:48   0.0   0.4  0.00  ----  10.8   16:22   WSW
21  74.6  85.7   13:37  62.0   06:18   0.0   1.2  0.00  ----   8.4   12:42    SW
22  79.0  90.5   14:30  67.8   06:01   0.0   2.9  0.62  ----  19.2   22:41     S
23  72.1  79.8   15:59  60.6   23:41   0.0   0.0  0.13  ----  14.4   13:39    SW
24  66.9  77.6   16:11  55.2   06:30   0.8   0.0  0.00  ----   9.6   22:24   WNW
25  66.3  75.8   17:05  55.4   06:30   0.5   0.0  0.00  ----   7.2   09:53     N
26  63.9  75.9   15:51  50.9   06:38   1.7   0.0  0.00  ----   9.6   11:14   NNW
27  64.0  77.2   16:28  50.0   05:49   2.2   0.0  0.00  ----   7.2   12:28   NNE
28  63.8  74.8   14:55  53.6   06:03   1.3   0.0  0.00  ----   8.4   12:00     E
29  59.9  64.5   14:09  55.8   07:05   1.1   0.0  0.00  ----   8.4   19:52     N
30  66.3  78.3   17:13  56.6   06:49   0.7   0.0  0.01  ----   9.6   11:39     W
31  65.8  76.9   12:11  57.8   05:53   0.2   0.0  0.00  ----  10.8   10:55    SW
----------------------------------------------------------------------------------
    70.0  90.5    22    50.0    27     9.3  13.9  5.32   0.2  19.2    22      SW

Max >=  80.0 16
Max <=  32.0  0
Min <=  32.0  0
Min <=   0.0  0
Max Rain: 0.97 on day 18
Days of Rain: 15 (>= 0.01 in)  9 (>= 0.10 in)  0 (>= 1.00 in)
Heat Base: 60.0  Cool Base: 80.0  Method: Integration