27°F
Crown Heights Area, Poughkeepsie, NY, USA
UpdatedJan-18-2018 04:58 
 

NOAA-Style Climate Reports

Select a Year or Month report
2018: Jan Feb Mar Apr May Jun Jul Aug Sep Oct Nov Dec
2017: Jan Feb Mar Apr May Jun Jul Aug Sep Oct Nov Dec
2016: Jan Feb Mar Apr May Jun Jul Aug Sep Oct Nov Dec
2015: Jan Feb Mar Apr May Jun Jul Aug Sep Oct Nov Dec
2014: Jan Feb Mar Apr May Jun Jul Aug Sep Oct Nov Dec
2013: Jan Feb Mar Apr May Jun Jul Aug Sep Oct Nov Dec
2012: Jan Feb Mar Apr May Jun Jul Aug Sep Oct Nov Dec
2011: Jan Feb Mar Apr May Jun Jul Aug Sep Oct Nov Dec
2010: Jan Feb Mar Apr May Jun Jul Aug Sep Oct Nov Dec
2009: Jan Feb Mar Apr May Jun Jul Aug Sep Oct Nov Dec
2008: Jan Feb Mar Apr May Jun Jul Aug Sep Oct Nov Dec
2007: Jan Feb Mar Apr May Jun Jul Aug Sep Oct Nov Dec
2006: Jan Feb Mar Apr May Jun Jul Aug Sep Oct Nov Dec

Report for 2017 October
                   Monthly Climatological Summary for Oct 2017

Name: AR573   City: Poughkeepsie   State: New York
Elevation: 308 ft  Lat: N 41 37 04   Lon: W 073 55 27

                  Temperature (°F), Rain (in), Wind Speed (mph)

                                      Heat  Cool        Avg
    Mean                              Deg   Deg         Wind                 Dom
Day Temp  High   Time   Low    Time   Days  Days  Rain  Speed High   Time    Dir
----------------------------------------------------------------------------------
01  53.4  68.4   16:53  41.9   07:11   7.6   0.0  0.00   0.1   6.0   00:06   NNW
02  54.2  71.9   16:56  41.0   03:49   8.2   0.0  0.00   0.1   8.4   13:42   WNW
03  57.6  72.5   14:59  42.4   07:06   5.4   0.0  0.00   0.3   9.6   11:57    SW
04  63.3  78.7   16:39  48.5   03:38   3.2   0.0  0.00   0.6  12.0   10:08    SW
05  70.9  81.9   14:28  61.0   07:23   0.0   0.1  0.00   0.4   9.6   10:22    SW
06  67.2  78.9   14:26  56.9   07:48   0.1   0.0  0.00   0.3   9.6   14:25     W
07  68.5  78.8   15:24  59.1   04:02   0.1   0.0  0.00   0.4   9.6   17:54    SE
08  73.6  79.3   14:54  70.1   00:46   0.0   0.0  0.04   0.2   9.6   00:49     S
09  72.2  74.4   17:59  69.9   03:31   0.0   0.0  0.07   0.5  16.8   14:58   ESE
10  69.9  80.5   16:34  60.6   23:49   0.0   0.0  0.00   0.1   6.0   13:07   WNW
11  60.9  72.4   13:04  51.8   23:57   1.7   0.0  0.02   0.8  12.0   21:06     N
12  53.9  63.6   15:23  47.7   02:40   6.5   0.0  0.07   1.2  12.0   10:59    NE
13  54.3  64.7   14:10  44.5   03:04   6.5   0.0  0.00   0.3   9.6   15:29     E
14  62.1  71.6   15:38  57.2   03:42   1.0   0.0  0.00   0.1   7.2   14:05    SW
15  65.7  76.0   15:26  56.9   01:13   0.6   0.0  0.06   0.6  14.4   16:55    SW
16  54.7  65.4   00:00  42.5   23:54   5.6   0.0  0.02   1.3  15.6   11:44     N
17  46.6  59.5   15:43  36.2   07:57  13.4   0.0  0.00   0.2   8.4   00:40   NNW
18  55.9  72.7   15:42  42.8   02:54   6.7   0.0  0.00   0.2  13.2   08:19    SW
19  60.0  74.2   14:45  47.5   07:54   3.6   0.0  0.00   0.5  13.2   12:45    SW
20  61.3  73.9   15:00  52.0   07:53   2.3   0.0  0.00   0.4   9.6   15:41   WNW
21  59.5  79.0   14:52  43.5   08:11   5.4   0.0  0.00   0.0   6.0   15:08    SW
22  61.3  77.8   14:51  46.7   08:10   3.1   0.0  0.00  ----   7.2   15:39     S
23  62.9  71.6   14:55  51.4   03:20   2.7   0.0  0.00  ----  13.2   17:10   ESE
24  68.0  72.9   12:54  63.7   23:54   0.0   0.0  0.88  ----  24.0   16:54   ESE
25  59.9  64.4   15:22  53.0   08:10   1.0   0.0  0.00  ----   6.0   10:58    SW
26  53.9  59.4   14:53  46.3   23:48   6.1   0.0  0.00  ----  18.0   10:55     N
27  50.7  64.4   16:05  41.8   02:37   9.7   0.0  0.00  ----  12.0   00:28     W
28  56.9  68.2   14:08  45.1   08:10   4.9   0.0  0.00  ----  15.6   15:26    SE
29  61.1  62.8   16:58  59.0   00:00   0.1   0.0  1.15  ----  16.8   17:35   ESE
30  54.6  62.0   00:00  45.3   09:16   6.2   0.0  0.01  ----  28.8   11:33     S
31  47.9  55.9   14:03  40.6   23:08  12.1   0.0  0.00  ----  22.8   14:13    SW
----------------------------------------------------------------------------------
    60.1  81.9     5    36.2    17   123.8   0.1  2.32   0.4  28.8    30     WNW

Max >=  80.0  2
Max <=  32.0  0
Min <=  32.0  0
Min <=   0.0  0
Max Rain: 1.15 on day 29
Days of Rain: 9 (>= 0.01 in)  2 (>= 0.10 in)  1 (>= 1.00 in)
Heat Base: 60.0  Cool Base: 80.0  Method: Integration