NOAA-Style Climate Reports
Select a Year or Month report
2024: Jan Feb Mar Apr May Jun Jul Aug Sep Oct Nov Dec
2023: Jan Feb Mar Apr May Jun Jul Aug Sep Oct Nov Dec
2022: Jan Feb Mar Apr May Jun Jul Aug Sep Oct Nov Dec
2021: Jan Feb Mar Apr May Jun Jul Aug Sep Oct Nov Dec
2020: Jan Feb Mar Apr May Jun Jul Aug Sep Oct Nov Dec
2019: Jan Feb Mar Apr May Jun Jul Aug Sep Oct Nov Dec
2018: Jan Feb Mar Apr May Jun Jul Aug Sep Oct Nov Dec
2017: Jan Feb Mar Apr May Jun Jul Aug Sep Oct Nov Dec
2016: Jan Feb Mar Apr May Jun Jul Aug Sep Oct Nov Dec
2015: Jan Feb Mar Apr May Jun Jul Aug Sep Oct Nov Dec
2014: Jan Feb Mar Apr May Jun Jul Aug Sep Oct Nov Dec
2013: Jan Feb Mar Apr May Jun Jul Aug Sep Oct Nov Dec
2012: Jan Feb Mar Apr May Jun Jul Aug Sep Oct Nov Dec
2011: Jan Feb Mar Apr May Jun Jul Aug Sep Oct Nov Dec
2010: Jan Feb Mar Apr May Jun Jul Aug Sep Oct Nov Dec
2009: Jan Feb Mar Apr May Jun Jul Aug Sep Oct Nov Dec
2008: Jan Feb Mar Apr May Jun Jul Aug Sep Oct Nov Dec
2007: Jan Feb Mar Apr May Jun Jul Aug Sep Oct Nov Dec
2006: Jan Feb Mar Apr May Jun Jul Aug Sep Oct Nov Dec
2024: Jan Feb Mar Apr May Jun Jul Aug Sep Oct Nov Dec
2023: Jan Feb Mar Apr May Jun Jul Aug Sep Oct Nov Dec
2022: Jan Feb Mar Apr May Jun Jul Aug Sep Oct Nov Dec
2021: Jan Feb Mar Apr May Jun Jul Aug Sep Oct Nov Dec
2020: Jan Feb Mar Apr May Jun Jul Aug Sep Oct Nov Dec
2019: Jan Feb Mar Apr May Jun Jul Aug Sep Oct Nov Dec
2018: Jan Feb Mar Apr May Jun Jul Aug Sep Oct Nov Dec
2017: Jan Feb Mar Apr May Jun Jul Aug Sep Oct Nov Dec
2016: Jan Feb Mar Apr May Jun Jul Aug Sep Oct Nov Dec
2015: Jan Feb Mar Apr May Jun Jul Aug Sep Oct Nov Dec
2014: Jan Feb Mar Apr May Jun Jul Aug Sep Oct Nov Dec
2013: Jan Feb Mar Apr May Jun Jul Aug Sep Oct Nov Dec
2012: Jan Feb Mar Apr May Jun Jul Aug Sep Oct Nov Dec
2011: Jan Feb Mar Apr May Jun Jul Aug Sep Oct Nov Dec
2010: Jan Feb Mar Apr May Jun Jul Aug Sep Oct Nov Dec
2009: Jan Feb Mar Apr May Jun Jul Aug Sep Oct Nov Dec
2008: Jan Feb Mar Apr May Jun Jul Aug Sep Oct Nov Dec
2007: Jan Feb Mar Apr May Jun Jul Aug Sep Oct Nov Dec
2006: Jan Feb Mar Apr May Jun Jul Aug Sep Oct Nov Dec
Report for 2018 July
Monthly Climatological Summary for Jul 2018 Name: AR573 City: Poughkeepsie State: New York Elevation: 308 ft Lat: N 41 37 04 Lon: W 073 55 27 Temperature (°F), Rain (in), Wind Speed (mph) Heat Cool Avg Mean Deg Deg Wind Dom Day Temp High Time Low Time Days Days Rain Speed High Time Dir ---------------------------------------------------------------------------------- 01 84.2 96.6 16:01 71.2 05:33 0.0 6.0 0.00 0.1 7.2 15:16 SW 02 84.2 96.7 14:42 71.3 05:36 0.0 6.1 0.00 0.3 8.4 11:47 SSW 03 82.6 97.7 15:40 72.6 06:10 0.0 4.5 0.03 0.2 9.6 14:26 WSW 04 80.1 93.5 13:32 72.2 05:15 0.0 3.0 0.00 0.2 14.4 17:01 SW 05 80.3 92.4 15:42 70.4 05:16 0.0 3.4 0.00 0.4 9.6 10:40 SSW 06 76.9 83.8 15:47 65.9 23:55 0.0 0.3 0.10 0.8 13.2 12:59 WSW 07 68.5 80.4 16:33 54.2 05:42 0.6 0.0 0.00 0.6 10.8 00:50 NE 08 71.2 87.1 15:47 53.8 05:24 1.0 1.3 0.00 0.1 8.4 13:51 SW 09 76.2 90.7 16:22 58.6 05:29 0.1 3.0 0.00 0.3 9.6 14:50 SW 10 80.0 93.2 14:52 66.5 05:23 0.0 3.9 0.00 0.4 9.6 04:16 SW 11 76.6 87.4 15:17 67.2 05:59 0.0 1.2 0.00 0.7 12.0 13:55 NNE 12 73.3 86.2 15:45 60.2 07:02 0.0 1.2 0.00 0.4 10.8 13:37 NNE 13 75.6 89.7 14:46 60.2 05:28 0.0 2.5 0.00 0.2 8.4 08:35 SW 14 75.8 90.7 15:28 64.6 04:30 0.0 2.4 0.55 0.3 19.2 20:51 SSW 15 76.4 86.7 17:03 68.4 06:02 0.0 1.1 0.12 0.2 9.6 14:37 SW 16 80.8 94.9 15:22 69.1 05:33 0.0 4.1 0.00 0.3 12.0 17:28 SSW 17 75.6 89.3 12:48 67.9 23:36 0.0 1.3 2.01 0.4 25.2 13:33 SW 18 71.9 83.9 15:37 62.6 03:22 0.0 0.5 0.01 0.5 12.0 08:39 N 19 70.4 84.0 16:26 55.3 06:21 0.4 0.4 0.00 0.2 7.2 12:44 SW 20 72.4 86.9 15:32 58.3 05:31 0.1 1.1 0.00 0.3 8.4 12:25 SSE 21 68.5 78.4 12:28 58.1 05:25 0.1 0.0 0.00 0.9 20.4 23:09 E 22 72.1 82.4 14:24 63.6 01:36 0.0 0.2 0.54 1.8 19.2 00:26 E 23 75.1 79.9 15:06 72.1 00:00 0.0 0.0 0.90 0.4 10.8 17:54 ESE 24 78.5 85.8 14:37 73.2 02:55 0.0 1.2 0.00 1.3 14.4 09:33 ESE 25 74.4 79.3 12:30 69.2 22:37 0.0 0.0 1.15 0.4 14.4 02:43 ESE 26 77.1 88.7 16:27 69.2 04:26 0.0 1.9 0.02 0.1 7.2 09:47 WSW 27 75.6 89.3 13:10 66.1 21:01 0.0 1.6 0.55 0.4 18.0 19:15 SSW 28 73.3 85.4 13:41 64.8 05:00 0.0 0.3 0.63 0.2 7.2 13:04 S 29 73.5 83.2 17:00 64.2 06:10 0.0 0.3 0.00 0.1 7.2 09:30 WSW 30 70.9 82.3 11:46 59.7 05:27 0.0 0.1 0.00 0.0 4.8 14:57 ENE 31 73.0 83.9 13:19 62.7 05:52 0.0 0.5 0.00 0.1 6.0 13:37 SW ---------------------------------------------------------------------------------- 75.6 97.7 3 53.8 8 2.3 53.4 6.61 0.4 25.2 17 SSE Max >= 80.0 28 Max <= 32.0 0 Min <= 32.0 0 Min <= 0.0 0 Max Rain: 2.01 on day 17 Days of Rain: 12 (>= 0.01 in) 9 (>= 0.10 in) 2 (>= 1.00 in) Heat Base: 60.0 Cool Base: 80.0 Method: Integration