NOAA-Style Climate Reports
Select a Year or Month report
2024: Jan Feb Mar Apr May Jun Jul Aug Sep Oct Nov Dec
2023: Jan Feb Mar Apr May Jun Jul Aug Sep Oct Nov Dec
2022: Jan Feb Mar Apr May Jun Jul Aug Sep Oct Nov Dec
2021: Jan Feb Mar Apr May Jun Jul Aug Sep Oct Nov Dec
2020: Jan Feb Mar Apr May Jun Jul Aug Sep Oct Nov Dec
2019: Jan Feb Mar Apr May Jun Jul Aug Sep Oct Nov Dec
2018: Jan Feb Mar Apr May Jun Jul Aug Sep Oct Nov Dec
2017: Jan Feb Mar Apr May Jun Jul Aug Sep Oct Nov Dec
2016: Jan Feb Mar Apr May Jun Jul Aug Sep Oct Nov Dec
2015: Jan Feb Mar Apr May Jun Jul Aug Sep Oct Nov Dec
2014: Jan Feb Mar Apr May Jun Jul Aug Sep Oct Nov Dec
2013: Jan Feb Mar Apr May Jun Jul Aug Sep Oct Nov Dec
2012: Jan Feb Mar Apr May Jun Jul Aug Sep Oct Nov Dec
2011: Jan Feb Mar Apr May Jun Jul Aug Sep Oct Nov Dec
2010: Jan Feb Mar Apr May Jun Jul Aug Sep Oct Nov Dec
2009: Jan Feb Mar Apr May Jun Jul Aug Sep Oct Nov Dec
2008: Jan Feb Mar Apr May Jun Jul Aug Sep Oct Nov Dec
2007: Jan Feb Mar Apr May Jun Jul Aug Sep Oct Nov Dec
2006: Jan Feb Mar Apr May Jun Jul Aug Sep Oct Nov Dec
2024: Jan Feb Mar Apr May Jun Jul Aug Sep Oct Nov Dec
2023: Jan Feb Mar Apr May Jun Jul Aug Sep Oct Nov Dec
2022: Jan Feb Mar Apr May Jun Jul Aug Sep Oct Nov Dec
2021: Jan Feb Mar Apr May Jun Jul Aug Sep Oct Nov Dec
2020: Jan Feb Mar Apr May Jun Jul Aug Sep Oct Nov Dec
2019: Jan Feb Mar Apr May Jun Jul Aug Sep Oct Nov Dec
2018: Jan Feb Mar Apr May Jun Jul Aug Sep Oct Nov Dec
2017: Jan Feb Mar Apr May Jun Jul Aug Sep Oct Nov Dec
2016: Jan Feb Mar Apr May Jun Jul Aug Sep Oct Nov Dec
2015: Jan Feb Mar Apr May Jun Jul Aug Sep Oct Nov Dec
2014: Jan Feb Mar Apr May Jun Jul Aug Sep Oct Nov Dec
2013: Jan Feb Mar Apr May Jun Jul Aug Sep Oct Nov Dec
2012: Jan Feb Mar Apr May Jun Jul Aug Sep Oct Nov Dec
2011: Jan Feb Mar Apr May Jun Jul Aug Sep Oct Nov Dec
2010: Jan Feb Mar Apr May Jun Jul Aug Sep Oct Nov Dec
2009: Jan Feb Mar Apr May Jun Jul Aug Sep Oct Nov Dec
2008: Jan Feb Mar Apr May Jun Jul Aug Sep Oct Nov Dec
2007: Jan Feb Mar Apr May Jun Jul Aug Sep Oct Nov Dec
2006: Jan Feb Mar Apr May Jun Jul Aug Sep Oct Nov Dec
Report for 2018 August
Monthly Climatological Summary for Aug 2018 Name: AR573 City: Poughkeepsie State: New York Elevation: 308 ft Lat: N 41 37 04 Lon: W 073 55 27 Temperature (°F), Rain (in), Wind Speed (mph) Heat Cool Avg Mean Deg Deg Wind Dom Day Temp High Time Low Time Days Days Rain Speed High Time Dir ---------------------------------------------------------------------------------- 01 74.9 87.0 17:19 66.3 02:21 0.0 0.8 0.74 0.0 8.4 22:58 SSW 02 76.7 87.6 12:22 70.6 05:43 0.0 1.2 1.88 0.4 10.8 02:48 SW 03 74.5 87.3 14:57 69.5 05:38 0.0 0.8 0.83 0.2 15.6 16:00 S 04 76.3 88.0 17:32 69.2 05:38 0.0 1.7 0.60 0.2 7.2 15:55 WNW 05 78.7 92.3 13:53 65.2 05:37 0.0 3.7 0.00 0.1 4.8 12:43 SW 06 80.4 92.8 16:10 69.0 05:26 0.0 3.9 0.00 0.1 7.2 14:06 SW 07 80.2 92.9 13:48 72.1 05:29 0.0 3.4 0.01 0.4 12.0 18:26 SW 08 77.8 89.8 13:51 68.6 05:15 0.0 2.1 0.01 0.1 8.4 21:31 WSW 09 77.8 89.0 13:43 69.4 05:46 0.0 2.2 0.00 0.2 9.6 11:29 WSW 10 74.9 88.3 13:28 63.0 05:31 0.0 1.4 0.00 0.1 6.0 07:30 WSW 11 69.5 73.7 15:40 67.1 05:44 0.0 0.0 1.43 0.0 3.6 00:30 NW 12 72.0 81.8 16:40 66.7 07:06 0.0 0.1 0.37 0.1 8.4 20:36 NE 13 70.2 74.2 11:56 67.4 05:39 0.0 0.0 0.57 0.0 8.4 11:37 E 14 73.8 84.3 13:20 68.2 22:43 0.0 0.3 0.46 0.2 8.4 12:45 SSW 15 77.3 90.6 16:18 64.9 05:27 0.0 2.6 0.00 0.1 8.4 14:12 SW 16 79.4 90.2 17:02 68.8 05:35 0.0 2.8 0.00 0.1 7.2 14:47 SW 17 76.6 89.9 14:56 69.1 05:30 0.0 1.2 2.49 0.2 20.4 21:49 S 18 73.0 86.0 13:57 66.7 23:53 0.0 0.6 0.44 0.5 14.4 15:06 NNW 19 70.1 76.7 14:40 65.0 05:00 0.0 0.0 0.00 0.8 14.4 13:33 E 20 70.4 79.4 13:06 63.7 03:55 0.0 0.0 0.00 0.2 6.0 08:37 ENE 21 71.0 80.2 15:56 65.0 04:56 0.0 0.0 0.00 0.4 12.0 21:35 ESE 22 73.0 83.2 16:16 66.7 04:41 0.0 0.3 0.76 0.7 14.4 13:37 SSW 23 69.6 80.0 15:11 61.1 07:16 0.0 0.0 0.00 0.3 14.4 11:10 WNW 24 70.8 84.8 15:04 57.2 07:04 0.1 0.8 0.00 0.2 7.2 14:52 SW 25 69.8 82.0 14:42 59.6 05:00 0.0 0.1 0.00 0.1 10.8 15:17 SW 26 72.2 85.5 15:36 59.6 04:57 0.0 0.6 0.00 0.4 13.2 12:58 SW 27 78.1 87.9 17:05 69.2 06:57 0.0 1.8 0.00 0.3 9.6 14:14 SW 28 82.9 94.1 15:34 73.7 03:57 0.0 4.6 0.00 0.5 10.8 16:01 SW 29 83.5 94.6 14:36 74.4 04:47 0.0 4.8 0.00 0.6 12.0 16:17 SW 30 79.3 88.5 16:57 68.2 23:59 0.0 1.9 0.00 0.3 12.0 22:38 N 31 67.0 72.6 14:48 62.2 04:43 0.0 0.0 0.03 0.0 8.4 04:24 NE ---------------------------------------------------------------------------------- 74.9 94.6 29 57.2 24 0.1 43.7 10.62 0.2 20.4 17 SW Max >= 80.0 26 Max <= 32.0 0 Min <= 32.0 0 Min <= 0.0 0 Max Rain: 2.49 on day 17 Days of Rain: 14 (>= 0.01 in) 11 (>= 0.10 in) 3 (>= 1.00 in) Heat Base: 60.0 Cool Base: 80.0 Method: Integration