NOAA-Style Climate Reports
Select a Year or Month report
2024: Jan Feb Mar Apr May Jun Jul Aug Sep Oct Nov Dec
2023: Jan Feb Mar Apr May Jun Jul Aug Sep Oct Nov Dec
2022: Jan Feb Mar Apr May Jun Jul Aug Sep Oct Nov Dec
2021: Jan Feb Mar Apr May Jun Jul Aug Sep Oct Nov Dec
2020: Jan Feb Mar Apr May Jun Jul Aug Sep Oct Nov Dec
2019: Jan Feb Mar Apr May Jun Jul Aug Sep Oct Nov Dec
2018: Jan Feb Mar Apr May Jun Jul Aug Sep Oct Nov Dec
2017: Jan Feb Mar Apr May Jun Jul Aug Sep Oct Nov Dec
2016: Jan Feb Mar Apr May Jun Jul Aug Sep Oct Nov Dec
2015: Jan Feb Mar Apr May Jun Jul Aug Sep Oct Nov Dec
2014: Jan Feb Mar Apr May Jun Jul Aug Sep Oct Nov Dec
2013: Jan Feb Mar Apr May Jun Jul Aug Sep Oct Nov Dec
2012: Jan Feb Mar Apr May Jun Jul Aug Sep Oct Nov Dec
2011: Jan Feb Mar Apr May Jun Jul Aug Sep Oct Nov Dec
2010: Jan Feb Mar Apr May Jun Jul Aug Sep Oct Nov Dec
2009: Jan Feb Mar Apr May Jun Jul Aug Sep Oct Nov Dec
2008: Jan Feb Mar Apr May Jun Jul Aug Sep Oct Nov Dec
2007: Jan Feb Mar Apr May Jun Jul Aug Sep Oct Nov Dec
2006: Jan Feb Mar Apr May Jun Jul Aug Sep Oct Nov Dec
2024: Jan Feb Mar Apr May Jun Jul Aug Sep Oct Nov Dec
2023: Jan Feb Mar Apr May Jun Jul Aug Sep Oct Nov Dec
2022: Jan Feb Mar Apr May Jun Jul Aug Sep Oct Nov Dec
2021: Jan Feb Mar Apr May Jun Jul Aug Sep Oct Nov Dec
2020: Jan Feb Mar Apr May Jun Jul Aug Sep Oct Nov Dec
2019: Jan Feb Mar Apr May Jun Jul Aug Sep Oct Nov Dec
2018: Jan Feb Mar Apr May Jun Jul Aug Sep Oct Nov Dec
2017: Jan Feb Mar Apr May Jun Jul Aug Sep Oct Nov Dec
2016: Jan Feb Mar Apr May Jun Jul Aug Sep Oct Nov Dec
2015: Jan Feb Mar Apr May Jun Jul Aug Sep Oct Nov Dec
2014: Jan Feb Mar Apr May Jun Jul Aug Sep Oct Nov Dec
2013: Jan Feb Mar Apr May Jun Jul Aug Sep Oct Nov Dec
2012: Jan Feb Mar Apr May Jun Jul Aug Sep Oct Nov Dec
2011: Jan Feb Mar Apr May Jun Jul Aug Sep Oct Nov Dec
2010: Jan Feb Mar Apr May Jun Jul Aug Sep Oct Nov Dec
2009: Jan Feb Mar Apr May Jun Jul Aug Sep Oct Nov Dec
2008: Jan Feb Mar Apr May Jun Jul Aug Sep Oct Nov Dec
2007: Jan Feb Mar Apr May Jun Jul Aug Sep Oct Nov Dec
2006: Jan Feb Mar Apr May Jun Jul Aug Sep Oct Nov Dec
Report for 2018 December
Monthly Climatological Summary for Dec 2018 Name: AR573 City: Poughkeepsie State: New York Elevation: 308 ft Lat: N 41 37 04 Lon: W 073 55 27 Temperature (°F), Rain (in), Wind Speed (mph) Heat Cool Avg Mean Deg Deg Wind Dom Day Temp High Time Low Time Days Days Rain Speed High Time Dir ---------------------------------------------------------------------------------- 01 35.4 40.4 14:07 29.8 07:59 24.6 0.0 0.13 0.3 6.0 11:28 NNE 02 40.9 45.8 23:58 36.9 02:13 19.1 0.0 0.14 0.6 9.6 01:11 NW 03 47.2 52.6 09:48 39.3 23:27 12.8 0.0 0.00 1.4 24.0 10:29 SW 04 33.6 39.5 00:06 25.0 22:42 26.4 0.0 0.00 3.2 16.8 11:16 N 05 27.2 35.1 14:12 22.2 07:52 32.8 0.0 0.00 0.5 7.2 10:06 N 06 31.2 39.2 12:59 24.9 02:00 28.7 0.0 0.00 0.5 13.2 20:34 SW 07 30.7 37.0 12:02 22.2 23:49 29.3 0.0 0.00 1.4 20.4 12:41 WNW 08 24.7 30.4 15:07 20.1 02:11 35.3 0.0 0.00 0.3 7.2 11:47 ENE 09 26.9 32.8 12:27 22.7 01:39 33.1 0.0 0.00 0.4 12.0 21:20 SSW 10 28.5 36.9 14:35 22.2 02:01 31.5 0.0 0.00 1.2 13.2 10:44 N 11 28.0 37.6 14:26 21.7 08:27 32.0 0.0 0.00 0.5 12.0 19:14 N 12 31.7 38.1 14:17 26.1 08:11 28.3 0.0 0.00 0.5 8.4 17:33 NNW 13 26.7 30.8 23:55 25.3 02:24 33.3 0.0 0.00 1.9 9.6 12:41 NNW 14 37.8 43.1 20:31 30.4 00:02 22.2 0.0 0.00 0.4 4.8 00:00 NW 15 43.1 47.3 15:42 37.9 23:59 16.9 0.0 0.01 2.0 16.8 20:12 N 16 35.1 37.9 00:00 33.4 09:08 24.9 0.0 0.50 6.7 21.6 21:55 NNE 17 36.9 42.6 11:24 33.2 00:35 23.1 0.0 0.00 3.0 26.4 23:44 W 18 29.0 35.2 00:00 20.7 23:24 31.0 0.0 0.00 3.8 25.2 08:37 WNW 19 27.5 38.4 14:49 18.7 01:58 32.5 0.0 0.00 0.2 6.0 14:42 ENE 20 35.1 43.9 14:37 26.7 02:16 24.9 0.0 0.21 0.6 7.2 20:20 NW 21 52.9 59.9 09:38 39.0 00:08 7.1 0.0 0.42 3.0 18.0 21:59 SE 22 44.4 55.2 00:00 35.7 21:57 15.7 0.0 0.00 2.1 26.4 15:09 SW 23 35.1 41.5 14:28 31.6 22:33 24.9 0.0 0.00 1.0 20.4 00:33 W 24 35.0 41.3 13:48 30.9 01:35 25.0 0.0 0.04 0.7 13.2 13:35 SW 25 33.0 38.9 11:38 27.2 23:58 27.0 0.0 0.00 0.5 13.2 14:42 NW 26 30.9 37.6 12:09 24.6 02:07 29.1 0.0 0.00 0.3 9.6 12:12 SW 27 34.4 36.9 15:02 30.7 09:25 25.6 0.0 0.00 1.0 15.6 09:38 NE 28 44.3 52.0 20:15 36.1 00:00 15.7 0.0 0.40 0.2 9.6 12:32 SSE 29 44.9 52.0 00:00 31.3 23:58 15.1 0.0 0.00 1.4 22.8 14:29 WSW 30 30.1 32.8 14:50 26.2 08:37 29.9 0.0 0.00 0.3 6.0 02:31 NNE 31 34.5 40.4 23:59 27.7 02:18 25.5 0.0 0.99 0.5 9.6 16:52 SE ---------------------------------------------------------------------------------- 34.7 59.9 21 18.7 19 783.3 0.0 2.84 1.3 26.4 17 NW Max >= 80.0 0 Max <= 32.0 2 Min <= 32.0 23 Min <= 0.0 0 Max Rain: 0.99 on day 31 Days of Rain: 9 (>= 0.01 in) 7 (>= 0.10 in) 0 (>= 1.00 in) Heat Base: 60.0 Cool Base: 80.0 Method: Integration