NOAA-Style Climate Reports
Select a Year or Month report
2024: Jan Feb Mar Apr May Jun Jul Aug Sep Oct Nov Dec
2023: Jan Feb Mar Apr May Jun Jul Aug Sep Oct Nov Dec
2022: Jan Feb Mar Apr May Jun Jul Aug Sep Oct Nov Dec
2021: Jan Feb Mar Apr May Jun Jul Aug Sep Oct Nov Dec
2020: Jan Feb Mar Apr May Jun Jul Aug Sep Oct Nov Dec
2019: Jan Feb Mar Apr May Jun Jul Aug Sep Oct Nov Dec
2018: Jan Feb Mar Apr May Jun Jul Aug Sep Oct Nov Dec
2017: Jan Feb Mar Apr May Jun Jul Aug Sep Oct Nov Dec
2016: Jan Feb Mar Apr May Jun Jul Aug Sep Oct Nov Dec
2015: Jan Feb Mar Apr May Jun Jul Aug Sep Oct Nov Dec
2014: Jan Feb Mar Apr May Jun Jul Aug Sep Oct Nov Dec
2013: Jan Feb Mar Apr May Jun Jul Aug Sep Oct Nov Dec
2012: Jan Feb Mar Apr May Jun Jul Aug Sep Oct Nov Dec
2011: Jan Feb Mar Apr May Jun Jul Aug Sep Oct Nov Dec
2010: Jan Feb Mar Apr May Jun Jul Aug Sep Oct Nov Dec
2009: Jan Feb Mar Apr May Jun Jul Aug Sep Oct Nov Dec
2008: Jan Feb Mar Apr May Jun Jul Aug Sep Oct Nov Dec
2007: Jan Feb Mar Apr May Jun Jul Aug Sep Oct Nov Dec
2006: Jan Feb Mar Apr May Jun Jul Aug Sep Oct Nov Dec
2024: Jan Feb Mar Apr May Jun Jul Aug Sep Oct Nov Dec
2023: Jan Feb Mar Apr May Jun Jul Aug Sep Oct Nov Dec
2022: Jan Feb Mar Apr May Jun Jul Aug Sep Oct Nov Dec
2021: Jan Feb Mar Apr May Jun Jul Aug Sep Oct Nov Dec
2020: Jan Feb Mar Apr May Jun Jul Aug Sep Oct Nov Dec
2019: Jan Feb Mar Apr May Jun Jul Aug Sep Oct Nov Dec
2018: Jan Feb Mar Apr May Jun Jul Aug Sep Oct Nov Dec
2017: Jan Feb Mar Apr May Jun Jul Aug Sep Oct Nov Dec
2016: Jan Feb Mar Apr May Jun Jul Aug Sep Oct Nov Dec
2015: Jan Feb Mar Apr May Jun Jul Aug Sep Oct Nov Dec
2014: Jan Feb Mar Apr May Jun Jul Aug Sep Oct Nov Dec
2013: Jan Feb Mar Apr May Jun Jul Aug Sep Oct Nov Dec
2012: Jan Feb Mar Apr May Jun Jul Aug Sep Oct Nov Dec
2011: Jan Feb Mar Apr May Jun Jul Aug Sep Oct Nov Dec
2010: Jan Feb Mar Apr May Jun Jul Aug Sep Oct Nov Dec
2009: Jan Feb Mar Apr May Jun Jul Aug Sep Oct Nov Dec
2008: Jan Feb Mar Apr May Jun Jul Aug Sep Oct Nov Dec
2007: Jan Feb Mar Apr May Jun Jul Aug Sep Oct Nov Dec
2006: Jan Feb Mar Apr May Jun Jul Aug Sep Oct Nov Dec
Report for 2019 January
Monthly Climatological Summary for Jan 2019 Name: AR573 City: Poughkeepsie State: New York Elevation: 308 ft Lat: N 41 37 04 Lon: W 073 55 27 Temperature (°F), Rain (in), Wind Speed (mph) Heat Cool Avg Mean Deg Deg Wind Dom Day Temp High Time Low Time Days Days Rain Speed High Time Dir ---------------------------------------------------------------------------------- 01 42.8 53.1 09:57 34.9 23:53 17.2 0.0 0.10 1.7 22.8 10:07 W 02 31.7 35.0 00:00 26.9 08:12 28.3 0.0 0.00 0.7 10.8 09:34 ENE 03 34.9 42.0 11:30 30.4 02:30 25.1 0.0 0.01 0.8 13.2 11:01 WSW 04 36.8 44.0 14:32 30.4 01:55 23.2 0.0 0.00 0.6 13.2 15:38 SSW 05 37.9 39.8 02:02 36.5 09:38 22.1 0.0 0.66 1.4 14.4 09:44 NNW 06 36.5 43.4 11:14 25.6 23:43 23.5 0.0 0.01 2.9 25.2 22:10 NNW 07 23.1 26.4 23:56 17.4 08:10 36.9 0.0 0.00 2.1 16.8 00:29 N 08 31.3 36.0 23:07 26.4 00:00 28.7 0.0 0.22 1.3 10.8 23:21 ESE 09 36.7 42.1 10:37 31.2 23:57 23.3 0.0 0.08 2.7 25.2 15:22 SW 10 29.7 31.5 14:22 24.5 23:59 30.3 0.0 0.00 3.1 21.6 00:04 WSW 11 22.6 29.3 14:40 14.1 23:59 37.4 0.0 0.00 1.7 18.0 16:18 WNW 12 20.0 28.1 14:10 11.7 02:28 40.0 0.0 0.00 0.3 9.6 20:18 N 13 19.6 24.9 14:59 14.2 23:58 40.4 0.0 0.00 2.6 15.6 18:43 N 14 18.4 27.9 15:12 9.6 08:03 41.6 0.0 0.00 2.1 12.0 09:17 NNW 15 24.3 32.3 15:14 18.6 08:02 35.7 0.0 0.00 0.3 9.6 09:20 NNW 16 29.9 39.5 14:34 22.7 02:20 30.1 0.0 0.00 1.0 18.0 13:19 SW 17 23.1 26.9 14:35 16.6 08:13 36.9 0.0 0.00 0.5 9.6 00:05 N 18 28.7 35.4 15:03 22.0 02:36 31.3 0.0 0.03 0.1 14.4 15:58 SW 19 26.9 32.6 12:30 15.2 23:50 33.1 0.0 0.00 2.2 18.0 22:43 NNW 20 16.7 27.3 11:10 5.8 23:57 43.3 0.0 0.00 4.6 18.0 01:22 NNW 21 5.9 13.3 15:17 0.7 08:10 54.1 0.0 0.00 2.2 20.4 12:56 W 22 14.9 25.2 15:04 5.7 07:55 45.1 0.0 0.00 0.1 7.2 01:42 N 23 28.4 37.4 23:53 17.0 00:00 31.6 0.0 0.03 0.0 4.8 11:22 N 24 41.7 54.1 12:38 33.0 21:01 18.3 0.0 1.31 1.9 20.4 19:36 SSW 25 31.9 38.2 12:17 22.7 23:19 28.1 0.0 0.00 2.7 21.6 14:01 SW 26 24.6 32.2 14:41 19.5 02:50 35.4 0.0 0.00 1.1 19.2 13:21 W 27 32.2 43.8 14:14 19.4 02:41 27.8 0.0 0.00 1.2 20.4 13:15 S 28 22.0 31.5 00:00 15.3 23:57 38.0 0.0 0.00 3.5 16.8 09:19 N 29 21.1 28.4 22:34 13.1 02:27 38.9 0.0 0.00 1.0 8.4 18:01 NW 30 19.9 28.7 14:23 -0.4 23:53 40.1 0.0 0.00 2.0 29.9 16:03 SW 31 4.6 14.4 15:16 -3.4 03:30 55.4 0.0 0.00 1.5 15.6 10:43 SW ---------------------------------------------------------------------------------- 26.4 54.1 24 -3.4 31 1041.2 0.0 2.45 1.6 29.9 30 WNW Max >= 80.0 0 Max <= 32.0 14 Min <= 32.0 28 Min <= 0.0 2 Max Rain: 1.31 on day 24 Days of Rain: 9 (>= 0.01 in) 4 (>= 0.10 in) 1 (>= 1.00 in) Heat Base: 60.0 Cool Base: 80.0 Method: Integration