NOAA-Style Climate Reports
Select a Year or Month report
2024: Jan Feb Mar Apr May Jun Jul Aug Sep Oct Nov Dec
2023: Jan Feb Mar Apr May Jun Jul Aug Sep Oct Nov Dec
2022: Jan Feb Mar Apr May Jun Jul Aug Sep Oct Nov Dec
2021: Jan Feb Mar Apr May Jun Jul Aug Sep Oct Nov Dec
2020: Jan Feb Mar Apr May Jun Jul Aug Sep Oct Nov Dec
2019: Jan Feb Mar Apr May Jun Jul Aug Sep Oct Nov Dec
2018: Jan Feb Mar Apr May Jun Jul Aug Sep Oct Nov Dec
2017: Jan Feb Mar Apr May Jun Jul Aug Sep Oct Nov Dec
2016: Jan Feb Mar Apr May Jun Jul Aug Sep Oct Nov Dec
2015: Jan Feb Mar Apr May Jun Jul Aug Sep Oct Nov Dec
2014: Jan Feb Mar Apr May Jun Jul Aug Sep Oct Nov Dec
2013: Jan Feb Mar Apr May Jun Jul Aug Sep Oct Nov Dec
2012: Jan Feb Mar Apr May Jun Jul Aug Sep Oct Nov Dec
2011: Jan Feb Mar Apr May Jun Jul Aug Sep Oct Nov Dec
2010: Jan Feb Mar Apr May Jun Jul Aug Sep Oct Nov Dec
2009: Jan Feb Mar Apr May Jun Jul Aug Sep Oct Nov Dec
2008: Jan Feb Mar Apr May Jun Jul Aug Sep Oct Nov Dec
2007: Jan Feb Mar Apr May Jun Jul Aug Sep Oct Nov Dec
2006: Jan Feb Mar Apr May Jun Jul Aug Sep Oct Nov Dec
2024: Jan Feb Mar Apr May Jun Jul Aug Sep Oct Nov Dec
2023: Jan Feb Mar Apr May Jun Jul Aug Sep Oct Nov Dec
2022: Jan Feb Mar Apr May Jun Jul Aug Sep Oct Nov Dec
2021: Jan Feb Mar Apr May Jun Jul Aug Sep Oct Nov Dec
2020: Jan Feb Mar Apr May Jun Jul Aug Sep Oct Nov Dec
2019: Jan Feb Mar Apr May Jun Jul Aug Sep Oct Nov Dec
2018: Jan Feb Mar Apr May Jun Jul Aug Sep Oct Nov Dec
2017: Jan Feb Mar Apr May Jun Jul Aug Sep Oct Nov Dec
2016: Jan Feb Mar Apr May Jun Jul Aug Sep Oct Nov Dec
2015: Jan Feb Mar Apr May Jun Jul Aug Sep Oct Nov Dec
2014: Jan Feb Mar Apr May Jun Jul Aug Sep Oct Nov Dec
2013: Jan Feb Mar Apr May Jun Jul Aug Sep Oct Nov Dec
2012: Jan Feb Mar Apr May Jun Jul Aug Sep Oct Nov Dec
2011: Jan Feb Mar Apr May Jun Jul Aug Sep Oct Nov Dec
2010: Jan Feb Mar Apr May Jun Jul Aug Sep Oct Nov Dec
2009: Jan Feb Mar Apr May Jun Jul Aug Sep Oct Nov Dec
2008: Jan Feb Mar Apr May Jun Jul Aug Sep Oct Nov Dec
2007: Jan Feb Mar Apr May Jun Jul Aug Sep Oct Nov Dec
2006: Jan Feb Mar Apr May Jun Jul Aug Sep Oct Nov Dec
Report for 2019 May
Monthly Climatological Summary for May 2019 Name: AR573 City: Poughkeepsie State: New York Elevation: 308 ft Lat: N 41 37 04 Lon: W 073 55 27 Temperature (°F), Rain (in), Wind Speed (mph) Heat Cool Avg Mean Deg Deg Wind Dom Day Temp High Time Low Time Days Days Rain Speed High Time Dir ---------------------------------------------------------------------------------- 01 50.4 56.5 15:27 45.8 05:31 9.6 0.0 0.00 1.1 10.8 12:03 E 02 57.6 72.5 13:54 47.6 00:46 5.5 0.0 0.00 1.1 10.8 20:59 ESE 03 52.0 55.5 16:59 48.9 05:12 8.0 0.0 0.12 0.7 9.6 00:28 ESE 04 58.6 67.1 18:02 52.3 04:46 2.9 0.0 0.23 0.7 8.4 17:56 NNW 05 55.2 59.5 00:03 51.5 23:53 4.8 0.0 0.53 1.1 10.8 14:51 N 06 59.6 71.6 15:40 48.4 04:35 3.8 0.0 0.00 0.6 10.8 12:26 NW 07 59.4 77.5 16:15 47.8 05:58 4.0 0.0 0.15 0.9 22.8 17:34 SSW 08 58.8 69.7 16:26 49.0 04:03 3.7 0.0 0.00 1.0 13.2 10:56 N 09 53.9 62.2 14:23 47.3 05:25 6.2 0.0 0.00 1.4 13.2 12:43 E 10 60.5 74.3 17:29 51.4 04:43 3.4 0.0 0.19 0.8 13.2 22:13 SE 11 57.8 67.3 15:52 49.4 05:59 3.5 0.0 0.04 1.0 10.8 08:00 N 12 43.9 56.0 00:01 39.6 23:22 16.1 0.0 1.22 0.8 10.8 14:48 NNE 13 42.7 47.3 13:19 39.5 04:00 17.2 0.0 0.61 0.3 7.2 00:45 N 14 44.7 48.9 13:55 41.0 03:13 15.3 0.0 0.17 0.1 8.4 23:17 NNW 15 55.3 69.1 15:22 41.8 05:06 6.4 0.0 0.00 0.6 19.2 20:55 NNW 16 60.6 71.2 15:56 49.1 05:01 3.2 0.0 0.06 0.3 14.4 00:10 WSW 17 62.7 72.9 17:01 51.6 05:28 2.1 0.0 0.02 0.4 12.0 08:24 SW 18 63.9 75.6 16:56 50.2 05:28 1.8 0.0 0.00 0.3 8.4 00:03 NW 19 69.3 83.8 15:04 54.7 05:43 1.4 0.6 0.07 0.9 18.0 16:26 SE 20 71.4 82.3 12:33 63.6 05:34 0.0 0.1 0.19 0.7 13.2 16:45 SW 21 61.7 71.6 15:33 53.1 06:09 1.4 0.0 0.00 2.1 24.0 02:05 NNW 22 61.5 73.5 16:21 47.7 07:02 2.8 0.0 0.00 0.3 12.0 11:17 NNW 23 63.4 72.7 14:08 53.3 05:58 1.4 0.0 0.21 0.4 12.0 10:07 SSW 24 65.5 72.1 15:57 59.7 22:09 0.0 0.0 0.00 1.8 21.6 12:32 N 25 63.2 68.6 10:56 52.1 05:28 1.4 0.0 0.00 0.7 12.0 10:32 SW 26 69.6 88.3 15:32 55.9 02:04 0.7 1.2 0.04 1.0 16.8 17:32 SSW 27 70.2 80.9 17:12 58.8 04:48 0.1 0.0 0.00 0.3 10.8 09:21 NNW 28 60.4 64.4 00:00 56.3 05:56 0.7 0.0 1.83 0.3 13.2 09:06 ENE 29 60.2 68.7 14:12 52.4 06:37 1.4 0.0 0.79 0.0 6.0 08:16 E 30 61.3 71.5 16:01 55.2 02:24 1.3 0.0 0.10 0.1 7.2 17:11 ESE 31 69.9 81.9 16:02 60.1 04:14 0.0 0.1 0.02 0.5 13.2 14:36 SW ---------------------------------------------------------------------------------- 59.5 88.3 26 39.5 13 130.1 2.0 6.59 0.7 24.0 21 N Max >= 80.0 5 Max <= 32.0 0 Min <= 32.0 0 Min <= 0.0 0 Max Rain: 1.83 on day 28 Days of Rain: 19 (>= 0.01 in) 13 (>= 0.10 in) 2 (>= 1.00 in) Heat Base: 60.0 Cool Base: 80.0 Method: Integration